-- Table structure for table `provincia`
--

CREATE TABLE `provincia` (
  `codigodepartamento` char(4) NOT NULL,
  `codigoprovincia` char(4) NOT NULL,
  `codigopais` char(2) NOT NULL,
  `descripcionprovincia` varchar(50) DEFAULT NULL,
  `estadoprovincia` bit(1) NOT NULL
) ENGINE=InnoDB DEFAULT CHARSET=utf8mb4 COLLATE=utf8mb4_0900_ai_ci;

--
-- Dumping data for table `provincia`
--

INSERT INTO `provincia` VALUES ('01','0101','PE','Chachapoyas',_binary ''),('01','0101','PP','PROVINCIA NUEVO',_binary ''),('01','0102','PE','Bagua',_binary ''),('01','0103','PE','Bongara',_binary ''),('01','0104','PE','Condorcanqui',_binary ''),('01','0105','PE','Luya',_binary ''),('01','0106','PE','Rodríguez de Mendoza',_binary ''),('01','0107','PE','Utcubamba',_binary ''),('02','0201','PE','Huaraz',_binary ''),('02','0202','PE','Aija',_binary ''),('02','0203','PE','Antonio Raimondi',_binary ''),('02','0204','PE','Asunción',_binary ''),('02','0205','PE','Bolognesi',_binary ''),('02','0206','PE','Carhuaz',_binary ''),('02','0207','PE','Carlos Fermín Fitzcarrald',_binary ''),('02','0208','PE','Casma',_binary ''),('02','0209','PE','Corongo',_binary ''),('02','0210','PE','Huari',_binary ''),('02','0211','PE','Huarmey',_binary ''),('02','0212','PE','Huaylas',_binary ''),('02','0213','PE','Mariscal Luzuriaga',_binary ''),('02','0214','PE','Ocros',_binary ''),('02','0215','PE','Pallasca',_binary ''),('02','0216','PE','Pomabamba',_binary ''),('02','0217','PE','Recuay',_binary ''),('02','0218','PE','Santa',_binary ''),('02','0219','PE','Sihuas',_binary ''),('02','0220','PE','Yungay',_binary ''),('03','0301','PE','Abancay',_binary ''),('03','0302','PE','Andahuaylas',_binary ''),('03','0303','PE','Antabamba',_binary ''),('03','0304','PE','Aymaraes',_binary ''),('03','0305','PE','Cotabambas',_binary ''),('03','0306','PE','Chincheros',_binary ''),('03','0307','PE','Grau',_binary ''),('04','0401','PE','Arequipa',_binary ''),('04','0402','PE','Camaná',_binary ''),('04','0403','PE','Caravelí',_binary ''),('04','0404','PE','Castilla',_binary ''),('04','0405','PE','Caylloma',_binary ''),('04','0406','PE','Condesuyos',_binary ''),('04','0407','PE','Islay',_binary ''),('04','0408','PE','La Unión',_binary ''),('05','0501','PE','Huamanga',_binary ''),('05','0502','PE','Cangallo',_binary ''),('05','0503','PE','Huanca Sancos',_binary ''),('05','0504','PE','Huanta',_binary ''),('05','0505','PE','La Mar',_binary ''),('05','0506','PE','Lucanas',_binary ''),('05','0507','PE','Parinacochas',_binary ''),('05','0508','PE','Páucar del Sara Sara',_binary ''),('05','0509','PE','Sucre',_binary ''),('05','0510','PE','Víctor Fajardo',_binary ''),('05','0511','PE','Vilcashuamán',_binary ''),('06','0601','PE','Cajamarca',_binary ''),('06','0602','PE','Cajabamba',_binary ''),('06','0603','PE','Celendín',_binary ''),('06','0604','PE','Chota',_binary ''),('06','0605','PE','Contumazá',_binary ''),('06','0606','PE','Cutervo',_binary ''),('06','0607','PE','Hualgayoc',_binary ''),('06','0608','PE','Jaén',_binary ''),('06','0609','PE','San Ignacio',_binary ''),('06','0610','PE','San Marcos',_binary ''),('06','0611','PE','San Miguel',_binary ''),('06','0612','PE','San Pablo',_binary ''),('06','0613','PE','Santa Cruz',_binary ''),('07','0701','PE','Prov. Const. del Callao',_binary ''),('08','0801','PE','Cuzco',_binary ''),('08','0802','PE','Acomayo',_binary ''),('08','0803','PE','Anta',_binary ''),('08','0804','PE','Calca',_binary ''),('08','0805','PE','Canas',_binary ''),('08','0806','PE','Canchis',_binary ''),('08','0807','PE','Chumbivilcas',_binary ''),('08','0808','PE','Espinar',_binary ''),('08','0809','PE','La Convención',_binary ''),('08','0810','PE','Paruro',_binary ''),('08','0811','PE','Paucartambo',_binary ''),('08','0812','PE','Quispicanchi',_binary ''),('08','0813','PE','Urubamba',_binary ''),('09','0901','PE','Huancavelica',_binary ''),('09','0902','PE','Acobamba',_binary ''),('09','0903','PE','Angaraes',_binary ''),('09','0904','PE','Castrovirreyna',_binary ''),('09','0905','PE','Churcampa',_binary ''),('09','0906','PE','Huaytará',_binary ''),('09','0907','PE','Tayacaja',_binary ''),('10','1001','PE','Huánuco',_binary ''),('10','1002','PE','Ambo',_binary ''),('10','1003','PE','Dos de Mayo',_binary ''),('10','1004','PE','Huacaybamba',_binary ''),('10','1005','PE','Huamalíes',_binary ''),('10','1006','PE','Leoncio Prado',_binary ''),('10','1007','PE','Marañón',_binary ''),('10','1008','PE','Pachitea',_binary ''),('10','1009','PE','Puerto Inca',_binary ''),('10','1010','PE','Lauricocha',_binary ''),('10','1011','PE','Yarowilca',_binary ''),('11','1101','PE','Ica',_binary ''),('11','1102','PE','Chincha',_binary ''),('11','1103','PE','Nazca',_binary ''),('11','1104','PE','Palpa',_binary ''),('11','1105','PE','Pisco',_binary ''),('12','1201','PE','Huancayo',_binary ''),('12','1202','PE','Concepción',_binary ''),('12','1203','PE','Chanchamayo',_binary ''),('12','1204','PE','Jauja',_binary ''),('12','1205','PE','Junín',_binary ''),('12','1206','PE','Satipo',_binary ''),('12','1207','PE','Tarma',_binary ''),('12','1208','PE','Yauli',_binary ''),('12','1209','PE','Chupaca',_binary ''),('13','1301','PE','Trujillo',_binary ''),('13','1302','PE','Ascope',_binary ''),('13','1303','PE','Bolívar',_binary ''),('13','1304','PE','Chepén',_binary ''),('13','1305','PE','Julcán',_binary ''),('13','1306','PE','Otuzco',_binary ''),('13','1307','PE','Pacasmayo',_binary ''),('13','1308','PE','Pataz',_binary ''),('13','1309','PE','Sánchez Carrión',_binary ''),('13','1310','PE','Santiago de Chuco',_binary ''),('13','1311','PE','Gran Chimú',_binary ''),('13','1312','PE','Virú',_binary ''),('14','1401','PE','Chiclayo',_binary ''),('14','1402','PE','Ferreñafe',_binary ''),('14','1403','PE','Lambayeque',_binary ''),('15','1501','PE','Lima',_binary ''),('15','1502','PE','Barranca',_binary ''),('15','1503','PE','Cajatambo',_binary ''),('15','1504','PE','Canta',_binary ''),('15','1505','PE','Cañete',_binary ''),('15','1506','PE','Huaral',_binary ''),('15','1507','PE','Huarochirí',_binary ''),('15','1508','PE','Huaura',_binary ''),('15','1509','PE','Oyón',_binary ''),('15','1510','PE','Yauyos',_binary ''),('16','1601','PE','Maynas',_binary ''),('16','1602','PE','Alto Amazonas',_binary ''),('16','1603','PE','Loreto',_binary ''),('16','1604','PE','Mariscal Ramón Castilla',_binary ''),('16','1605','PE','Requena',_binary ''),('16','1606','PE','Ucayali',_binary ''),('16','1607','PE','Datem del Marañón',_binary ''),('16','1608','PE','Putumayo',_binary ''),('17','1701','PE','Tambopata',_binary ''),('17','1702','PE','Manu',_binary ''),('17','1703','PE','Tahuamanu',_binary ''),('18','1801','PE','Mariscal Nieto',_binary ''),('18','1802','PE','General Sánchez Cerro',_binary ''),('18','1803','PE','Ilo',_binary ''),('19','1901','PE','Pasco',_binary ''),('19','1902','PE','Daniel Alcides Carrión',_binary ''),('19','1903','PE','Oxapampa',_binary ''),('20','2001','PE','Piura',_binary ''),('20','2002','PE','Ayabaca',_binary ''),('20','2003','PE','Huancabamba',_binary ''),('20','2004','PE','Morropón',_binary ''),('20','2005','PE','Paita',_binary ''),('20','2006','PE','Sullana',_binary ''),('20','2007','PE','Talara',_binary ''),('20','2008','PE','Sechura',_binary ''),('21','2101','PE','Puno',_binary ''),('21','2102','PE','Azángaro',_binary ''),('21','2103','PE','Carabaya',_binary ''),('21','2104','PE','Chucuito',_binary ''),('21','2105','PE','El Collao',_binary ''),('21','2106','PE','Huancané',_binary ''),('21','2107','PE','Lampa',_binary ''),('21','2108','PE','Melgar',_binary ''),('21','2109','PE','Moho',_binary ''),('21','2110','PE','San Antonio de Putina',_binary ''),('21','2111','PE','San Román',_binary ''),('21','2112','PE','Sandia',_binary ''),('21','2113','PE','Yunguyo',_binary ''),('22','2201','PE','Moyobamba',_binary ''),('22','2202','PE','Bellavista',_binary ''),('22','2203','PE','El Dorado',_binary ''),('22','2204','PE','Huallaga',_binary ''),('22','2205','PE','Lamas',_binary ''),('22','2206','PE','Mariscal Cáceres',_binary ''),('22','2207','PE','Picota',_binary ''),('22','2208','PE','Rioja',_binary ''),('22','2209','PE','San Martín',_binary ''),('22','2210','PE','Tocache',_binary ''),('23','2301','PE','Tacna',_binary ''),('23','2302','PE','Candarave',_binary ''),('23','2303','PE','Jorge Basadre',_binary ''),('23','2304','PE','Tarata',_binary ''),('24','2401','PE','Tumbes',_binary ''),('24','2402','PE','Contralmirante Villar',_binary ''),('24','2403','PE','Zarumilla',_binary ''),('25','2501','PE','Coronel Portillo',_binary ''),('25','2502','PE','Atalaya',_binary ''),('25','2503','PE','Padre Abad',_binary ''),('25','2504','PE','Purús',_binary '');

--
-- Table structure for table `rolusuario`
--

CREATE TABLE `rolusuario` (
  `codigorolusuario` int NOT NULL AUTO_INCREMENT,
  `descripcionrolusuario` varchar(50) DEFAULT NULL,
  `codigoperfilusuario` int DEFAULT NULL,
  PRIMARY KEY (`codigorolusuario`)
) ENGINE=InnoDB AUTO_INCREMENT=11 DEFAULT CHARSET=utf8mb4 COLLATE=utf8mb4_0900_ai_ci;

--
-- Dumping data for table `rolusuario`
--

INSERT INTO `rolusuario` VALUES (1,'Administrador',1),(2,'Proveedor no aprobado',2),(3,'Comprador',3),(4,'Contador',3),(5,'Aprobador de proveedor',3),(6,'Proveedor',2),(7,'Comprador Aprobador',3),(8,'Administrador Contador',3),(9,'Sopote a Usuarios',1),(10,'Finanzas',3);

--
-- Table structure for table `sociedad`
--

CREATE TABLE `sociedad` (
  `codigosociedad` varchar(4) NOT NULL,
  `descripcionsociedad` varchar(100) DEFAULT NULL,
  `estadosociedad` bit(1) NOT NULL,
  `nif` varchar(11) DEFAULT NULL,
  `clientid` varchar(50) DEFAULT NULL,
  `clientsecret` varchar(50) DEFAULT NULL,
  `usuariocorreo` varchar(50) DEFAULT NULL,
  `contrasenacorreo` varchar(50) DEFAULT NULL,
  PRIMARY KEY (`codigosociedad`)
) ENGINE=InnoDB DEFAULT CHARSET=utf8mb4 COLLATE=utf8mb4_0900_ai_ci;

--
-- Dumping data for table `sociedad`
--

INSERT INTO `sociedad` VALUES ('0','Pruebas IPSA',_binary '','10761237981','6594f012-8c68-4e0f-afcd-9173f1ad9627','Sbm4bFOfqAB5SK8j5W9O8g==','proveedores@indupapel.com','Kuv39135'),('1','CERUTI',_binary '','20100172624','13fc4894-65ea-4511-b83a-d46047b9d70c','OhOXcPC5l/JWBq2oWymlTQ==','proveedores@ceruti-sa.com','Jul50634'),('2','ACINSA',_binary '','20537506131','e336ec55-8c3b-4425-9df5-2e0ba7d03727','J8S71Lx/u+fbL+6A5r95xw==','proveedores@acinsaperu.com','Fam76512'),('3','Grupo JLB',_binary '','20600330129','4b505249-b039-4214-902a-9f069a2a1f8a','wjcJhsnW4g4spib3wkYjYA==','proveedores@grupojlb.com','Kac85042'),('4','IPSA',_binary '','20100151546','c902caf9-19a1-42df-b015-8cdd299f4e0b','+PVHL0+DKxhf227J5thoiA==','proveedores@indupapel.com','Kuv39135');

--
-- Table structure for table `sociedadproveedor`
--

CREATE TABLE `sociedadproveedor` (
  `codigosociedad` varchar(4) DEFAULT NULL,
  `codigoproveedor` int DEFAULT NULL
) ENGINE=InnoDB DEFAULT CHARSET=utf8mb4 COLLATE=utf8mb4_0900_ai_ci;

--
-- Dumping data for table `sociedadproveedor`
--

INSERT INTO `sociedadproveedor` VALUES ('4',43),('4',44),('4',45),('4',46),('4',47),('2',53),('2',54),('2',55),('2',56),('2',57),('1',58),('1',59),('1',60),('1',61),('1',62),('1',63),('1',64),('3',65),('3',66),('3',67),('4',68),('0',69),('1',108),('4',109),('3',110),('2',111),('1',112),('1',113),('3',114),('1',115),('1',116),('1',117),('2',118),('1',119),('2',120),('1',121),('1',122),('1',123),('1',124),('1',125),('4',126),('2',127),('2',128),('1',129),('1',130),('1',131),('1',132),('4',133),('1',134),('1',135),('1',136),('1',137),('1',138),('1',139),('1',140),('1',141),('1',142),('1',143),('1',144),('1',145),('2',146),('1',147),('1',148),('1',149),('1',150),('3',151),('4',152),('4',153),('4',154),('1',155),('1',156),('2',157),('1',158),('4',159),('2',160),('1',161),('1',162),('3',163),('1',164),('1',165),('1',166),('2',167),('1',168),('1',169),('1',170),('4',171),('1',172),('1',173),('1',174),('1',175),('2',176),('1',177),('4',178),('1',179),('1',180),('1',181),('1',182),('1',183),('1',184),('1',185),('1',186),('4',187),('1',188),('1',189),('1',190),('1',191),('2',192),('4',193),('1',194),('1',195),('3',196),('2',197),('3',198),('1',199),('4',200),('1',201),('1',202),('1',203),('3',204),('1',205),('1',206),('1',207),('2',208),('1',209),('1',210),('3',211),('1',212),('1',213),('1',214),('4',215),('1',216),('3',217),('1',218),('1',219),('4',220),('4',221),('4',222),('1',223),('3',224),('1',225),('4',226),('1',227),('4',228),('1',229),('1',230),('1',231),('1',232),('1',233),('1',234),('4',235),('1',236),('1',237),('1',238),('2',239),('1',240),('1',241),('4',242),('1',243),('1',244),('2',245),('1',246),('1',247),('2',248),('1',249),('1',250),('4',251),('4',252),('1',253),('4',254),('1',255),('1',256),('1',257),('4',258),('1',259),('1',260),('1',261),('1',262),('4',263),('1',264),('1',265),('1',266),('4',267),('1',268),('2',269),('1',270),('1',271),('1',272),('1',273),('1',274),('3',275),('1',276),('1',277),('3',278),('2',279),('1',280),('1',281),('1',282),('1',283),('2',284),('1',285),('1',286),('1',287),('1',288),('4',289),('1',290),('1',291),('3',292),('1',293),('4',294),('4',295),('1',296),('1',297),('1',298),('1',299),('1',300),('1',301),('1',302),('4',303),('1',304),('1',305),('1',306),('4',307),('1',308),('1',309),('4',310),('3',311),('2',312),('2',313),('4',314),('1',315),('1',316),('4',317),('1',318),('1',319),('2',320),('2',321),('2',322),('1',323),('3',324),('1',325),('3',326),('1',327),('3',328),('1',329),('1',330),('1',331),('1',332),('1',333),('1',334),('1',335),('1',336),('1',337),('1',338),('1',339),('1',340),('1',341),('1',342),('4',343),('1',344),('3',345),('1',346),('1',347),('1',348),('1',349),('1',350),('1',351),('1',352),('4',353),('1',354),('1',355),('1',356),('1',357),('1',358),('1',359),('1',360),('1',361),('1',362),('1',363),('2',364),('4',365),('1',366),('1',367),('1',368),('1',369),('2',370),('1',371),('2',372),('1',373),('1',374),('2',375),('1',376),('1',377),('1',378),('2',379),('4',380),('1',381),('1',382),('1',383),('1',384),('1',385),('4',386),('1',387),('1',388),('4',389),('1',390),('4',391),('1',392),('1',393),('1',394),('1',395),('1',396),('1',397),('1',398),('4',399),('2',400),('1',401),('4',402),('2',403),('1',404),('1',405),('4',406),('2',407),('3',408),('1',409),('4',410),('4',411),('4',412),('4',413),('4',414),('4',415),('4',416),('4',417),('1',418),('4',419),('1',420),('4',421),('4',422),('4',423),('2',424),('1',425),('4',426),('4',427),('4',428),('4',429),('4',430),('4',431),('4',432),('4',433),('2',434),('4',435),('3',436),('4',437),('4',438),('4',439),('4',440),('4',441),('1',442),('4',443),('4',444),('1',445),('4',446),('1',447),('4',448),('4',449),('4',450),('4',451),('4',452),('4',453),('1',454),('4',455),('4',456),('4',457),('4',458),('4',459),('1',460),('4',461),('4',462),('4',463),('4',464),('4',465),('2',466),('1',467),('1',468),('4',469),('4',470),('4',471),('4',472),('4',473),('4',474),('4',475),('4',476),('1',477),('4',478),('4',479),('1',480),('1',481),('4',482),('3',483),('4',484),('4',485),('1',486),('4',487),('4',488),('2',489),('4',490),('1',491),('4',492),('4',493),('1',494),('4',495),('4',496),('4',497),('4',498),('4',499),('1',500),('4',501),('4',502),('1',503),('1',504),('2',505),('4',506),('2',507),('3',508),('4',509),('1',510),('4',511),('4',512),('2',513),('1',514),('4',515),('4',516),('2',517),('4',518),('4',519),('3',520),('4',521),('1',522),('1',523),('4',524),('1',525),('1',526),('4',527),('4',528),('4',529),('4',530),('4',531),('4',532),('1',533),('4',534),('1',535),('4',536),('1',537),('1',538),('4',539),('4',540),('4',541),('4',542),('4',543),('4',544),('4',545),('4',546),('4',547),('4',548),('4',549),('1',550),('1',551),('4',552),('4',553),('4',554),('4',555),('4',556),('1',557),('4',558),('4',559),('4',560),('4',561),('4',562),('2',563),('4',564),('3',565),('3',566),('2',567),('4',568),('4',569),('4',570),('4',571),('4',572),('4',573),('3',574),('4',575),('4',576),('1',577),('4',578),('1',579),('4',580),('4',581),('4',582),('1',583),('1',584),('4',585),('4',586),('4',587),('4',588),('2',589),('4',590),('1',591),('1',592),('4',593),('4',594),('4',595),('4',596),('4',597),('2',598),('4',599),('4',600),('4',601),('1',602),('4',603),('4',604),('1',605),('2',606),('4',607),('3',608),('4',609),('1',610),('4',611),('4',612),('4',613),('4',614),('4',615),('1',616),('4',617),('4',618),('4',619),('4',620),('4',621),('4',622),('4',623),('1',624),('2',625),('4',626),('1',627),('1',628),('4',629),('4',630),('1',631),('4',632),('4',633),('4',634),('4',635),('4',636),('4',637),('4',638),('4',639),('4',640),('4',641),('4',642),('2',643),('4',644),('2',645),('1',646),('4',647),('1',648),('1',649),('2',650),('1',651),('1',652),('2',653),('4',654),('4',655),('4',656),('4',657),('4',658),('1',659),('4',660),('4',661),('2',662),('4',663),('4',664),('4',665),('4',666),('4',667),('4',668),('4',669),('4',670),('4',671),('4',672),('4',673),('2',674),('4',675),('4',676),('1',677),('1',678),('4',679),('2',680),('4',681),('4',682),('2',683),('4',684),('4',685),('4',686),('4',687),('2',688),('4',689),('4',690),('4',691),('4',692),('1',693),('3',694),('4',695),('4',696),('1',697),('2',698),('3',699),('4',700),('1',701),('4',702),('4',703),('4',704),('4',705),('4',706),('1',707),('4',708),('4',709),('2',710),('2',711),('2',712),('1',713),('3',714),('4',715),('4',716),('4',717),('4',718),('1',719),('4',720),('1',721),('4',722),('1',723),('3',724),('2',725),('2',726),('2',727),('2',728),('4',729),('4',730),('4',731),('2',732),('2',733),('2',734),('4',735),('4',736),('2',737),('2',738),('1',739),('1',740),('4',741),('1',742),('3',743),('1',744),('1',745),('1',746),('2',747),('3',748),('2',749),('2',750),('4',751),('1',752),('2',753),('4',754),('2',755),('4',756),('2',757),('2',758),('2',759),('2',760),('4',761),('1',762),('2',763),('1',764),('4',765),('2',766),('4',767),('1',768),('2',769),('1',770),('4',771),('1',772),('2',773),('2',774),('2',775),('2',776),('1',777),('2',778),('2',779),('4',780),('1',781),('4',782),('1',783),('2',784),('2',785),('2',786),('2',787),('2',788),('2',789),('2',790),('4',791),('1',792),('1',793),('4',794),('2',795),('2',796),('4',797),('2',798),('2',799),('1',800),('2',801),('1',802),('4',803),('4',804),('2',805),('2',806),('1',807),('2',808),('3',809),('4',810),('2',811),('1',812),('1',813),('1',814),('2',815),('4',816),('2',817),('4',818),('4',819),('2',820),('2',821),('2',822),('2',823),('1',824),('2',825),('4',826),('2',827),('2',828),('2',829),('2',830),('4',831),('2',832),('2',833),('4',834),('2',835),('2',836),('3',837),('3',838),('3',839),('3',840),('3',841),('3',842),('1',843),('3',844),('1',845),('1',846),('1',847),('3',848),('2',849),('3',850),('3',851),('4',852),('3',853),('3',854),('3',855),('3',856),('1',857),('1',858),('4',859),('1',860),('4',861),('4',862),('4',863),('1',864),('3',865),('3',866),('3',867),('4',868),('3',869),('3',870),('4',871),('3',872),('4',873),('4',874),('3',875),('1',876),('1',877),('3',878),('1',879),('3',880),('3',881),('3',882),('1',883),('1',884),('3',885),('4',886),('4',887),('2',888),('1',889),('3',890),('3',891),('1',892),('3',893),('4',894),('1',895),('4',896),('4',897),('3',898),('3',899),('1',900),('3',901),('4',902),('3',903),('1',904),('3',905),('3',906),('3',907),('3',908),('4',909),('4',910),('3',911),('4',912),('2',913),('3',914),('3',915),('1',916),('2',917),('1',918),('1',919),('4',920),('3',921),('3',922),('2',923),('4',924),('4',925),('3',926),('3',927),('4',928),('4',929),('4',930),('1',931),('4',932),('1',933),('2',934),('4',935),('1',936),('4',937),('2',938),('4',939),('1',940),('2',941),('1',942),('1',943),('4',944),('1',945),('4',946),('1',947),('4',948),('2',949),('4',950),('2',956),('1',957),('4',958),('3',959),('3',960),('3',961),('4',962),('1',963),('3',964),('1',965),('4',966),('2',967),('1',968),('4',969),('1',970),('4',971),('1',972),('4',973),('1',974),('4',975),('2',976),('1',977),('4',978),('2',979),('2',980),('2',981),('4',982),('1',983),('2',984),('2',985),('1',986),('4',988),('4',989),('1',990),('2',998),('2',1000),('4',1001),('1',1002),('3',1003),('4',1004),('1',1005),('4',1006),('2',1007),('3',1008),('1',1009),('1',1016),('1',1017),('1',1018),('1',1019),('1',1020),('4',1021),('4',1022),('4',1023),('1',1024),('4',1025),('2',1029),('4',1030),('4',1033),('4',1034),('4',1035),('2',1036),('1',1037),('4',1038),('1',1039),('2',1040),('2',1041),('1',1042),('3',1043),('2',1045),('1',1047),('4',1048),('1',1052),('4',1053),('1',1054),('2',1055),('1',1056),('4',1057),('2',1058),('1',1059),('4',1060),('3',1061),('1',1062),('2',1063),('4',1064),('4',1065),('2',1066),('1',1067),('1',1068),('2',1069),('4',1070),('4',1071),('4',1072),('1',1073),('4',1074),('4',1075),('1',1076),('1',1077),('2',1078),('4',1079),('1',1080),('2',1081),('4',1082),('4',1083),('1',1086),('4',1087),('1',1088),('4',1089),('1',1090),('2',1091),('4',1092),('1',1093),('2',1094),('4',1095),('3',1096),('1',1097),('1',1098),('1',1099),('4',1100),('4',1101),('4',1102),('3',1103),('1',1104),('4',1105),('3',1106),('1',1107),('2',1108),('4',1109),('4',1111),('2',1112),('3',1113),('4',1114),('4',1115),('2',1116),('2',1117),('1',1118),('2',1119),('3',1120),('4',1121),('4',1122),('4',1123),('1',1124),('1',1125),('4',1126),('4',1128),('4',1129),('1',1130),('4',1131),('4',1132),('1',1133),('1',1135),('2',1136),('3',1137),('4',1138),('2',1139),('4',1140),('1',1141),('4',1142),('4',1143),('2',1144),('4',1145);

--
-- Table structure for table `sociedadusuario`
--

CREATE TABLE `sociedadusuario` (
  `codigosociedad` varchar(4) DEFAULT NULL,
  `codigousuario` int DEFAULT NULL
) ENGINE=InnoDB DEFAULT CHARSET=utf8mb4 COLLATE=utf8mb4_0900_ai_ci;

--
-- Dumping data for table `sociedadusuario`
--

INSERT INTO `sociedadusuario` VALUES ('0',9),('1',9),('2',9),('0',10),('1',10),('2',10),('3',10),('4',10),('0',12),('1',12),('2',12),('3',12),('4',12),('0',13),('0',21),('1',21),('2',21),('3',21),('4',21),('0',22),('1',22),('2',22),('3',22),('4',22),('0',23),('1',23),('2',23),('3',23),('4',23),('0',37),('1',37),('2',37),('3',37),('4',37),('0',51),('1',51),('2',51),('0',5),('1',5),('0',65),('1',65),('2',65),('3',65),('4',65),('0',71),('4',69),('4',66),('0',1),('1',14),('2',14),('4',14),('2',72),('3',72),('1',83),('2',83),('3',83),('4',83),('1',139),('1',277),('4',277),('1',368),('4',368),('3',496),('1',441),('4',441),('2',441),('4',383),('1',140),('1',285),('4',285),('2',285),('1',474),('4',474),('1',491),('4',491),('1',451),('4',451),('2',451),('2',550),('1',550),('4',550),('1',556),('2',556),('3',556),('4',556),('1',154),('4',154),('2',154),('3',519),('1',203),('4',203),('1',182),('4',182),('2',182),('4',407),('4',560),('1',560),('2',560),('4',542),('1',542),('2',542),('1',310),('4',310),('1',381),('4',381),('1',119),('4',119),('1',461),('4',461),('1',164),('4',164),('2',164),('1',211),('4',211),('1',15),('2',15),('4',15),('1',369),('4',369),('4',411),('1',213),('4',213),('3',213),('1',175),('4',175),('1',264),('4',264),('4',346),('1',292),('4',292),('2',449),('4',449),('4',352),('1',295),('1',275),('4',275),('2',275),('1',336),('2',336),('1',545),('4',545),('1',360),('4',360),('2',360),('1',574),('1',138),('4',138),('2',138),('3',138),('2',470),('4',470),('1',470),('1',107),('2',107),('3',107),('4',107),('1',501),('4',501),('3',488),('2',141),('1',141),('4',141),('1',145),('4',145),('2',145),('3',145),('2',390),('1',106),('4',106),('2',106),('1',101),('4',101),('3',101),('2',101),('4',596),('1',82),('2',82),('3',82),('4',82),('0',16),('1',16),('2',16),('3',16),('4',16),('0',7),('1',7),('2',7),('3',7),('4',7),('1',172),('4',172),('0',20),('1',20),('2',20),('3',20),('4',20),('0',3),('1',3),('2',3),('3',3),('4',3),('0',38),('1',38),('2',38),('3',38),('4',38),('1',4),('2',4),('3',4),('4',4),('4',67),('2',452),('3',452),('4',616),('1',302),('4',302),('1',619),('2',620),('4',427),('1',430),('2',430),('2',467),('1',467),('1',206),('4',206),('1',113),('4',113),('3',171),('1',221),('4',221),('2',221),('4',137),('1',286),('4',286),('4',630),('1',273),('4',273),('3',273),('1',244),('2',244),('3',244),('4',244),('2',328),('1',303),('4',303),('1',622),('4',622),('2',356),('1',242),('4',242),('1',125),('4',125),('1',353),('4',353),('3',444),('2',444),('4',644),('1',644),('1',597),('3',597),('2',597),('4',597),('1',17),('2',17),('3',17),('4',17),('1',207),('1',120),('4',120),('0',11),('1',11),('2',11),('3',11),('4',11),('1',8),('2',8),('4',8),('1',366),('4',366);

--
-- Table structure for table `tipoagente`
--

CREATE TABLE `tipoagente` (
  `codigotipoagente` char(1) NOT NULL,
  `descripciontipoagente` varchar(25) DEFAULT NULL,
  `estadotipoagente` bit(1) DEFAULT NULL,
  PRIMARY KEY (`codigotipoagente`)
) ENGINE=InnoDB DEFAULT CHARSET=utf8mb4 COLLATE=utf8mb4_0900_ai_ci;

--
-- Dumping data for table `tipoagente`
--

INSERT INTO `tipoagente` VALUES ('B','Buen Contribuyente',_binary ''),('C','Ninguno',_binary ''),('P','Perceptor',_binary ''),('R','Retenedor',_binary '');

--
-- Table structure for table `tipocuenta`
--

CREATE TABLE `tipocuenta` (
  `codigotipocuenta` int NOT NULL AUTO_INCREMENT,
  `descripciontipocuenta` varchar(50) DEFAULT NULL,
  `estadotipocuenta` bit(1) NOT NULL,
  PRIMARY KEY (`codigotipocuenta`)
) ENGINE=InnoDB AUTO_INCREMENT=3 DEFAULT CHARSET=utf8mb4 COLLATE=utf8mb4_0900_ai_ci;

--
-- Dumping data for table `tipocuenta`
--

INSERT INTO `tipocuenta` VALUES (1,'Ahorros',_binary ''),(2,'Corriente',_binary '');

--
-- Table structure for table `tipodetraccion`
--

CREATE TABLE `tipodetraccion` (
  `codigotipodetraccion` char(2) NOT NULL,
  `descripciontipodetraccion` varchar(100) DEFAULT NULL,
  `estadotipodetraccion` bit(1) NOT NULL,
  PRIMARY KEY (`codigotipodetraccion`)
) ENGINE=InnoDB DEFAULT CHARSET=utf8mb4 COLLATE=utf8mb4_0900_ai_ci;

--
-- Dumping data for table `tipodetraccion`
--

INSERT INTO `tipodetraccion` VALUES ('01','Tipo de detracción',_binary '');

--
-- Table structure for table `tiporetencion`
--

CREATE TABLE `tiporetencion` (
  `codigotiporetencion` char(2) NOT NULL,
  `descripciontiporetencion` varchar(100) DEFAULT NULL,
  `estadotiporetencion` bit(1) NOT NULL,
  PRIMARY KEY (`codigotiporetencion`)
) ENGINE=InnoDB DEFAULT CHARSET=utf8mb4 COLLATE=utf8mb4_0900_ai_ci;

--
-- Dumping data for table `tiporetencion`
--

INSERT INTO `tiporetencion` VALUES ('01','Tipo de retención',_binary '');

--
-- Table structure for table `tratamiento`
--

CREATE TABLE `tratamiento` (
  `codigotratamiento` int NOT NULL AUTO_INCREMENT,
  `descripciontratamiento` varchar(100) DEFAULT NULL,
  `estadotratamiento` bit(1) NOT NULL,
  PRIMARY KEY (`codigotratamiento`)
) ENGINE=InnoDB AUTO_INCREMENT=3 DEFAULT CHARSET=utf8mb4 COLLATE=utf8mb4_0900_ai_ci;

--
-- Dumping data for table `tratamiento`
--

INSERT INTO `tratamiento` VALUES (1,'Señor',_binary ''),(2,'Señora',_binary '');

--
-- Table structure for table `usuario`
--

CREATE TABLE `usuario` (
  `codigousuario` int NOT NULL AUTO_INCREMENT,
  `correoelectronico` varchar(200) DEFAULT NULL,
  `nombre` varchar(100) DEFAULT NULL,
  `puesto` varchar(40) DEFAULT NULL,
  `telefono` varchar(15) DEFAULT NULL,
  `contrasenia` varchar(100) DEFAULT NULL,
  `estadocontrasenia` bit(1) DEFAULT NULL,
  `estadousuario` bit(1) DEFAULT NULL,
  PRIMARY KEY (`codigousuario`)
) ENGINE=InnoDB AUTO_INCREMENT=648 DEFAULT CHARSET=utf8mb4 COLLATE=utf8mb4_0900_ai_ci;

--
-- Dumping data for table `usuario`
--

INSERT INTO `usuario` VALUES (1,'administrador@droidconsultingti.com','Administrador','Consultor IT ','','$2y$10$2qpeQOqqCYx8nhbv8Jb3C.N1WWjgwIM1jMm8YAWWFZSrGD28emV0G',_binary '',_binary ''),(3,'pilar.huerta@grupojlb.com','Pilar Huerta','Aprobador','','$2y$10$2qpeQOqqCYx8nhbv8Jb3C.N1WWjgwIM1jMm8YAWWFZSrGD28emV0G',_binary '',_binary ''),(4,'edith.vela@grupojlb.com','Edith Vela','Aprobador','','$2y$10$/AmKmh4CcsUITDafGXEbbu1dTgerRaJZJrjoQyPquvsN3dDdgH2TK',_binary '',_binary ''),(5,'williams.cruz@grupojlb.com','Williams Cruz','Aprobador','','$2y$10$2qpeQOqqCYx8nhbv8Jb3C.N1WWjgwIM1jMm8YAWWFZSrGD28emV0G',_binary '',_binary ''),(7,'luz.ibanez@grupojlb.com','Luz Ibañez','Comprador','','$2y$10$2qpeQOqqCYx8nhbv8Jb3C.N1WWjgwIM1jMm8YAWWFZSrGD28emV0G',_binary '',_binary ''),(8,'fabio.arenas@grupojlb.com','Fabio Arenas','Comprador','','$2y$10$2qpeQOqqCYx8nhbv8Jb3C.N1WWjgwIM1jMm8YAWWFZSrGD28emV0G',_binary '',_binary ''),(9,'esther.garcia@grupojlb.com','Esther García','Comprador',NULL,'$2y$10$2qpeQOqqCYx8nhbv8Jb3C.N1WWjgwIM1jMm8YAWWFZSrGD28emV0G',_binary '',_binary ''),(10,'pablo.lazo@grupojlb.com','Pablo Lazo','Comprador',NULL,'$2y$10$2qpeQOqqCYx8nhbv8Jb3C.N1WWjgwIM1jMm8YAWWFZSrGD28emV0G',_binary '',_binary ''),(11,'carla.flores@grupojlb.com','Carla Flores','Comprador','','$2y$10$2qpeQOqqCYx8nhbv8Jb3C.N1WWjgwIM1jMm8YAWWFZSrGD28emV0G',_binary '',_binary ''),(12,'alisson.sulca@grupojlb.com','Alisson Sulca','Comprador',NULL,'$2y$10$2qpeQOqqCYx8nhbv8Jb3C.N1WWjgwIM1jMm8YAWWFZSrGD28emV0G',_binary '',_binary ''),(13,'ruben.avila@grupojlb.com','Rubén Avila','Comprador',NULL,'$2y$10$2qpeQOqqCYx8nhbv8Jb3C.N1WWjgwIM1jMm8YAWWFZSrGD28emV0G',_binary '',_binary ''),(14,'jenny.jamanca@grupojlb.com','Jenny Jamanca','Comprador','','$2y$10$2qpeQOqqCYx8nhbv8Jb3C.N1WWjgwIM1jMm8YAWWFZSrGD28emV0G',_binary '',_binary ''),(15,'jose.nolasco@grupojlb.com','José Nolasco','Comprador','','$2y$10$2qpeQOqqCYx8nhbv8Jb3C.N1WWjgwIM1jMm8YAWWFZSrGD28emV0G',_binary '',_binary ''),(16,'oswaldo.gil@grupojlb.com','Oswaldo Gil','Jefe de Compras','01555666','$2y$10$2qpeQOqqCYx8nhbv8Jb3C.N1WWjgwIM1jMm8YAWWFZSrGD28emV0G',_binary '',_binary ''),(17,'marizabel.maguina@grupojlb.com','Marizabel Maguiña','Aprobador','','$2y$10$U7tiZIPaedcpPZUz5SZIteI/.PDlBlhm66n0L3mdFebIBfq79pP/6',_binary '',_binary ''),(20,'pilar.fajardo@sigma.pe','Pilar Fajardo','Contador','','$2y$10$2qpeQOqqCYx8nhbv8Jb3C.N1WWjgwIM1jMm8YAWWFZSrGD28emV0G',_binary '',_binary ''),(21,'henry.vargas@sigma.pe','Henry Vargas','Contador',NULL,'$2y$10$2qpeQOqqCYx8nhbv8Jb3C.N1WWjgwIM1jMm8YAWWFZSrGD28emV0G',_binary '',_binary ''),(22,'isabel.baldeon@sigma.pe','Isabel Baldeon','Contador',NULL,'$2y$10$2qpeQOqqCYx8nhbv8Jb3C.N1WWjgwIM1jMm8YAWWFZSrGD28emV0G',_binary '',_binary ''),(23,'david.lopez@sigma.pe','David Lopez','Contador',NULL,'$2y$10$2qpeQOqqCYx8nhbv8Jb3C.N1WWjgwIM1jMm8YAWWFZSrGD28emV0G',_binary '',_binary ''),(37,'patricia.arista@grupojlb.com','Patricia Arista','Coordinadora Proyectos','','$2y$10$avGhV8c4r4JdgA4fc.5lF.uqLUw3txVWF.Kcj1i9.yV.31A5.6wBC',_binary '',_binary ''),(38,'john.acosta@grupojlb.com','John Acosta','Jefe de TI','934116150','$2y$10$B7TfAjeCugebF0gtv7xM9u/2VLFyHJ0mCWELgK1AXbv65MVuHo3p2',_binary '',_binary ''),(51,'nadeth.alvarez@grupojlb.com','Nadeth Alvarez','Compras','','$2y$10$TDnHYvaNZJZaRlrJl3vkGOYFpMjRKQahpwIBODVEF.navFXk.XCoK',_binary '\0',_binary ''),(65,'cyndi.bardales@grupojlb.com','Cyndi Bardales','Aprobar Finanzas','','$2y$10$sdUbK7pmkGYX/Bu91kS2XOO4LtHKhUmZCyKwOqcKjoVG34xxhBlO.',_binary '\0',_binary ''),(66,'kvillafuerte@solpack.com.pe','SOLPACK SOCIEDAD ANONIMA CERRADA - SOLPACK S.A.C.','EJECUTIVA DE VENTAS','+51 946 019 269','$2y$10$d6FpNMDTy6NXHc4FCW6KMeg4wtuB0zULp7AnS9AAI.H.98Xxt56lm',_binary '',_binary ''),(67,'caja@ducasse.com.pe','DUCASSE COMERCIAL S.A.','','920373501','$2y$10$6lqgLRV9qz5uLeuN9FMiHeoAo67VxDcF.8HivB/l0wU0vpySdSD3K',_binary '',_binary ''),(68,'ogallegos@vsperu.com','VENTURA SOLUCIONES S.A.C.','','','$2y$10$JMxScKCBPUAXR5iq7F0pjO2dlMykfQ/ouHekoMn4Gz4zEO.nB3RkS',_binary '',_binary ''),(69,'lizeth.jimenez@ceruti-sa.com','CERUTI FABRICA DE ENVASES DE CARTON S A','Facturador','922507191','$2y$10$gjdSciOa1urOI6WZEQmZA.0YtrztCUdOW9Q1G9hMdSRRbgzUD9pO2',_binary '',_binary ''),(70,'administracionsur@auccapinahnos.com.pe','AUCCAPIÑA HERMANOS SOCIEDAD ANONIMA - AUCCAPIÑA HNOS S.A.','','','$2y$10$27zfnlXFOqKDB7EhWj4cauHClHim2.PoYgivGxiCdoC/WgDWOVlYG',_binary '',_binary ''),(72,'hlanda@mepso.com.pe','MEDICINA EMPRESARIAL DE PREVENCION EN SALUD OCUPACIONAL S.A.C.','','','$2y$10$SGmYFRkxI/naeavvcWvp8O9H2zrWzQGVoQDD5QyRhSBuEuZtrpltm',_binary '',_binary ''),(73,'VENTAS@RVMCORPORACION.COM.PE','RVM CORPORACION S.A.C.','','','$2y$10$RIxSR1.x2q7WSOCm3gJz1egyapD8SG4OUpzocfenNnGK34lDl2vIG',_binary '',_binary ''),(74,'comercialorionsac@hotmail.com','COMERCIAL FERRETERA ORION S.A.C','','','$2y$10$OHSlZVbuIfPCh/Ij417a0eD1A9ZL.NJS3Qe.5oL8Lkusbr1eABGte',_binary '',_binary ''),(75,'contabilidad@bafer.com.pe','BAFER ENERGY ECONOMIC S.A.C.','','','$2y$10$HlKQ/k5el3AbyV3XNGJOIOfcCNTo7LBsNZWlWAbDVGOrWQFqL5tMC',_binary '',_binary ''),(76,'moisespichardo@hotmail.com','SSIMA - TECH PERU S.R.L.','','','$2y$10$qJCfvFJcatTZHPqhligv4eF2hSsMbfVJx4kjkibnEfHT/bWyOL2Py',_binary '',_binary ''),(77,'consorciohizamantenimientoperu@gmail.com','CONSORCIO HIZA S.A.C.','','','$2y$10$ebLOhR2gzmUi15ZoEWxhM.TxrHdpRiA6P/uMwhSFTlrikbDpdtg7.',_binary '',_binary ''),(78,'juliohuaquisaca@gmail.com','SERVICONJH E.I.R.L.','','','$2y$10$Bt/O7gAzbEMmkww4InIWUexj8hMHHIDCzlWEIIblPHpKTB2h2KAou',_binary '',_binary ''),(79,'administracion@montres.com.pe','MONTACARGAS Y TRANSPORTES ESPECIALES S.A.C','','','$2y$10$ChGX/2tSiKL33UFa.jlnbOkJwB0MM/dzcQuL8ttatVkRZF8cR02ku',_binary '',_binary ''),(80,'infaser10mj@gmail.com','INFASER MJ S.A.C.','','','$2y$10$Sv6Uq/ELJKjn.U2OybDzwui/tIYOCSH2CDLPCLbYMqpkhmWPZxpjW',_binary '',_binary ''),(81,'nazcainnovation@gmail.com','NAZCA INNOVATION S.A.C.','','','$2y$10$4ZJvl0TbkhgwN8GBm2IUfeK/l1xkhhjK2IX7CSfYdqqYanD.J1lTi',_binary '',_binary ''),(82,'soportepro@cmyk.pe','Soporte Cmyk','Soporte',' +51 933340402','$2y$10$RHsi0QsLHAOP1nZUwg/4HO.sVOmBu4pgbEHOdzkWcvxTiLQrH1Cvm',_binary '',_binary ''),(83,'nataly.obregon@grupojlb.com','Nataly Obregon','Comprador','','$2y$10$UoEu7BvFNgoNO.uurFYa2.ZXDbWFjwra8mJDXQOBa.Ng1lmH9AFQS',_binary '',_binary ''),(101,'contabilidad@cmyk.pe','CMYK SMART SOLUTIONS  E.I.R.L','','','$2y$10$vhXKhTyhRTjf41dQSNFYlOo9qfMwzJPUpO/Q.QkpFaEnDP0g07YvC',_binary '',_binary ''),(102,'myg.consultores.eirl@gmail.com','CONSULTORES Y ASOCIADOS M & G E.I.R.L.','','','$2y$10$yoO/2L.DfCh1Av9uKMfSmeOifTlJp75zPIvDd.fUxCWe81i4iWf3G',_binary '\0',_binary ''),(103,'transportesmovilcargo@gmail.com','VILLANUEVA APARCO RAINER','','','$2y$10$84gWp3as.fMZJlTWQpzJa.TGKvEPWtOvLqwhUkyqhidR8pFe4KKAe',_binary '',_binary ''),(104,'bartolome.rios@me.com','RIOS HAMANN BARTOLOME ENRIQUE','','','$2y$10$IUAQR/.hiGt0wN3TZlwezu71LumGQeoNDXazCCzVCns9N745LrNCu',_binary '\0',_binary ''),(105,'weis1972@yahoo.com','IZAGUIRRE SEMINARIO WALTER EDUARDO','','','$2y$10$Ek0RP7Wq50jv07G6C4U1AeH5cu0atZYXW4eoFAQPH0OBCBZbC4cVq',_binary '\0',_binary ''),(106,'facturas@khimsa.pe','KHIMSA PERU S.A.C.','','','$2y$10$dB0ZFLlZe05ITyR.zLEVqeo.CsG1t3qvyrp5GtUDDWD0.pEuWBeWu',_binary '',_binary ''),(107,'janeth.munaylla@indupapel.com','INDUSTRIAS DEL PAPEL S A','','','$2y$10$jOiXYsV9/3Dg4DZdug2qK.avnUEfGQyMQ6KW9lCQwdZtQF6LZnT/m',_binary '',_binary ''),(108,'melgarejoperusac@hotmail.com','INVERSIONES MELGAREJO PERU S.A.C','','','$2y$10$JXAVzuRcAv1YICksJ6Lc9eIhrYiOuiKZeBvUMHWWx09dDBc/BOmJS',_binary '\0',_binary ''),(109,'mscaservicios@hotmail.com','OLIVARES NIEVES SAMUEL','','','$2y$10$uFoPXg3D3lXuXsF9yn2d/uqDRIrYY9Qda7n5I/jUj1Nqe8a2HcvSe',_binary '\0',_binary ''),(110,'servilaser1@gmail.com','MENDEZ ZAVALETA JHONY FLORESMILO','','','$2y$10$ngDVGzJI86pwyIgVZeChcOg1/vrtFVgMKNW8Kt7QMy6RlwTY2t8/u',_binary '',_binary ''),(111,'fermetal.industrial@gmail.com','FUNDICION INDUSTRIAL FERMETAL S.A.C.','','','$2y$10$OmzZ4pUI5LPMU3GoDfcy6.ewN41GlNmWZLkAbBDxsjOhNYWnlf3y2',_binary '',_binary ''),(112,'apalacios@caveseal.com','CAVE SEAL COMPANY S.A.C. - CAVE SEAL S.A.C.','','','$2y$10$vW/hhY.3O1nqdffjzplX0u7/mjP36cNnQ/540n1shQdnTfc9rTrXW',_binary '',_binary ''),(113,'cervantes_transportes@hotmail.com','CORPORACION JJ CERVANTES E.I.R.L.','','981287030','$2y$10$RledMTywY7XZAG0NKw2L1Obz1856XmRMUg7hoxq9HCDeXo4.rlB5u',_binary '',_binary ''),(114,'dgonzales@fcamperu.com','FACTORY & CONTROL AUTOMATION MANUFACTURING S.A.C.','','','$2y$10$mIyC6ghXRuJ3r4Sfk9MYaeTH5px1oki.6thXslcMU.YeI7D0R0Oui',_binary '',_binary ''),(115,'comercial@jlaproyectos.com','JLA PROYECTOS INTEGRALES S.A.C.','','','$2y$10$Hj7k3nJsjiv43KMhOaiYwua0XVY.EbbuKTKtDSXRc8z4TnBNNlHqe',_binary '\0',_binary ''),(116,'ventas@puryquimica.com','PURYQUIMICA S.A.C.','','','$2y$10$yI/9mb3igYm8pOM8iSVtu...SAoEs5G6MRvj7Jh1DAJSfbUqguhby',_binary '\0',_binary ''),(117,'johmmansillaleyva@gmail.com','GRUPO ECOLOGICO BIO MANSILLA S.A.C.','','','$2y$10$nRWlhf7S3nkd2HWmMeBuhuPlfw9h.eEooNf93DEyCMKGI3GT39Zhy',_binary '\0',_binary ''),(118,'operaciones@idplastic.com.pe','ID PLASTIC E.I.R.L.','','','$2y$10$HDitSGB4F0/bHtbnWC76AOvPZux2lzMjLm/LBOvrYHOyOsd0DPTA2',_binary '',_binary ''),(119,'rninaquispe@notariapaino.pe','PAINO SCARPATI JOSE ALFREDO','','','$2y$10$Xijzp283b5u.n5CCHMCdrerHsCBRLTZppgVn4BatkaWmR/ySexXJO',_binary '',_binary ''),(120,'evelin.rincon.pe@csoluciones.pe','EMBOTELLADORA GRACO S.A.C.','','','$2y$10$qXfBgUhHv1BGcKy0a5vVMeiGNQ1S8OI32EAZkXOwACk3jqG4FAHby',_binary '',_binary ''),(121,'administracion@certificados.pe','CERTIFICADOS DIGITALES PERU E.I.R.L.','','','$2y$10$Pnx9UNtvKzfjn0iwTZfUhefSGMTrx35d7ROD/wK4KTTUOe2RDzUhG',_binary '\0',_binary ''),(122,'diego.vargas@endress.com','ENDRESS+HAUSER (PERU) S.A.C.','','','$2y$10$qQoui0hORtUwX.yNPGG2fu5RcuoSzFveRRQXAABv2wl2hq55ZzcvS',_binary '\0',_binary ''),(123,'cienciaytecnologiaambiental@gmail.com','CIENCIA Y TECNOLOGIA AMBIENTAL S.A.C.','','','$2y$10$p/1MgZ44AcOvIOOdeGv53.w9pU1O.r0CInZ..2WJstxaEDWcq9XZS',_binary '',_binary ''),(124,'cindyguevarach@gmail.com','EXPORTPLAST K & C PERU SOCIEDAD ANONIMA CERRADA','','','$2y$10$SJtDYl0QQ5GUTXLmsc4zOeN/IGz5BU4H8ENP2.9bXqaSAUFdCuiRW',_binary '\0',_binary ''),(125,'contabilidad@devanosac.com','DEVANO S.A.C.','','','$2y$10$OFxekvWW6jH0hquAsxTR.e1SUj5Bsx9d8fG4uRBj2zffRe2W/srjy',_binary '',_binary ''),(126,'garpersac@garpersac.com','GARPER MULTISERVICIOS S.A.C.','','','$2y$10$IYb6xQxOV.U4//ePk4CTYu0dNjL7Mn/0Lh86.Y1m1jRqCekIeAFdK',_binary '\0',_binary ''),(127,'Franyii.villarreal@kamelisac.pe','CORPORACION KAMELI S.A.C.','','','$2y$10$YHw9ZIDKh1AgXQpDW7bN1urAlIznb.jOWzB0PpQ12E34FRPyjwI0.',_binary '\0',_binary ''),(128,'jbaltodano@inprojectingenieria.com','INPROJECT INGENIERIA S.A.C.','','','$2y$10$yyNxyZAEamH4CyQfXuqHRO4BoiKCJdpRucvnhwYBxgUvnhLx4lDz.',_binary '',_binary ''),(129,'amrubberinversiones@gmail.com','AM RUBBER INVERSIONES S.A.C.','','','$2y$10$reEJHm31MEvALbFQyWPaVexY8NMmvETHY5AVGbgBgyPlyuOtCkgXS',_binary '',_binary ''),(130,'Lesly.Felix@spsa.pe','SUPERMERCADOS PERUANOS SOCIEDAD ANONIMA \'O \' S.P.S.A.','','','$2y$10$D8/amrZtNMW1uBUDzDAyKe0M2CrNGGPXah4gu9BQeMnvIe0ENFVYe',_binary '\0',_binary ''),(131,'proyectos@ac-refrigeracionperu.com','AC REFRIGERACION PERU SOCIEDAD ANONIMA CERRADA - AC REFRIGERACION PERU S.A.C.','','','$2y$10$FPBbr/ivWLs4exCUNh/XMOB9D0PRnC1Tsl2z8bVd6xdlKED7dEaMW',_binary '',_binary ''),(132,'hparra@famclean.com.pe','FAMILY CLEAN S.A.C. - FAMCLEAN S.A.C.','','','$2y$10$.Sm2pPl5soSqwL4wdDl0NO/aM7T6SfpvaTBRJ0PUVspkNkyD4NMoq',_binary '',_binary ''),(133,'martha.antonio@tci.net.pe','T.C.I.S.A.TRANSPORTE CONFIDENCIAL DE INF ORMACION','','','$2y$10$jGw.GQscrvIfzGWRVop8z.hQPAS22UX1YEL.P2uOZnuEgdI3eKAoW',_binary '\0',_binary ''),(134,'ventas@contrataeyb.com','CONTRATA E Y B E.I.R.L.','','','$2y$10$2VHVbXP3dz40LJD78PR.P.LaCAwagsJfZfcYAt3szTtsMQdZ78jcK',_binary '\0',_binary ''),(135,'recepcionfacturas@acfactoring.com','AC FACTORING S.A.C.','','','$2y$10$m6qFrez/B.oMtt/4FOiPuOo8QOVjqdXSihwzc2AeiJmwbq62o6gge',_binary '\0',_binary ''),(136,'bnunez@dlapiper.pe','LAOS DE LAMA EDUARDO JOSE ATILIO','','','$2y$10$bNzg4mmasBg9e7Ig7NHS/udqwOr5FHDd1WtO7TdIkDgJz63ijZkiK',_binary '\0',_binary ''),(137,'lrojas@pe.resinplast.com','RESINPLAST S.A.','','','$2y$10$MnUglnFCfFGn0pR5bjVO3uB/7IG5SkqleMkyWnQAKPrJJR.1Xtuuy',_binary '',_binary ''),(138,'contadora_bvc@hotmail.com','VASQUEZ CAYETANO HUBERT JULIAN','','','$2y$10$SCDVC9U5xosK7./Hjw/f3uVbKhlelQcuSRWa6Sdm89Siv7I/h3wO6',_binary '',_binary ''),(139,'fabreim.sac@gmail.com','FABRICACION Y REPARACION PARA LA INDUSTRIA Y MINERIA S.A.C. - FABREIM S.A.C.','','913062577','$2y$10$GKX4Mn2w80VzQBtJnKENie94kw2WJEbMFYUhjwDNEmG/gSEcOAupa',_binary '',_binary ''),(140,'debora.chavez@precision.pe','PRECISION PERU S.A.','Sales Engineer','914 139 652','$2y$10$jCrzRQNL0kY2fcmsRfKWnuJSbZPTHtUYhsAdDirimGsgu5ouk/hiG',_binary '',_binary ''),(141,'ventas.inversionesrodamundo@gmail.com','INVERSIONES RODAMUNDO S.A.C.','VENTAS','955429552','$2y$10$AkRWtx7zDS.AhZHo4KsLPOiQOj4ZmPzjz3H.2otOBD1a6wzXbw8Vy',_binary '',_binary ''),(142,'dcobos@kdrholding.com.pe','KDR HOLDING E.I.R.L.','','','$2y$10$KXLCkV1QCtMQ1P/ZIril2eyypNgbqFESwQFQdo2UZHvF8xwE8AQjq',_binary '',_binary ''),(143,'alaosb@san-fernando.com.pe','SAN FERNANDO S.A.','','','$2y$10$0pdZHThweT3neSd2HM.RuOH4JgFvvVc5NWzAFuDuwf3paGACjZc7a',_binary '\0',_binary ''),(144,'rosario.miyashiro@outlook.com','MIYASHIRO ENOBI ROSARIO ANGELICA','','','$2y$10$9k1TiWus3UvZI3/BgeDAHOTjQEF1e0RdjWuzFBB9MAfYkS7C5QYQW',_binary '',_binary ''),(145,'jpena@datacont.com','REPRODATA S.A.C.','','','$2y$10$9B3F2SFUN71SAwWq1oYYU.C16AIQ3ALF455bAXKkwAALoWcbi/eDW',_binary '',_binary ''),(146,'ventas@maestranzaindustrial.com','EMPRESA MANUFACTURA MAESTRANZA INDUSTRIAL E.I.R.L. - EMMIND','','','$2y$10$qrG4L/1jMY/cCn37cnnjU.qU7CBc6/CFLCEfxsFdymmdFkP7i24gm',_binary '',_binary ''),(147,'dpuchoc@gruposeil.com.pe','GRUPO SEIL E.I.R.L.','','','$2y$10$wIQuM2GEh/4FZ4wI3w3y5.wUnTXMIFaG5fmQkQAdJZH5oc14.FfUG',_binary '\0',_binary ''),(148,'dllacsaguache@heparambiental.com','HEPAR S.A.C.','','','$2y$10$YZ8krzuaiqp4HFK.plFDnu.P8u1x7EftAweVFsLxS9z7il37TiXzO',_binary '\0',_binary ''),(149,'J.Vasquez@gmail.com','EMPRESA DE TRANSPORTES NICANOR S.A.C.','','','$2y$10$8NZu31GICV3NmkFG72BzDOXBlBOMdpRKMLLd6gQSPLCtRgpeZthcG',_binary '\0',_binary ''),(150,'carbonygrafitoind@gmail.com','CARBON Y GRAFITO INDUSTRIAL S.A.C.','','','$2y$10$QNRdaFK86/TpN03vrSl4t.HQZeCobORHNw0f3WD4VNr0hM8Tea/0W',_binary '',_binary ''),(151,'ogpo@hotmail.com','FIRTS HIDRAULIC S.A.C.','','','$2y$10$AmDZ6nDLCX5HEVPWkAzELObD8QHmQUvBMQrBmZxHvRfO5CigQfkQ.',_binary '\0',_binary ''),(152,'electricpowerje@gmail.com','ELECTRIC POWER J & E E.I.R.L.','','','$2y$10$uABIUTaQy7qcx3iKV1tXteADLrEOYidyMzV83TY1Hhe5jMKH8uTHi',_binary '\0',_binary ''),(153,'M.CONTRERAS@GRUPOBEA.COM.PE','GRUPO BEA S.A.C.','','','$2y$10$13nuavEp5CnTcLOYtd3e9.P7vb0.kabwa2BGtyOVjkmuNfx79cHwW',_binary '',_binary ''),(154,'alan.marin@grupollamagas.pe','LLAMA GAS S A','SUPERVISOR COMERCIAL ','942032970','$2y$10$eULtbjF615pOiYN98A.OqOnjp0BdkbxGuRBAFN.OY3GgD3sOdVBzK',_binary '',_binary ''),(155,'karlalu@mapfre.com.pe','MAPFRE PERU COMPAÑIA DE SEGUROS Y REASEGUROS','','','$2y$10$L5GgULORYbPGsE3aKnvTpeqgSAmyILT7uVGSP5nleY9GzqX1AzbHS',_binary '\0',_binary ''),(156,'mariadelpilar.ruiz@atlascopco.com','ATLAS COPCO PERU S.A.C.','','','$2y$10$bl0JGocqKM1QHDgswTuswOkn0CHcoywAZmpgG/tl/nUrFx2JoTfT.',_binary '\0',_binary ''),(157,'mfernandez@fermarsac.com','FERMAR CONTRATISTAS GENERALES S.A.C.','','','$2y$10$PbJyzrZ5ycK704X5RGY4Huf.JBb88q/16jOt8.T/Q/3QcuilLXN3.',_binary '',_binary ''),(158,'adm.pcfabricaciones@gmail.com','METAL MECANICA P Y C SERVICIOS GENERALES S.A.C.','','','$2y$10$Y/pNLpYFElAH6DQLZKK/Bez6uulTaYV8ZeNmNiICaV0lMs5ydBHt.',_binary '\0',_binary ''),(159,'ventas@samisa.net','SAMI S A SOC AMIGOS MECANICOS INDUST S A','','','$2y$10$2ed9XLjJ7T41yDxMA0NLV.eK4.rQNnVFjCzb4tI4KeoJ/3WG.ZOWC',_binary '\0',_binary ''),(160,'percy.valdera@proise.com.pe','PROISE S.A.C.','','','$2y$10$xvjgrMlFIwLAo1P3wk6C8exnDiIan53CocWfGp5MWzhv90imKXE9C',_binary '\0',_binary ''),(161,'gis.srl@hotmail.com','GRUPO IMPERIO SUR S.R.L.','','','$2y$10$yPvDv207E5jHFyCnmkXu.etAB4LCGXyBPweI5B4whW9QfhQhckGVu',_binary '',_binary ''),(162,'gerencia@antayingenieros.com','ANTAY INGENIEROS Y CONSULTORES S.A.C. - ANICON','','','$2y$10$8pT2jBoCOaTcYi7VHwv3hOzOk4N7SBOB/JVRew6HpqKViZiyDbyw2',_binary '\0',_binary ''),(163,'andrea.tinoco@idrato.pe','GRUPO IDRATO S.A.C.','','','$2y$10$vx/aU5CkUaamWPlChsoLDuYF7WxrTiCqqgPJJt63yC/F/ZQYC22ri',_binary '',_binary ''),(164,'alvaro.gomez@aerocaza.com.pe','AERO CAZA PERU S.A.C.','','','$2y$10$WUIVxMieAYnszazpMLwh4uwb1t1uTvqmPCM0inuk6v8hRJ2C0c7wS',_binary '',_binary ''),(165,'ventas1@isymperu.com.pe','INGENIERIA SOLUCIONES Y MEJORAS DEL PERU S.A.C.','','','$2y$10$xDlDmU8c9m.1qELR/x0gsOVtBmtdiDP9JFZtAh8hPYIoGHW1Tnn4C',_binary '\0',_binary ''),(166,'aaguilar@compresoresindustrialessac.com','COMPRESORES INDUSTRIALES S.A.C.','','','$2y$10$zkW1kG7ODtPnKyvgzrj1cO31wBX1VfXzacSvz4MZpeZkj37xf0OV6',_binary '',_binary ''),(167,'rhuamani@gvproyectos.com','GV PROYECTOS S.A.C.','','','$2y$10$R4PKskZjHjlBi6UkTh9FH.rbIksFlZ6Gf/fae1MIQzgfWpS8TQdCa',_binary '\0',_binary ''),(168,'sefimwst@hotmail.com','SERVICIOS FERRETERIA E IMPORTADORA SOCIEDAD ANONIMA CERRADA','','','$2y$10$7n4I2Dn/ucGEvD6SZfTpiOfoO6gIRUFRePURWRjLGzZhcpcoWp/7m',_binary '\0',_binary ''),(169,'camyjare@gmail.com','CAMY JARE 01 S.A.C.','','','$2y$10$SqMp0y/CvA9bezDS0smxGOghYlwTnG96MdUjofcn.6DEUYjtddlL2',_binary '',_binary ''),(170,'percor.peralta@gmail.com','HNPERCOR S.A.C.','','','$2y$10$UubKMlDsnqIxMl540B92y.aisQqoh0VgmWKasivuLTT1P7qYiIdWS',_binary '\0',_binary ''),(171,'erivera@sni.org.pe','SOCIEDAD NACIONAL DE INDUSTRIAS','','','$2y$10$/1JeU7UWhC4NZ/B4ZJhg/.rtgYvQE17ivcZngOlDROAsOlJKMorhW',_binary '',_binary ''),(172,'administracion@serintosrl.com','SERVICIOS INDUSTRIALES TOLENTINO SRL','Secretaria','955456225','$2y$10$QLPzXG.Az3bnXSjpv/OMw.NiB99eCYyG/G4P5G0U4gs0b2e5ZyQk.',_binary '',_binary ''),(173,'adepaz@bdinstruments.com','BD INSTRUMENTS S.A.C.','','','$2y$10$ULCe8QinHDZwRCcPknK9BeiaY3974.ZhFVRR5nVqRFOCFp18/PTIm',_binary '\0',_binary ''),(174,'epc.palacios@gmail.com','EPC INDUSTRIAL E.I.R.L.','','','$2y$10$h0QAHAxrYVKp79Oy/xQ34.XuBSL/0oRZuNEub378PXqRv8hBDTEum',_binary '\0',_binary ''),(175,'gmontenegro@icyp.com.pe','INGENIERIA EN CARTONES Y PAPELES S.A.C','','','$2y$10$3ye1mHbszTcKzycKq47n6uFEOXOqejyhZ1tNEhTofr5tyFI8DmWDG',_binary '',_binary ''),(176,'adminproyectos@comesac.com','COMERCIALIZACION METALURGICA J & G S.A.C.','','','$2y$10$EHElL/PZKkqrNcJnABGuiO6qrAjvjO4tQ7k6HRnsJ61hfYkoO8ADC',_binary '\0',_binary ''),(177,'ventas@almaceneslaurita.com','GRUPO LAURITA S.A.C.','','','$2y$10$WZ2CT40eIXcfQcbXiB12nOm9tVQjP9RLZiwd8x3OlqHqCh6TJrXjG',_binary '\0',_binary ''),(178,'jnovoa@indigitalsolutions.com','INNOVA DIGITAL SOLUTIONS S.A.C. - INDIGITAL','','','$2y$10$OLb2mwb.1HiUy4NSm9HImu.RFAj7R6r9tWDxuRLUreWOMO1/JJ.8G',_binary '',_binary ''),(179,'tmachari@surpack.com.pe','SURPACK S.A.','','','$2y$10$rSm2sr1h9exhDTHaHD1jW.KekQOkGyYaTuggPXLELGwtnK1LZuTFS',_binary '\0',_binary ''),(180,'ventas@coemingenieros.com','CONSTRUCCIONES Y MONTAJES ELECTROMECANICOS INGENIEROS S.R.L.','','','$2y$10$vc.bjBLl5/SZAzoKOmzSXORxmQRueSflzteWDHH0ESvNlYfeD0Rru',_binary '',_binary ''),(181,'info@megaozono.com','MEGA & OZONO S.A.C.','','','$2y$10$coSotBXyq7iNGf4AYhs7Su0Z90HZAqRxj8GgO94LpRze4KavmbsQS',_binary '\0',_binary ''),(182,'fiorella.gonzales@grupojlb.com','GRUPO JLB S.A.','','','$2y$10$jKZI4TfpLuhzH17M9wQy7e1vydU47vwZgX4zKNbujVYgUF2FzHw92',_binary '',_binary ''),(183,'jnmservicegenerales@gmail.com','JNM SERVICE GENERALES E.I.R.L.','','','$2y$10$PQkHUYtNxwB22kOpscrAWuneid80BWIAIWxWdoVh9wNadb7Yb4jLG',_binary '',_binary ''),(184,'proyectos@arkhosantisismica.com','INSPIRA CREA ESPACIOS S.A.C.','','','$2y$10$ovd0dnmt7QDmBBIN.I1rQ.PTAa3ZDtZhzbpVsgGRNKfQHVU0UNXNm',_binary '\0',_binary ''),(185,'john.torres@efyser.com','EMPRESA DE FABRICACION Y SERVICIOS EN GENERAL E.I.R.L.','','','$2y$10$MCNNs4JRW/9g339I2On9X.iCt3vPXJNmlEVBerVnD3PiuvE7YmWA.',_binary '',_binary ''),(186,'ventas@pytgascompany.com','GRUPO P Y T GAS S.A.C.','','','$2y$10$tkRMLd5eK0Z34HITh2QhNev4pQ34M3gPdMLo/Xeur0rk3uI94k4yO',_binary '\0',_binary ''),(187,'joel.alcarraz@aerzen.com','AERZEN ANDINA - PERU S.A.C.','','','$2y$10$yFbIVmxCD643XiyWgRcOLuVk7clpDoNFTUz.s3INMVwDR1KOM.SBG',_binary '\0',_binary ''),(188,'cveliz@ekonollantas.com','IZOO S A','','','$2y$10$sws0vsD1U.op3bMnQ7CMw.bbHaCeA8KzFINI/rPWr9YyJ8rNA2j3.',_binary '\0',_binary ''),(189,'geinco.ventas@gmail.com','GEINCO J & J S.A.C.','','','$2y$10$m0hNQz2A0nAxnulziwicl.CIVcXOYub65PJmEVyzR6dkjSSnLVUOO',_binary '',_binary ''),(190,'lpereda@segursat.com','SEGURSAT S.A.C.','','','$2y$10$CVKvb6XnhWSS2ZSvO5xoAem39ujwnHnGatk0Lfaid/xOHjOrLgJje',_binary '\0',_binary ''),(191,'cromarsa@cromarsa.com','CROMARSA E.I.R.L.','','','$2y$10$ie.2j8xvtQvUZoxgJVROZut2WLn1mf1NxaIl6BDz2FfqV7Nd9p3ba',_binary '\0',_binary ''),(192,'ventas@mercbalsac.com','MERCBAL S.A.C.','','','$2y$10$wXD4CRfi97e7egJdVXguHuD9lYxNJGM50TC.HXvh442p5fI1tE/xq',_binary '',_binary ''),(193,'aiturriaga@extreper.com','EXTREPER S.R.L.','','','$2y$10$JziGKYB5GKrxx5Sc9/kvy.4nwh./YKv7ueM5RKB4QveNNQbIGDlly',_binary '\0',_binary ''),(194,'eder.campos@cmit.com.pe','CMIT INGENIEROS S.A.C.','','','$2y$10$5C94.7YRvxGpaZ3Q4mb6OuRqe1cLlRgw47yQkNDcjylmPo0dgEHM2',_binary '',_binary ''),(195,'eduardotecsi@erei.com.pe','EREI SOCIEDAD COMERCIAL DE RESPONSABILIDAD LIMITADA','','','$2y$10$yRge4ufrWdIBuc8mUUohIuBGVgWD7/tLj3qqhv.Kyg0EcFtsisHAq',_binary '',_binary ''),(196,'contabilidad@sion.pe','AGENCIA DE ADUANA SION S.A.C.','','','$2y$10$ZGzTh06cNGctVBB53NLU8OBVITYmR3hxjEnb6DOrY2FMRfaHica2u',_binary '\0',_binary ''),(197,'ventas@jhdingenieros.com','JHD ING & PROYECTOS S.A.C.','','','$2y$10$5WNkHrI4wiYSc4C3zvpmtOCCyRX2dD0ymbDq.PDt1WfsvWrtvBrmq',_binary '',_binary ''),(198,'confecciones.freydel@hotmail.com','CONFECCIONES TEXTIL FREYDEL E.I.R.L.','','','$2y$10$kb4Lh.bQmKgA.TvoW5tLQ.TUaP7VT.sB8sj.ztkA4rBd/iRJcQr.S',_binary '\0',_binary ''),(199,'ventas.coprein@gmail.com','CORPORACION DE REPUESTOS INDUSTRIALES S & LL E.I.R.L.','','','$2y$10$tN4H/UrSDGnI9pKR2LUOhumEoR33miRj.PksKZrePUKDtq6Ko9O06',_binary '',_binary ''),(200,'fgarcia@gygelectrical.com','G & G ELECTRICAL DIVISION S.A.C.','','','$2y$10$wp2ndG0122PWaDwkh2DK8uhwxTJD..KW.KisN5zDMkHa6sayeO.Wy',_binary '\0',_binary ''),(201,'induspapeleravillaflor@hotmail.com','INDUSTRIA PAPELERA VILLAFLOR SOCIEDAD ANONIMA CERRADA - PAPELERA VILLAFLOR S.A.C.','','','$2y$10$R59Rm8xCUs8k2S84k9ELju6uvknZP8/jcGY6PCEZTgAmLWqRyB3xS',_binary '',_binary ''),(202,'amador.a@hcharold.com','HC COMERCIAL HAROLD EMPRESA INDIVIDUAL DE RESPONSABILIDAD LIMITADA - HC COMERCIAL HAROLD E.I.R.L.','','','$2y$10$A62cx5tEOiOnDCY.PRjJyOIkFEzGn181TRrxMWJYpNJSQUX48/PiS',_binary '',_binary ''),(203,'electromecanica-k@hotmail.com','ELECTROMECANICA VIÑAK E.I.R.L.','administrador ','965762133','$2y$10$.otq6exai9gVEdwaPcPAMOeaKZ1lNbVldZyNGnGawTBehMJOI64zy',_binary '',_binary ''),(204,'yramirez@replica.com.pe','REPLICA S.R.LTDA.','','','$2y$10$TyjYEruWdaJvGdKwhxmXE.eQyre8sZu1GMRp9fLbBNjjqqrQ3JEdi',_binary '\0',_binary ''),(205,'adriana.flores@jasatecperu.com','JASATEC PERU S.A.C.','','','$2y$10$4DlCSyeQB5q/CEmneh7/q.Wrw8C.UWJw0sgaPYUAGSJcEzmgObjii',_binary '',_binary ''),(206,'servigabrielsac@gmail.com','CORPORACION &amp;amp;amp; SERVICIOS GABRIEL S.A.C.','','','$2y$10$7ueA3re7jnTGhxv8qiwO4uYAHE.b4A0XlAXEmcmiKX6Iy5RIuwlD2',_binary '',_binary ''),(207,'fv.proyectos@hotmail.com','F.V. PROYECTOS S.A.C','','','$2y$10$c4Hi5kAjiNn3WnWamUf78.4ZBp9.LQDkEgPKQWW/uamn/KrIiLhYi',_binary '',_binary ''),(208,'recepcion@asialine.com.pe','ASIALINE PERU  S.A.C.','','','$2y$10$K7sHTT7P64ZMc6d6pB6ESO0/IAm14R0bNUJV5nq5vDbmRmLoh1Utm',_binary '\0',_binary ''),(209,'jmenvrillo@liderman.com.pe','J & V RESGUARDO S.A.C.','','','$2y$10$1DD0B5nlFcvBOxhans4sL.fbxSGDTUMDisG7LkroNuUgZypkJbKWy',_binary '\0',_binary ''),(210,'taxitelsac@hotmail.com','TAXITEL S.A.C.','','','$2y$10$DWDlgzST4ocGoFM4X.WEyO1XaCmd8kaEqq937uW82EjKZBc0es0OK',_binary '\0',_binary ''),(211,'gissella.vargas@kaeser.com','KAESER COMPRESORES DE PERU S.R.L.','','','$2y$10$qFICIehDy7nTB4FXxq/N5OAb8cc/wbOuLoejvaphlsfWrKed6Rb.m',_binary '',_binary ''),(212,'info@electrohuarcaya.com','ELECTRO HUARCAYA S.A.C','','','$2y$10$tCxW86.NuSjKeIbdYnd.sOhU7fMOvasKh0jfVcnfovkhL8B6YXOEi',_binary '\0',_binary ''),(213,'facturacion@acinsaperu.com','ACINSA TUBOS S.A.','','','$2y$10$LJTegSu9PjVmnfYVDRuVqu6/cFMNeeAomALd4RykvFA/foE/gxYQO',_binary '',_binary ''),(214,'isabel.araujo@dimerc.pe','DIMERC PERU S.A.C.','','','$2y$10$dp8b/DENAfK6PLNWaZejMOo7GijjiX7m5uVDx.ED0wcQ0XKR/PI9.',_binary '\0',_binary ''),(215,'ugarte@bercomsac.com','BEARING COMPANY S.A.C.','','','$2y$10$f8YgeIbseBj/4C2.TY8M6./NUt7CnQ8EYB8zOwB35lB0WLM.EKS/.',_binary '',_binary ''),(216,'marketing@metalspray.com','METALSPRAY PERU SOCIEDAD ANONIMA CERRADA','','','$2y$10$GcyG2Aplz2FJx/xm.qRCc.svTw6Ib4/eP.nWi8Uk77pcEoNXkq4Q2',_binary '\0',_binary ''),(217,'ventas6@eservisac.com.pe','EQUIPAMIENTOS & SERVICIOS SALAZAR S.A.C.','','','$2y$10$BBdQpaC/5CTCZz9ZFi3Rj.yyOtJhnjZMcZyhgHGS1wAA26CS8CWqe',_binary '',_binary ''),(218,'estudioscontablespedromg@gmail.com','EMPRESA RECICLADORA DEL PACIFICO SOCIEDAD ANONIMA CERRADA','','','$2y$10$vS44J7Jq.c.0EKpX63zRBelr8Gpm3eJP3Y5ngxiBgsJJQZKnI/f22',_binary '\0',_binary ''),(219,'cesaringenieriaeirl@gmail.com','CESAR INGENIERIA Y CONSTRUCCION E.I.R.L.','','','$2y$10$Y1feRPE9Fdgwd2KRBPl3ROnt1WK801ORBbsvJL5BcJl6nitjNTECy',_binary '\0',_binary ''),(220,'ventas@acerosimport.com','ACEROS IMPORT SOCIEDAD ANONIMA CERRADA - ACEROS IMPORT S.A.C.','','','$2y$10$xJKzjy2OpZWGGw0QpWrU0u59W4X.Gvx/rjOf7WEwNgeVFnEqPwp0y',_binary '\0',_binary ''),(221,'gseas@bakertilly.pe','AUDITORES NOLES MONTEBLANCO &amp; ASOC SAC','','','$2y$10$IhV51zJU4JbFdQKEiobnzO6gOF6FdLV6LlaK8W/RUxb/cH/iw5.xu',_binary '',_binary ''),(222,'facturacion@hg-consultores.net','HG CONSULTORES S.A.C.','','','$2y$10$5DLevDXITbJcotlxWP33vu8L66ACQvh.RDwJid51YjT28zfWf5q3W',_binary '',_binary ''),(223,'gruasdelperusac@hotmail.es','GRUAS DEL PERU SAC','','','$2y$10$SFHy/2USesr2ipc4MTPsgOC.mP8EJar9ZqLBJcxvAAztzSEyA/dA2',_binary '\0',_binary ''),(224,'ventas@supercanastas.com.pe','CORPORACION LIDER PERU S.A.','','','$2y$10$5NDoY8S3ZAlmeIPwETQpX.c7P/3.5FKzYdTerCPFIn1Sguhgth6YW',_binary '\0',_binary ''),(225,'milagros31770@hotmail.com','INDUSTRIA GRAFICA VICTORIA HNOS. S.A.C.','','','$2y$10$3zrphU5yrKpOCHnbowa2QuZKKFB4NagZ9rLkG3p5M.N3K4WpOKGg6',_binary '\0',_binary ''),(226,'secretaria@gradiente.pe','GRADIENTE SOCIEDAD ANONIMA CERRADA','','','$2y$10$X7wnaqDkzv61kPiMDMElmO1xzi/qWVNnXKep/46opXcl5l8rwaRTG',_binary '\0',_binary ''),(227,'seguridadindustrialelsol@hotmail.com','SEGURIDAD INDUSTRIAL & AFINES EL SOL E.I.R.L','','','$2y$10$8fILF29DYTA2Fu3CVutMWeQvCLq2KoxizSlqtcwUxHUX83LxCprW2',_binary '\0',_binary ''),(228,'rsalas@requisa.com.pe','RESINAS Y QUIMICOS SAC.','','','$2y$10$Q5HUuCtCI/8wO1sBOAClqexbQs2BcPtcVqqcoV6bP3sDcrcIgQuOu',_binary '\0',_binary ''),(229,'proyectos@corporaciontriplec.com','CORPORACION METAL MECANICA TRIPLE C S.A.C.','','','$2y$10$mLfoiABd.xVfTeJ6B/brEuOE5Rl7WJkfl6YkemROWB/STuY5LzI.q',_binary '\0',_binary ''),(230,'jcastillo@rts-auto.com','RTS AUTOMATION S.A.C.','','','$2y$10$XHH.5Mtty52Tynp3.04yQOZclROqn2c0eS5Vy0xnxfNYidWRehqm.',_binary '\0',_binary ''),(231,'valuaciones@braschitasaciones.com.pe','BRASCHI TASACIONES SOCIEDAD ANONIMA CERRADA','','','$2y$10$/YXTyTKzooxwhk4h/Mj7E.e0Lp.ljf.LwmYF5Z.jYGxOQddE7bdea',_binary '\0',_binary ''),(232,'dextreq@gmail.com','CORPORACION D-EXTRE-Q SAC','','','$2y$10$AnaNTtD2GTvRAr9t3VhbJe6h3yQAu833iLDhBAqgW44VqFTAkZSCS',_binary '\0',_binary ''),(233,'ventas2@mundoradialperu.com','MUNDO RADIAL SAC','','','$2y$10$GyaP3GMOMw7HrmcAIHOeluwMcuQW8/WFa7mM3ds6QW4rjWKG5kE1a',_binary '\0',_binary ''),(234,'almorita_tours_sac@yahoo.es','ALMORITA TOURS S.A.C. AGENCIA DE VIAJES','','','$2y$10$DhtQBfIf9C9Tk9eNeCcezemUY9moR/BP5bc2S9bmDKADOFqbLdw9O',_binary '\0',_binary ''),(235,'ventas@hppsac.com','HYDRAULIC POWER PERU S.A.C.','','','$2y$10$HKmOSpt90ipBTy2OxqyclOJXqo6F69VobBsbdSMEMvWfCVys1whhi',_binary '\0',_binary ''),(236,'mery.navarro@rokys.pe','GRUPO ROKYS S.A.C.','','','$2y$10$dKx2bUf2i4iX4md/o3zAruu5qA59iT80IlfSnEx88TroLdH0ywJo6',_binary '\0',_binary ''),(237,'montacargascondorsac@hotmail.com','MONTACARGAS CONDOR S.A.C.','','','$2y$10$vedMnUiJJaPFIM5/oyjPsulbvc9lUJx4tl2/ktEFNVUJ0MFUMfhKi',_binary '\0',_binary ''),(238,'compu_hard@hotmail.com','COMPUSERVICE PERU SAC','','','$2y$10$JNak1lL8VA/uvAt/HLIpfO7/euzrO5iMduUPlGukOyNQ0I.oHt99q',_binary '\0',_binary ''),(239,'aurylusciana.chirinos@repsol.com','REPSOL COMERCIAL SAC','','','$2y$10$g2hvopBhi4p7kII0CKxjYOEHaw.CnJf9L/eagRte3Osm9W.c400ki',_binary '\0',_binary ''),(240,'jorge.romero@iecnet.pe','AGURTO, ROMERO Y ASOCIADOS SOCIEDAD CIVIL','','','$2y$10$uQmy.eX/VvnH9McgOtWDBO0KC3sSRqClo.bygVCC5yU8ZIWhwopUm',_binary '\0',_binary ''),(241,'joseh_ventas@calderasciesac.com','CONSORCIO INDUSTRIAL EQUIPAMIENTOS S.A.C.','','','$2y$10$dGaFkww6yXPcOoaYwo.g8Om6TryTbIK4fXir4Ycg/8yBEgvkaiAZS',_binary '\0',_binary ''),(242,'magally@cftingenieros.com','CFT INGENIEROS S.A.C.','','','$2y$10$mWdrJnwoUqSIVlNuWrZUEuU5kstaYVc7GgKdX.Ig3Eur9Mdy/0Zwq',_binary '',_binary ''),(243,'secretaria@zamtsu.com','ZAMTSU CORPORACION SRL','','','$2y$10$VQDVKUnM9Px86addXH9Qoecz.1LXSiO0t8dWfcYtBCGZ9zNRITV5i',_binary '\0',_binary ''),(244,'jdelgado@dlapiper.pe','BOTTO &amp;amp;amp; ESCOBAR SOCIEDAD CIVIL DE RESPONSABILIDAD LIMITADA','','','$2y$10$jZeojQm.BkmsAMOrlxx6ueO/L0ImSx9D29qGas.NQaYfLvktZZgwK',_binary '',_binary ''),(245,'ventas4@fequsa.com','FEQUSA INGS S.A.C.','','','$2y$10$kGjj5QzHoT7DsU.7WEfxZO8lq5KpmN529lbIRpWBHeNNidHxxCSmW',_binary '\0',_binary ''),(246,'ccampos@calpedaperu.com','CALPEDA EIRL','','','$2y$10$rc9X6T4DzoMNEOLzq5x65Ox4SbxZkiD2K1EWhZMVTHOP2/j7cvL8W',_binary '\0',_binary ''),(247,'erraulsoto@hotmail.com','EMPRESA RECICLADORA RAUL SOTO E.I.R.L','','','$2y$10$uYhzjvBzdtr371zAm1oC1.OkqJ2coXZgZ.P9uCMu5oHZJQj7848oG',_binary '\0',_binary ''),(248,'ecarranza@sudamericana.com.pe','SUDAMERICANA DE RODAMIENTOS S.A.C.','','','$2y$10$BAE4J55SMZFHJ2acAj/TMuIjrvKbL.euU8Z3vGFRivQzF7aQ7CQzq',_binary '',_binary ''),(249,'ventas@keydercompany.com','KEYDER COMPANY S.A.C.','','','$2y$10$2QBh9.IAEm9KLM.cPcttou6q2/77pTxKurBYFiOVfNzHwqRq3Ek72',_binary '\0',_binary ''),(250,'ddelgado@tottus.com.pe','HIPERMERCADOS TOTTUS S.A','','','$2y$10$uSd.8CoZHuvzh/NbYiw5nuHIfYBFlWOt5QsqLv/lCImR2/nozWwhG',_binary '\0',_binary ''),(251,'jjara@malvex.pe','MALVEX DEL PERU S A','','','$2y$10$cVf03HwGbkONpAk16zGJI.QkJBmBKeSWkAxG8UU2lH1Z5d2xIIw.a',_binary '\0',_binary ''),(252,'adm.sucursal.lima@alltronicsperu.com','ALLTRONICS PERU SAC','','','$2y$10$/m.UbQGZztyLLUQQEUBt2OedIYu8GvIxbt2kb0WXVFcOpaKa1vbSi',_binary '\0',_binary ''),(253,'lzuniga.provalua@outlook.com ','PROVALUA S.A.','','','$2y$10$mvODeDXGfIHEcp3fWGiVreUEp2Nu7pV8cldo.k0z1NdXitwRMWunS',_binary '\0',_binary ''),(254,'cchumpitaz@envaksac.com.pe','ENVAK S.A.C.','','','$2y$10$j.n93sMUH6smgKKAkKatVebZ6W/Rymbes1ORgtaZ3azNHpHUZ6qOa',_binary '\0',_binary ''),(255,'adinsaperu@yahoo.com','ADELANTO INDUSTRIAL S.A.C.','','','$2y$10$nOB32W91MKf14Ws3YZ9DqeQp8VzD.64zulDU/z.Z1t7yoOvTzzaa2',_binary '\0',_binary ''),(256,'ventas4@diajosac.com','DIAJO S.A.C.','','','$2y$10$o53.olD9zsIm/DmOmw6pWexugFMJoED20Qy9ULjVcLYr4VJRXeKm6',_binary '\0',_binary ''),(257,'heyserg_sac@hotmail.com','HEYSERG S.A.C.','','','$2y$10$uoeQsaadxwu3xI9ej7sZ5eoJYiZwGuJ1PQc8K/NPtgwBaiyVK8Ffy',_binary '\0',_binary ''),(258,'dmolina@its.pe','INVERSIONES TECNOLOGIA Y SUMINISTROS S.A','','','$2y$10$YOiHWzfn6TxnEGQeF4PUUuhihgiJlutrVwV//1zaKRoz..xikMWiy',_binary '\0',_binary ''),(259,'mdelgado@talentandcore.com','TALENT & CORE SOCIEDAD ANONIMA CERRADA','','','$2y$10$Be3a9Jzj8IOwpx4pxdH1CupPw6IbS4m.uObiCg8hJL3Ti2okc88Y6',_binary '\0',_binary ''),(260,'fiberwool@yahoo.com','FIBER WOOL INSULATION SRL','','','$2y$10$/T5ncjgnZ6Le/j9fdaliFO.NxzIwvEwNkf/LsRwvOfSAH3eDeUpW6',_binary '\0',_binary ''),(261,'carmenfitzgerald@hotmail.com','C & C SUMINISTROS SRL','','','$2y$10$nBaMizwB2xt/fIGpyl2vEuLbHqkV02i3hCIOkqNee/iO65dgvJ8Jy',_binary '',_binary ''),(262,'cobranza@securitycheckperu.com','SECURITY CHECK SAC','','','$2y$10$9fUWxGNLJ9u4bIqgquy.TOumCY51b7RDhIT7X2rIBO5CMhLi7Xg2m',_binary '',_binary ''),(263,'avancelsrl@yahoo.com','AVANCEL S.R.L.','','','$2y$10$LlQepJX4KogQg2ZiNWHb9ut8nkR/CQGQUF1dChBc2VsUDSs5G2fgW',_binary '\0',_binary ''),(264,'cobranzas2@ancro.com.pe','ANCRO S.R.L.','','','$2y$10$wSYILH/LlP6SIYke60CukeB.oIeE60zcG4ucAwBihi2EthstixNUi',_binary '',_binary ''),(265,'HugoEduardo.Corona@Honeywell.com','HONEYWELL PERU S.A.','','','$2y$10$.S7QIQAMjSAdxRrPeXm3WO37d2ETQkoajG6Bvpck4L5J3jWyy00pu',_binary '\0',_binary ''),(266,'jcabello@transligra.pe','TRANSLIGRA S.A.C.','','','$2y$10$jaN5sFJMx0copE.tyv5pVO2zX1.zi4tn/XJqBrdJv/8LhV2PzBcby',_binary '',_binary ''),(267,'melcyn.eirl@gmail.com','MELCYN REPRESENTACIONES Y SERVICIOS E.I.R.L','','','$2y$10$s6scWXTMBXhad1XqmyWeBOJRGBzvZr53Fx37MRBlhlOTKEy9f.Xkq',_binary '',_binary ''),(268,'harlhet.chavez@bureauveritas.com','INSPECTORATE SERVICES PERU S.A.C.','','','$2y$10$dPypsUrcdBkmjoFPS.2mleS0MAlz25CRwpE0R86szZ26dI3D.6w9q',_binary '\0',_binary ''),(269,'lsouza@dynaflux.com.pe','DYNAFLUX S.A.','','','$2y$10$5xo.sFS0AyCzxtUjG5eAGOJ39Ub5HhU8GxtoS4y8ZyN5UjTt.Y5Im',_binary '\0',_binary ''),(270,'ALEJANDRO.CHAVEZ@SIERRASAC.NET','SIERRA SERVICIOS INDUSTRIALES SOCIEDAD ANONIMA CERRADA - SIERRA SERVICIOS INDUSTRIALES S.A.C.','','','$2y$10$jDEBGolPJRhoRwpNWwlphOmC5epu1aIqZded1GeMm.ehbpCW3MMmq',_binary '\0',_binary ''),(271,'asis.comercial@fumymser.com','RYM FUMYMSER S.R.L.','','','$2y$10$z5kpRwkweUIV.t0cOJAm6Oev9cPVLIYHS0AecVMV/QhcgJTMlrRee',_binary '\0',_binary ''),(272,'pvelasquez@rvalvulasyconexiones.com','R. VALVULAS Y CONEXIONES S.R.L.','','','$2y$10$ARc1rZe.I7dqThyesnQoy.zcZJ7/JgJoTUWhbJ03e4tDmX6ejbZhS',_binary '\0',_binary ''),(273,'ventas.lima1@arclad.com','ARCLAD DEL PERU S.A.C.','','','$2y$10$AEiRWD21xQukwHJTGGmxnul2qyfc5mU3BESNdBLkg3ZSE/6EUESoC',_binary '',_binary ''),(274,'ventas@ceiingenieros.com','CEI INGENIEROS S.R.LTDA.','','','$2y$10$wv.bMeIRJU4Wtq6xXTysRO7cLJARzzBldkA2nEYNS2ksDPSIoODJG',_binary '\0',_binary ''),(275,'magali.marcial@hpe.com','HEWLETT - PACKARD PERU S.R.L.','','','$2y$10$dI.cuBd6NIK3nQr4rs4fLedAEJPqwvCgIT53slYy/x./T0JTT1qLW',_binary '',_binary ''),(276,'reservas@antiguamiraflores.com','HOTELERA ANTIGUA S.A.C.','','','$2y$10$UwLgGgGlk4oiIIZjKK.faecUKw6bYhH8SYTBc6ty5EwVPrNsiB8Gq',_binary '\0',_binary ''),(277,'facturacion@bermarc.com','INVERSIONES BERMARC E.I.R.L.','Asistente de facturación y cobranzas','997 295 718','$2y$10$7RmsDICWJJA.Z1HoxeUVMOJ64X3AffJ5mffdHghapWTRnZJL1vkkK',_binary '',_binary ''),(278,'resortes_coferca@hotmail.com','RESORTES COFERCA S.R.L.','','','$2y$10$qNv4VBt0y6HghoE756ScheppedzbyxcpRYTv/5c0SVV5o4PUMoRAu',_binary '',_binary ''),(279,'mtapia@equas.com.pe','ENVIRONMENTAL QUALITY ANALYTICAL SERVICES S.A.','','','$2y$10$P1R6PfJlcjR/PfdQ.Yywf.GG6vt4n1MKHWZ5bXFvq1CmGFYWp326u',_binary '\0',_binary ''),(280,'vmorales.ventas@fmindustrial.com','FM INDUSTRIAL S.A.','','','$2y$10$ziIvsFwZ7x1USIC7INpG9eZUkHMLAdDz06qlea6XjbtqhRPMy5D2C',_binary '',_binary ''),(281,'liliana@rodasur.com','CORPORACION RODASUR S.A.C','','','$2y$10$9g4ALiNfD24NvNvOM/G.se6tcrNCk70j0jX2R0MbPhQpKWD78iFse',_binary '\0',_binary ''),(282,'jhernandez@elastomerosyderivados.com','ELASTOMEROS Y DERIVADOS SA','','','$2y$10$8JEqgvH/7kgmiNiHioKRDuMAXJ79b0aVYaSD3KVUomclCWZ4ejmzO',_binary '',_binary ''),(283,'chcastro@afgtecom.com','AFG TECNOLOGIA Y COMERCIO E.I.R.L.','','','$2y$10$PjknpJpyR968Zwa5R0M0JeU4nbHA7/DrLD.hPVvw7USGf93fli7Ea',_binary '',_binary ''),(284,'ventas06@esconsa.net','ESQUIVEL CONSULTORES SOCIEDAD ANONIMA','','','$2y$10$uanKP2HCoWS0tU8E.To4uu5aiFCeNhBGdq.3W2JgU0zXb6/oJdDi2',_binary '',_binary ''),(285,'afitecsa@hotmail.com','AFILADURIA TECNICA INDUSTRIAL S.A.','','946083796','$2y$10$Hdeii3m9F2Er/pAJgGZUNeI2qLqsueqN/WnFoBGm.hpbNZVQfMf9e',_binary '',_binary ''),(286,'jlbelleza@cofasa.biz','CONTROLES DE FLUIDOS Y AISLAMIENTOS TERMICOS S.A.','Asesor Tecnico comercial','996 511 351','$2y$10$t8Ik8ggaEKxIgwTZH0geseqQVBjhPymT/j9Rut66sC6eM8wjNGc12',_binary '',_binary ''),(287,'empresatornonochi@hotmail.com','TORNERIA NOCHI E.I.R.L.','','','$2y$10$ZVU1F5F5Uc/qq8gCAItV8.k/foDTZ1QUxoNRwP3ptDz4Jjvetb80q',_binary '\0',_binary ''),(288,'calderos@calderospiedra.com','CALDEROS PIEDRA SRL','','','$2y$10$84P3cwgFufQUc6qXhsyJJOviJLfvrcClsC9GRrP6RGGoA6y93/7IG',_binary '',_binary ''),(289,'maribel.huanca@codiza.com.pe','CODIZA S.A.','','','$2y$10$sx6HCBQMmHF3pHF4Rk0swOTix/PX.XgfQYhx.cpYIAjyTNYDz1j76',_binary '\0',_binary ''),(290,'ventas@absisa.com','ABASTECEDORES Y SERVICIOS INDUSTRIALES S.A.','','','$2y$10$8mD5tG6/GqHUkmP38gGl8uHd2dtC3rKdRUgG.X5aUxCYF.hWg7ceq',_binary '',_binary ''),(291,'jlozano@cea.com.pe','COMPAÑIA ELECTRO ANDINA S.A.C.','','','$2y$10$2dE2yqa0O35cpwOHbNK8Su/UOuB93D3Kx5O.6dDBBH4yRqBjy7cNG',_binary '\0',_binary ''),(292,'comercial@ivartexperu.com','INVERSIONES VARTEX S.A.C.','','905449020','$2y$10$QDUoYG0tVJ9pMujGONupouGQHRv84/rhFvNqNkRFGLA.Ndrb4jNz2',_binary '',_binary ''),(293,'juandiegofulgueiras@dm.com.pe','DISTUGRAF S.A.C.','','','$2y$10$Nh0BL2o5otKZNKAZE8z.yO3mGghYuXh2z2thEftDEzDsqoBq8liau',_binary '\0',_binary ''),(294,'ricardo.palma@qanders.com','ANDERS PERU S.A.C.','','','$2y$10$dv1rNPY8GUXTeO5WQotZ4OFURT5PhYQwCW2C771afGbNVmEIr.IDC',_binary '',_binary ''),(295,'fgomez@scomar.com.pe','SCOMAR S.R.L.','','996000844','$2y$10$sH3WfRtoh0.ViqORanW3EOJ1y5xTy0djLO2GmaSP3BLF7WGyjCa2.',_binary '',_binary ''),(296,'lduenas@carbonwatt.com','CARBONWATT S.A.C.','','','$2y$10$9lUEpCozyHf8tYjdzxjwbOWGCa6tnfLLX6XMRnBBkqnCRH/Efie8u',_binary '\0',_binary ''),(297,'sramos.abracensac@gmail.com','REPRESENTACIONES ABRACEN S.A.C.','','','$2y$10$g3YSicbyyLjw9TlgZ7x1IO51N/ajb0ONiY.x7uD2Nbn7tbduTAwQy',_binary '',_binary ''),(298,'aromero@pozosacisa.com','AGRICOLA COMERCIAL E INDUSTRIAL S A','','','$2y$10$EJPaGkhvmf3r2Dlotg4gC.AB66yj5kUt.FQV97YDb1iDJyNLGFvPm',_binary '\0',_binary ''),(299,'compralocal@pegafan.com','KURESA S A','','','$2y$10$3LA4czpbXZ9HvCszuiD6Cuj7pyyNfHXebKN9RhsiGJmnVaCepnRIy',_binary '',_binary ''),(300,'jalarcon@hidrostal.com.pe','HIDROSTAL S A','','','$2y$10$pdiX.b3K7xipPltzDecahOX.d8W.rsM7dLRkKh3TLVQJzTRGBTMIW',_binary '\0',_binary ''),(301,'ana.canales@ingredion.com','INGREDION PERU S.A.','','','$2y$10$f3cpqdY12zoSqtqCULHSNOXlW3YM1DMCUQ.pWLzdG3GrYNOvLjxOm',_binary '',_binary ''),(302,'contabilidadcorpologistam@gmail.com','OYAGUE MALPARTIDA OSCAR ALBERTO','','','$2y$10$pAv4Yr3UuewN3rpNNAvIHex.zI0pinMIiZ1QKmrURff8zBXA1YdrK',_binary '',_binary ''),(303,'facturacion@cerper.com','CERTIFICACIONES DEL PERU S A CERPER','','','$2y$10$iwQU..hq.qWVFNF7ZvdnyuqXC8cWGugEBvuZfYkW/IJXiWy0BiF46',_binary '',_binary ''),(304,'karen.ramirez@upc.pe','UNIVERSIDAD PERUANA DE CIENCIAS APLICADAS S.A.C.','','','$2y$10$zsZBr1MZSc1vcMeBtLrOWOnhRSaWCwIXIGtSNlrKGRcFqH5/lgGIy',_binary '\0',_binary ''),(305,'ginadelpilargaticapinedo4@gmail.com','GATICA PINEDO DE PEREZ GINA DEL PILAR','','','$2y$10$ezMVKTOan1h3YEfqS0uRM.ElxtuAgZSHCNZa3ByA/sARm.V7JKRFy',_binary '\0',_binary ''),(306,'elicarla19@hotmail.com','HUACHACA ORTIZ ZAYDA','','','$2y$10$PXb9Mr5pOj705GX43HIT1uSh2lwUMWlvewhEPq3zIN67wuro8xPTG',_binary '',_binary ''),(307,'medworkcgs@gmail.com','GONZALES SARMIENTO CESAR EDUARDO','','','$2y$10$t/ppnQLK9dl9lU6f6Ij8jue3W2/PkX/QSqZbJIqh2zYsyPz0QNdTS',_binary '',_binary ''),(308,'levitico11@icloud.com','PALACIOS ACUÑA JOSE MANUEL','','','$2y$10$Rl8eZkcv3Ipla8JMVluXfOg/8gfQo/5eSFZenQh3UICQzBE3bLkAC',_binary '',_binary ''),(309,'elisaconsul22@gmail.com','CUEVA LEYVA MIGUEL ANGEL','','','$2y$10$8ZY5artUkaem7gHR3GuPHuBfmXBStY2QkQfIanAA2nFdGScO6ulk2',_binary '\0',_binary ''),(310,'cbalta.1amig@gmail.com','BALTA ESPINOZA CARLOS ALBERTO','Gerente Técnico Comercial','939954838','$2y$10$RTlnXcHHfmELcRO/v37FMuAGyRjoAqCJH2NP9O79USWwyumKdve0q',_binary '',_binary ''),(311,'ventas@proyectosenmelamine.com','GONZALES LEON JACQUELINE CORAL','','','$2y$10$46ZCIlLHp2lMzIrMpZ4IheZmYV1EWQ631Qsf8Ih1GucWb6le1AvPa',_binary '',_binary ''),(312,'mundograf_15@hotmail.com','IBAÑEZ MENDOZA YRMA LIDIA','','','$2y$10$63NEikAdyqKBcjbVe3axIuaDoQ11fjugg7C6xeFDImHxD/Gxpkguy',_binary '',_binary ''),(313,'acces_23@hotmail.com','ABE POLO VICTOR JAIME','','','$2y$10$rNytPlr2Jhmx.yWUuCtMsuk..aUiEoKgLbBcmk4A6.mkfc4jYMRz6',_binary '\0',_binary ''),(314,'chaclasuites@hotmail.com','ARMAS SOLF ALFREDO ALFONSO TORIBIO','','','$2y$10$/GvRlGYEtc1Bg3FHRKi2OOvUy9PuY2y1Zi9BmIEfpXsbeyzKvb1ei',_binary '',_binary ''),(315,'dzapata@gloria.com.pe','LECHE GLORIA SOCIEDAD ANONIMA - GLORIA S.A.','','','$2y$10$O1b1OcycxU91MH0eOmEyQ.L0.vUZC7zrW.H80LcXmJDlh.voNHPaS',_binary '\0',_binary ''),(316,'jfalero_44@hotmail.com','FALERO SANCHEZ JORGE ANTONIO','','','$2y$10$ZRUecIfglhsxMVtFdYxSEu5M2HTOasgQiOBz0Ho6wFLhM6CVvNUbO',_binary '\0',_binary ''),(317,'juliofernandezgutierrez5@gmail.com','FERNANDEZ GUTIERREZ JULIO','','','$2y$10$a5kv7hdWJIuT9osgdfARMu.C7neEuEkMj9q9ZQDgPkI2LcPd/Vtou',_binary '',_binary ''),(318,'antony.estrella@adexperu.org.pe','ASOCIACION DE EXPORTADORES','','','$2y$10$x3PWZv8H638rtncLW02cC.LSNEYU4wzQWr.D7uFwTMhGFaoPigBji',_binary '',_binary ''),(319,'cchang@balducci.com.pe','BALDUCCI & BALDUCCI CORRED DE SEG S A','','','$2y$10$RXjkf1e84BWC3SuYKOo4..CGbP4cmfjp53k.mU17mWAMIYF7wIFmm',_binary '\0',_binary ''),(320,'ventasyservicios@remavisa.com','REMAVISA S.A.','','','$2y$10$9EltfYtECBUaVa3CzT4MOOqOtp4GPcbU6NusHTeTb7uT/ydJyeqNK',_binary '\0',_binary ''),(321,'vagapito@cargocompassperu.com','CARGO COMPASS PERU S.A.C.','','','$2y$10$mvMXHE3w60AO6g8ADAMBouFfL5ex3cpA9PwnKc3iVlnAZ6iH9xi.W',_binary '',_binary ''),(322,'ventas@rwcontratistas.com','RW CONTRATISTAS GENERALES S.A.C. - RWCG S.A.C.','','','$2y$10$CmxhzDfghMkHvpkw3ogHkeOKfJLzFzqegLBZMHXO5ese3nAhIlvlu',_binary '\0',_binary ''),(323,'reservas@hotelyeyas.com','YEYA S E.I.R.L.','','','$2y$10$Q9IDjCBn70MdCtyQacasKu7qQ8EZXRn6koRBhtOtPpmZV9kiDMJVW',_binary '\0',_binary ''),(324,'pargote@panasa.com.pe','PAPELERA NACIONAL S A','','','$2y$10$AkLVve4KHbjJJCKfvc3sHOHhIVnJITY.a/YQfo97Swz4FQgaBKv4.',_binary '\0',_binary ''),(325,'kromero@invesux.pe','INVESUX SRL','','','$2y$10$ZvZmShOmESi8r0S8JWGKPO9euOSqm75rGcKI9hBbZwJ9pqpxaBnqW',_binary '',_binary ''),(326,'ventasnacionales@techtrade.com.pe','TECH TRADE S.A.C.','','','$2y$10$ZwtP3FzWUy/nO6fnS5GnHeoMZ7imnO3/lrtL0VUhiTiF611yQCUuu',_binary '',_binary ''),(327,'gino@ghersi.com.pe','GHERSI POZZUOLI GINO RENATO','','','$2y$10$r6tDMWp8lk5VQTUHChS1kOUeKwKNiwX5xsqZirsDjpknJkWRqOuXq',_binary '\0',_binary ''),(328,'recepcion.chincha@cartonesamerica.com','PAPELERA DEL SUR S A','Asistente de Gerencia','926685017','$2y$10$1wnDaiZbWvBq.3o91pPsG.1TR2ps4eK/kDszGsotmisHeTi4EaRPC',_binary '',_binary ''),(329,'elsolsac@hotmail.com','PARIHUELAS & MADERAS DEL ORIENTE S.R.L.','','','$2y$10$ChkVsFsP0KwO4ZnbIvRhneLZvlb42PQyXUxjzp/rv85wEKXkB0ZbW',_binary '',_binary ''),(330,'info.semillitasdeamor@gmail.com','AGUIRRE VIVAS ARMANDO KEVIN','','','$2y$10$KltQQvmWzLjH0rRvcBU13u4ILYZr9Ipjxm9gA2H/UnwyJaPahzQPW',_binary '\0',_binary ''),(331,'claudiamontes@sharesolutions.pe','SHARE SOLUTIONS S.A.C.','','','$2y$10$cSNy4q8/McBOwthGTkrbI.mdHWNXNw0sUWADAwYTRjzra.bJx/eLO',_binary '\0',_binary ''),(332,'Maria.Yafac@marsh.com','PACIFICO S.A. ENT. PRESTADORA DE SALUD','','','$2y$10$9GVIB78Zy635UwzKJ/AwueP8EqqQaNqunLRmrhr/LGGKtlgWZ3bnW',_binary '\0',_binary ''),(333,'yramos@leoandes-pe.com','LEO ANDES S.A.','','','$2y$10$kUT9BazQfNqXMkwbQ1l0R.60qZ5k8eMXiHzyXe0h1QeKs0IlKg.CK',_binary '\0',_binary ''),(334,'sherrera49@yahoo.es','S.H. CONSULTING S.R.L.','','','$2y$10$F9bAdbk.ZDTd1XlBIPNkLe6gqCKeTHKZvA/I.NX2n5HaMxwnKuh4C',_binary '\0',_binary ''),(335,'miguelmiranda@mym-servicios.com','M & M SERVICIOS ELECTROMECANICOS EIRL','','','$2y$10$rtgKUixVwTo4Nmvnj83juOhImS1bKGRvJx9Z.UgnMXx2NQXgxoDQC',_binary '\0',_binary ''),(336,'finanzas@testcontrol.com.pe','TEST &amp; CONTROL S.A.C.','','','$2y$10$G5uIuMVYAPmVGQVY6mpJ4elY6X5dOiy3VIyx91.uB6JhnSYlj/Lfu',_binary '',_binary ''),(337,'gsaravia@solupaper.pe','SOLUPAPER PERU S.A.C.','','','$2y$10$l3.MFait8qNnrD3AxvF.6e1ao1UuK3i7z0KbUmYW3dZYqRx6slKxO',_binary '',_binary ''),(338,'spickman@synthec.com.pe','SYNTHEC SOLUTIONS S.A.C.','','','$2y$10$o13h1RHbFXNEZOZEWouC..xbVXhaNkDR0VOkLaBGXBv2yWtdbw/Zu',_binary '',_binary ''),(339,'faseelsac@faseel.com','FABRICACIONES Y SERVICIOS ELECTRO-ELECTRONICOS S.A.C.','','','$2y$10$54q.JDX4IoEIhrBfr648auaTtybVKEmsuyTn9/bqtqzuTE/TbI/QW',_binary '',_binary ''),(340,'servicios.korasa@gmail.com','SERVI KORAS.A.C.','','','$2y$10$9J62ZjWBiVx1/ymKVyewJOI1qmPs137RTmyoVy/HjLLx/uCyGz7wa',_binary '\0',_binary ''),(341,'davidjenss@kpaperu.com','CORPORACION PERUANO ALEMANA DE CONSULTORIA Y DESARROLLO INDUSTRIAL S.A.C.','','','$2y$10$pO0Q60ATNPWZ0LlkELzhHeAThvsBJmUx3FAX3t3YrE0gYqZ/Sj8j6',_binary '\0',_binary ''),(342,'papeleracarmenr2016@gmail.com','RECICLAJE CARMEN ROSA EIRL','','','$2y$10$KkPXs/wWIAIwfMJ8KyiUOe9HJthSMyKMJiFf2MTiEpCoXpfqwhQVS',_binary '\0',_binary ''),(343,'mlopez@termodinamica.com.pe','TERMODINAMICA SOCIEDAD ANONIMA','','','$2y$10$VKZpfYA7QNAOiAB6hSBQtedOmFaiKoWw6QPk0yeHPVnFm2DUig3C.',_binary '',_binary ''),(344,'facturacion@praxisecology.com.pe','PRAXIS ECOLOGY S.A.C.','','','$2y$10$qk0pT5.TxzpAZnY/uIWvHeep6yBvewobZ4OhLFcvguzxreBECWBnW',_binary '',_binary ''),(345,'solutionindustrialsac@gmail.com','SERVICIOS INDUSTRIALES SOLUTION S.A.C.','','','$2y$10$lNrz1Av81V.5s84V5SRzyua2esIgpf7fTxqwPHqDXuB6R.X3OIRpS',_binary '\0',_binary ''),(346,'kgonzales@nuevomundosa.com','CIA.INDUSTRIAL NUEVO MUNDO S.A.','','','$2y$10$MTkx83xeMjf0AEtf1kzWB.zGlMS9xqSG27bxcPpqdMy7UoSpC2OUK',_binary '',_binary ''),(347,'CUSTOMER@DPWORLD.COM.PE','DP WORLD LOGISTICS S.R.L.','','','$2y$10$5uCUmV7zXBJFsV5tmtislOmaEj11QuT8fsR0uZOcT28n/kgZ7nCfa',_binary '\0',_binary ''),(348,'d_llaja@hotmail.com','SUMINISTROS CIENTIFICOS EIRL','','','$2y$10$1UB/QyaAFESg787TGNNaIOk1aGjap8CJi6b1mesGcxCxGkvVJcdtC',_binary '\0',_binary ''),(349,'promseinperu@hotmail.com','PROMSEIN PERU E.I.R.L.','','','$2y$10$zJud4t7T8PfeIqHH2muO0.WwNsWeotqdFYIZxGlPLPjSN7akmZchi',_binary '',_binary ''),(350,'publilaos@gmail.com','LAOS & ASOCIADOS S.R.L.','','','$2y$10$X1BlcHo6YxjFXjdOQHj89ub.LHnFIBZP73h.GqLkQjDZ18AhI24bC',_binary '\0',_binary ''),(351,'administracion@warrior.com.pe','INVERSIONES WARRIOR\'S S.A.C.','','','$2y$10$UAcE8dqb2Nz8G/6e5/DiSOIVaDFujxVq6AVpaOXbtY26JecBdYlci',_binary '\0',_binary ''),(352,'facturaciones@papeleradelperu.com','PAPELERA DEL PERU S.A.C.','AREA DE FACTURACION','','$2y$10$A0Um76S/y2gGK1y7qi5wceYRJ2ix4t3KKBzeCamZ4E0hVQVL5oPmm',_binary '',_binary ''),(353,'jtorres@grupotorresperu.com','J&amp;A TORRES S.A.C','GERENTE GENERAL','981166035','$2y$10$qDJ/3wWqXim0DvE4cKLqo.bQqn9njBfQbF4UsbC.apiipf87ddJEy',_binary '',_binary ''),(354,'mpalomino@resister.pe','RESITER PERU S.A.C.','','','$2y$10$GVM6EuJNiJAba7LI5rDS6.CtM9xUY4vY2v6aJCbYRPnUiuC7aOJg6',_binary '\0',_binary ''),(355,'jsotelo@papelerareyes.com','PAPELERA REYES S.A.C','','','$2y$10$8U2pUmXnI5GTKC8PYUgqA.pSgXCuPGMMtCTRkvQGU0jcD7WtRcynG',_binary '\0',_binary ''),(356,'edison@maestranzacayetano.com','MAESTRANZA Y SERVICIOS CAYETANO EIRL','ADMINISTRADOR ','','$2y$10$ZmKUhtAmliQ14dE5qf17SOuR9CayrJlCamURXjCT9meXqaJjoEJyi',_binary '',_binary ''),(357,'jromani@tyslogistics.com.pe ','T & S LOGISTICS S.A.C.','','','$2y$10$GLf/.xu3Rls3vIdHZHU.vOMXpv.TKyHuNkJDf.POokN5sqw0FzkOO',_binary '\0',_binary ''),(358,'bsantiago@aparisac.com.pe','ACCESORIOS Y PARTES INDUSTRIALES SAC','','','$2y$10$zhozZRhNnn0zqI/zTDkk1.FVXRqxEMTTc9bK9g.1kV4SzvZXC3FzG',_binary '\0',_binary ''),(359,'RPadilla@solenis.com','SOLENIS PERU SOCIEDAD ANONIMA CERRADA','','','$2y$10$7O/4ve87XRT1oh.fiOHcbOYqG5xggcYAhwL8CWl9KHTHggn2nYgai',_binary '',_binary ''),(360,'contabilidad@corporaciontecnex.com.pe','INDUSTRIAL TECNEX S.A.C.','','','$2y$10$WL83zUnPjygo/PwIk.mKLeVFbb6rFU4kaxUT6A2thXJwMA6WYmS0u',_binary '',_binary ''),(361,'amoraf@traninsa.com.pe','TRANINSA COMERCIAL S.A.C.','','','$2y$10$DZtxiftPBAYxzNP.3fLjR.hdiE2iIiy5trgCo.H1QpM3uZ1iFTR5y',_binary '',_binary ''),(362,'cquevedo@perutaxi.com.pe','PERÚ TAXI PREMIUN SOCIEDAD ANÓNIMA - PERU TAXI PREMIUN S.A.','','','$2y$10$A8bYILXVyKsnOKhrlA9WseNPu6ZygGS0HbbhxmXmWhmZ2QCm3FV6m',_binary '',_binary ''),(363,'Patricia.Mendoza@pe.dsv.com','DSV AIR & SEA S.A.','','','$2y$10$sWU6CRvn32/Bh8RfVKJFkuClwcGqTy6chQRpoj3UiSoCTbnBnEqju',_binary '\0',_binary ''),(364,'manfabsac@gmail.com','SERVICIOS INDUSTRIALES MANFAB S.A.C.','','','$2y$10$Iw18mvgRvMThjF2mQujgdu/eqgsHgU6/BI8J/8eGf4CNhaXx8FDkO',_binary '\0',_binary ''),(365,'mantenimiento@reefpsac.com','REEFP S.A.C.','','','$2y$10$59hNMkTiNVb2KG.M9G4Sne7gqqf3oQpjuo86R/ZXjWEW5CiUvHHFW',_binary '\0',_binary ''),(366,'asistente@solicomservicesac.com','SOLICOM SERVICE SAC','','','$2y$10$wBIROWgqvx9RjMgMiWRemO.6T31sSmwa9Agf80vxSx0E2ojSG2nAi',_binary '',_binary ''),(367,'alain.chavez@matycperu.com','MATYC AUTOMATION S.A.C.','','','$2y$10$b5yS.amBtYkZr0fxMLMP4ORRBydsrotIBTa.NHSDkdjBlJFlv.wDO',_binary '\0',_binary ''),(368,'proyectos1@soeindustrial.pe','SOLUCIONES Y OPERACIONES ELECTROMECANICAS E.I.R.L.','','','$2y$10$ao3ZgDnCM0owEbnEj.7iUOtA/iZDzBbm3KhMN910o8H5ui/tp9qOG',_binary '',_binary ''),(369,'barbara.bompart@ogreen.com.pe','OUTSOURCING GREEN SOCIEDAD ANONIMA CERRADA','Asesor Comercial','994026627','$2y$10$qwLd5cTaLtl4mcgvKOuTceqkAaF9cLV8ZuU3oVjFypJ7Dh5GljGHW',_binary '',_binary ''),(370,'gpolo@lallave.com','LA LLAVE S.A.','','','$2y$10$tfOzPr.9/r8QJI6msbEosOItNznxahsKV1poWB4aBdPdrH49G89ry',_binary '\0',_binary ''),(371,'reception.juandearona@spacesworks.com','RGN LIMA PERU III SOCIEDAD ANONIMA','','','$2y$10$dSFI38TDpdj6ldWSv5F.veMOEMl2nXEvsv7GWxc4rIpMVXr.iwLsK',_binary '',_binary ''),(372,'etabrac@invercorpdelperu.com','INVERCORP DEL PERU S.R.L.','','','$2y$10$ToAQFZrXD6.oeZfqnnIEZ.vL8JpimMk2dZ29REdifD/kC8rP03HrW',_binary '\0',_binary ''),(373,'kabe@magnatech.pe','MAGNATECH S.A.C.','','','$2y$10$5cztvxKBhGRwxDMqNqkH9uMIRIwTa/sKZqXPNYlXuk7/EWrTmQXi6',_binary '\0',_binary ''),(374,'lisseth.castillo@derco.pe','DERCOCENTER S.A.C.','','','$2y$10$WZ9hB8TYdYuP3fdRslPXPeTETfmwo9mVzuTEt9pqAWSL0ww10vJDi',_binary '\0',_binary ''),(375,'eholguin@winempresas.pe','WIN EMPRESAS S.A.C.','','','$2y$10$iHS9O2nb1x.zpMsCdxlS8uxH6hcXwNrcIa/eR4d7sTGDMp6d9x..a',_binary '\0',_binary ''),(376,'ventas@negocioslumir.com.pe','NEGOCIOS GENERALES LUMIR E.I.R.L.','','','$2y$10$z69HmVQ9EOkUNrDA4kU8zeRE/tdaydO.8ASLP6UbH3kP/zkpVtJFy',_binary '\0',_binary ''),(377,'gutierrez.interperu@gmail.com','INTERPERU FLAKE S.R.L.','','','$2y$10$SV21a2feogXYndRQ2oAj7eoygmTNc9SeozJLkrKUuUz2WipvrvZNS',_binary '\0',_binary ''),(378,'a.sanchez@moblesoluciones.com','MOBLE SOLUCIONES S.A.C.','','','$2y$10$uANIt9kCCyJ1lFguVaesDe/ReSXagdmFkcEqraajgDYQy1Pg3EgFG',_binary '',_binary ''),(379,'ventas3@samplastsac.com','SAMPLAST S.A.C.','','','$2y$10$F8FTE3hxPtj1l8XFJAdf1e7sTsXo1GQO7gWwhUyAg5trbAs2IOlta',_binary '',_binary ''),(380,'ventas@securitytech.pe','ST SOLUCIONES SOCIEDAD ANONIMA CERRADA - ST SOLUCIONES S.A.C.','','','$2y$10$w.tCCf9FX5zt8v2273Kf5.d4FAG4pj0RDsy1JyQejXYZUUUV/kljO',_binary '\0',_binary ''),(381,'epazsoldan@maltor.net','MALTOR CORPORACION S.A.C','','','$2y$10$5PTWNg1m8f.Jub44fnS2U./GN1gFsh40jnPefshH7LTpVHub7ZA5m',_binary '',_binary ''),(382,'papelera_jesussac@hotmail.com','GRUPO PAPELERO JESUS S.A.C.','','','$2y$10$mhv8jyO7XeEF4zuLigYPR.nx3wkX2utdBUGHSYoJfOUDC4CI0y0rm',_binary '',_binary ''),(383,'hildebrando@wetchemicalperu.com','WET CHEMICAL PERU SOCIEDAD ANONIMA','JEFE DE VENTAS','992 157 248','$2y$10$VLWq6yBrbyF71KP.qKNWveTsKiVauI5FAtoks8kMCcBR9P9tPbNnK',_binary '',_binary ''),(384,'ventas.papeles@gmail.com','PAPELES E IMPRESIONES COMERCIALES S.A.C.','','','$2y$10$UOj/Hl8XlRIEwHl4f321duDTV58SPg.Wkb/iLe5G1HOKENnsI./SW',_binary '',_binary ''),(385,'Ingenieria@maxwell.com.pe','MAXWELL GROUP S.A.C.','','','$2y$10$crj3yeK6i2ivR42jH5qnEeL47XnQJOLhCT0N2Is56YsxeKmCo4xdK',_binary '\0',_binary ''),(386,'luis.cordova@pe.spiraxsarco.com','SPIRAX SARCO PERU S.A.C.','','','$2y$10$Ub1/6QY8WDU8bJecIw03c.3/YPCPSUlC4mI/pYWgA2uNGgYqRyc3u',_binary '\0',_binary ''),(387,'finanzascorpologistam@gmail.com','CORPORACION LOGISTICA AMBIENTAL S.A.C.','','','$2y$10$Qt.dFFtkQzdYmafvSBNHLOYkYJprHdprsDhqugzl7b5DdhXHYj03m',_binary '',_binary ''),(388,'wluna@selzeirl.com','SELZ E.I.R.L.','','','$2y$10$n67d2wzGhjcBjIfoSdgn6ulankmxX6xEk015DdxWpIfBuGCFPqBbK',_binary '\0',_binary ''),(389,'ivera@sinerge.pe','SINERGE S.A.C.','','','$2y$10$bIkP6PhxAGbdfpazpW3AUOva5Fgn9pJi9DCTxur027c4Hmqt/pxnu',_binary '\0',_binary ''),(390,'ver@transportesenciso.com','TRANSPORTES ENCISO S.A.C.','','','$2y$10$5r/JpwcG.DIpnTu8hS6Y3.i7iV2T8qPqQjqAaXTyR/GgjVcP/rhhO',_binary '',_binary ''),(391,'dvalero@sgmfacility.com.pe','SGM FACILITY S.R.L.','','','$2y$10$2z32c8.OXNAvW2p3sR6pxuh1Pgt3UqcZZttI0liVT9Iwn19fLIChy',_binary '\0',_binary ''),(392,'myl.alata@gmail.com','MECANIZACION & LOGISTICA ALATA S.A.C.','','','$2y$10$cz/rhNlLfbollpslImRAQuFYpq8eEWdqAvrNYHwNPVqvhyWnf4AOO',_binary '',_binary ''),(393,'maquiservicesmye@gmail.com','MAQUISERVICES M & E S.A.C.','','','$2y$10$vxFowxdLnUIcZifjaoDqjuo8BpdnXRfWQXgGKLRtZwskb39DzmYNG',_binary '\0',_binary ''),(394,'acopio@reciclame.org','ASOCIACION DE RECICLADORES JESUS MARIA','','','$2y$10$a4saohOSGdsMcSObZse8KeJHEy8Rxr8jp5zcloXIYR9WVmkHrVqZ2',_binary '',_binary ''),(395,'contabilidad@jygmaq.com.pe','J Y G MAQ SERVICE S.A.C.','','','$2y$10$xclK7BETr2T8A41wqrINxemdHY1p0wdHOd5G0UL/UPFBHPDK3jgDa',_binary '',_binary ''),(396,'formatos_intergraficos@hotmail.com','RECICLEMOS S.A.C.','','','$2y$10$cKynpkUyze7gMp7btKzsfeQdOteEMkkOdql6eOWQ4hRA07MdF838C',_binary '\0',_binary ''),(397,'larce@resinasyacabados.com','RESINAS  &  ACABADOS  S.A.C.','','','$2y$10$FHQI9ixvotb8V0Y5r/aXAuqJdaaHFI/YWYq2ekQDMbPcA4ckZgNGG',_binary '\0',_binary ''),(398,'comercial@smipretell.com','SERVICIO Y MANTENIMIENTO PRETELL EMPRESA INDIVIDUAL DE RESPONSABILIDAD LIMITADA-SMI PRETELL E.I.R.L.','','','$2y$10$E2l6iEpaCpuALKOU94Sr8u0MuK5rIQnGZ/tS1Ldss6f87ba.wjtYO',_binary '\0',_binary ''),(399,'2gbase@gmail.com','J & S REFRIGERACION INDUSTRIAL S.A.C.','','','$2y$10$wr/g.5QcJd4J.nPEkB1sluGp69whDWgYwzthpfqtymqckLORg0QWy',_binary '',_binary ''),(400,'cpaucar@tag.com.pe','TECHNOLOGY ASSOCIATION GROUP S.A.C','','','$2y$10$SVNFtSY5jbCU.iuhiaRsTu76MPBZYoC1J9epjLbfFGuvHX3HXu0gS',_binary '\0',_binary ''),(401,'ycabello@ancor.com.pe','VELCAR PERU SOCIEDAD ANONIMA CERRADA - VELCAR PERU S.A.C.','','','$2y$10$t8s5vH.qFihzkPV1Ur4U3.yV5g3/XV994akQfa2EteCYznJEbcQcS',_binary '',_binary ''),(402,'road7finanzas@gmail.com','ROAD PROYECTO S.A.C.','','','$2y$10$BRz0TdTHmJWxaTqAZ5Ouh.5o0eSL6C6IrZHstPjfE2aeTPIqRPckO',_binary '\0',_binary ''),(403,'administracion1@mastersi.com.pe','MASTER SUMINISTROS INDUSTRIALES S.A.C.','','','$2y$10$u5lA2bomM10ZoGHjK7P/ne9jxFCCHxnE9ztJFEI6ubPi7c3KbMn2a',_binary '\0',_binary ''),(404,'eli.corzo@sinba.pe','SINBA SURA S.A.C.','','','$2y$10$YkWuoFU0v2.g0/asqEYSHev.kbwQjBWT1IOpOpHdlbnZHfDJWqbje',_binary '',_binary ''),(405,'ventas@quimicosindustrialespyg.com','QUIMICOS INDUSTRIALES P&G E.I.R.L.','','','$2y$10$TAF5w6pUQx78SZoIZXg24eTnPKtPSUH/PkeDTL2T4/lhRzHktnhd6',_binary '',_binary ''),(406,'susana@sukarecicla.com','SUKA ECOLOGICAL SYSTEM SAC - SUKA ES SAC','','','$2y$10$RuI8HhNuQmjdO8PTWu4wI..ZwI91kqaB1T/76oYm/Wio23PAe7FGa',_binary '\0',_binary ''),(407,'facturacion@idetex.com.pe','IDETEX S.A.C.','','','$2y$10$iuL.o7N2wzgSpFkwxHhDwOh/ffAeyU/S55XRJPzm.4I8E.qSj6ScW',_binary '',_binary ''),(408,'adi.duenas@strategiabtl.com','GRUPO COREL S.A.C.','','','$2y$10$5rf5r1h531Cp5diiqs3CeODYex9QSFI5usORkj8zdHSkYPRdaYGR2',_binary '\0',_binary ''),(409,'rsoria@maquinarias.pe','MAQGAMA S.A.C.','','','$2y$10$wwO6AZ7xWdQSB73taI2aT.GhL/mdOZ6ImubAyKmbmfVyCQ941g7zy',_binary '\0',_binary ''),(410,'rhinojosa@ruajcorp.com','RUAJ CORP. S.A.C','','','$2y$10$2NVuPnpkpCNzJamSY40zbu2O5ABr4y.f1ypGq7kynWJup7AqJX.iW',_binary '',_binary ''),(411,'invguerrerolucas@gmail.com','INVERSIONES GUERRERO LUCAS S.A.C.','','','$2y$10$wvKMIMvUUKCwHdikTGx91.Y9OQmXsvoHUD77hmyGmxx6ch.qbOfVm',_binary '',_binary ''),(412,'fyc.multimet@gmail.com','F & C MULTIMET SOCIEDAD ANONIMA CERRADA','','','$2y$10$ub45zVpkDuN2emWWczsiDutx9ehmWtpZzdXT/Agb5E50qWFX3U93i',_binary '',_binary ''),(413,'ecoreciclajeeirl@outlook.com','ECORECICLAJE E.I.R.L.','','','$2y$10$vwkoY8HLUF7qNW0FLzSk/u/Py1jZESgRVzkJTyHNljs60hSwqVG.C',_binary '',_binary ''),(414,'ecometaljari@gmail.com','ECOMETAL JARI C&A S.A.C.','','','$2y$10$t.4B2FVrmQnYWo75Dr8/NOXiaLPFIbofxlFuNzAc/.Tmv0tctBP1C',_binary '\0',_binary ''),(415,'transportesedwinypaulo@hotmail.com','ACOPIADORA EDWIN & PAULO E.I.R.L.','','','$2y$10$bjZDeog0BmvHcHp0Vd7jF.4ygjiz2cCBJt9pyyn1Fc.L2n0XiOrsa',_binary '',_binary ''),(416,'ventas1@nkycperu.com','NK&C SERVICIOS GENERALES S.A.C.','','','$2y$10$swt3hB0Ecni281so1A7ja.K041kRKjaOri.ThgAAU4o.p4/U974Rq',_binary '\0',_binary ''),(417,'greenplacesac1@gmail.com','GREEN PLACE C & C S.A.C.','','','$2y$10$oo08wbqKIBjCV92ULF/9GO2FXfqdWSzh0xBWwyZ4FsmXqwqWSNfjy',_binary '\0',_binary ''),(418,'ventas3.probotech@gmail.com','PROBOTECH S.A.C.','','','$2y$10$r1N.WxGhGC18yn5Bq2a0Y.Mb9ELY6qxB8lfC7SkObmgezZNZjMrjO',_binary '',_binary ''),(419,'angelasg.selvakoba@gmail.com','CORPORACION SELVA KOBA E.I.R.L.','','','$2y$10$17VDC4uiQNdiqID7tRvhHOxyvWcXjEtnlF2BWtpNhtt/nzAaY3IHW',_binary '\0',_binary ''),(420,'wpaucar@serproindsac.com','SERVICIOS Y PROYECTOS PARA INDUSTRIAS SAC','','','$2y$10$YP49t1W5wn.KLCJ5bwE4CeuwMflsbyqhIGMIeIDSlFLeysZVTgByO',_binary '',_binary ''),(421,'mllanos@mgmtransmisiones.com','MGM TRANSMISIONES S.A.C.','','','$2y$10$9WBos.GxwRGDmtnnF5DW2.ny8b4KMWT7KfGlILkHOVtHm9qp8Qx9W',_binary '',_binary ''),(422,'papeleradrg@outlook.es','COMERCIAL BRIGMAR E.I.R.L.','','','$2y$10$auuRZCj3dGDJqF6ZSKtwkOhFIYtfvA37IGekKbKZZ5r/aFhYHC2Ea',_binary '\0',_binary ''),(423,'administracion@inversionestasack.com','INVERSIONES TASACK S.A.C.','','','$2y$10$L8QIu6JNA6epgXUjOjAunOirhxHeEby/zzh6EId8BfIBCW30WGEBO',_binary '\0',_binary ''),(424,'facturacion@bluehosting.host','PAGOMASTER S.A.C.','','','$2y$10$EysQfKXuC8/s2mU.K7/6uOPu9DD20/99iD9.TjqQ25qwbQYkWCVmC',_binary '\0',_binary ''),(425,'klopez@inecove.com','INGENIERIA & ECONOMIA VERDE S.A.C.','','','$2y$10$OxfO40fTgPQ4LmxsuXD.de0XmOqSbcQX5m0BEFFRr/r8OgdBvUWPK',_binary '\0',_binary ''),(426,'cynthia@veritradecorp.com','SMARTINFO S.A.C.','','','$2y$10$GRAcvJ0KhPmI6ZXUG8gQOulwgY5uzlYATHBWB.xY9kV30CYRzCVz2',_binary '',_binary ''),(427,'tramites.sk@gmail.com','RECICLADORA DE PAPELES Y PLASTICOS CCORI S.A.C.','','','$2y$10$.0RzwKuN3TYf9smScpjZeutrdr7GoTxeKQfjJa9VYKIyNtECyC4EC',_binary '',_binary ''),(428,'comercializadora.ysus.eirl@gmail.com','COMERCIALIZADORA YSUS E.I.R.L.','','','$2y$10$B9QVwP1Gfq8msEvapSftKejeg6G2TR/L3lUXCxqyKK/QKfMcaXJo2',_binary '',_binary ''),(429,'alina_cast@hotmail.com','RETS S.A.C.','','','$2y$10$Flgr9byDxarx1LYZu3Btt.7szpgBbsKQw/9rTOgteObTq15GxhYYK',_binary '\0',_binary ''),(430,'josbal.transportes@gmail.com','SERVICIOS LOGISTICOS Y TRANSPORTES JOSBAL S.A.C.','','','$2y$10$u7a2egmfOsoVXkXUcCFdy.mxERZLVW7hyVfepqgo6NZZ4prd30KIe',_binary '',_binary ''),(431,'operaciones@kpiingenieros.com.pe','KPI INGENIEROS S.A.C','','','$2y$10$.iRnxqVHYz3jq4TkAVaIt.CAvWqVolJ5jTG6qnXMlCPBHD60lprM2',_binary '\0',_binary ''),(432,'tigallardo77@gmail.com','GALLARDO ATACHAGUA TIMOTEO MAURO','','','$2y$10$VBnZXBwVxVYH8qeBvCh2SeN4skZATZ9BT7NNQcWwGoOQYXJ0lx1E.',_binary '',_binary ''),(433,'cintyaguilar58@gmail.com','AGUILAR VARGAS CINTY JULIANA','','','$2y$10$1HGtVigoXhyksMVTYF4qWeCpclLUct/WYVHMBR8YqbXzCXlOosdbS',_binary '',_binary ''),(434,'mecsur_40@hotmail.com','BENITES RODRIGUEZ JUAN EDUARDO','','','$2y$10$bZ.CWHwlP5XALOgmfof3muwMXTVjqzR9RG7RBhfhpmrMMUniJUxw6',_binary '\0',_binary ''),(435,'jrojas@delcrosa.com.pe','CONSTRUCCIONES ELECTROMECANICAS DELCROSA S.A. O DELCROSA S.A.','','','$2y$10$PP01uEf6dJa9SwGdoZGGfOxNyr7gFnJZAvnbm1P8GgC242Knyjo1m',_binary '\0',_binary ''),(436,'fmejia@simultec.net','SIMULTEC S.A.C.','','','$2y$10$DTH1NO/qxEG0XTJuBjk1sez8tnmSYO7OwvO.6aOSkrL9iGdjHC7By',_binary '\0',_binary ''),(437,'jtorres@proseing.com','PROFESIONALES EN PROYECTOS Y SERVICIOS DE INGENIERIA S.A.C.','','','$2y$10$kACQ1/crecUP/Xqij5ze7.n4AR.YSNsQ1bqXZzYcZtB5r3WVRxeLu',_binary '',_binary ''),(438,'ventas@roshanperu.com','ROSHAN PERU INGENIERIA S.A.C.','','','$2y$10$5Ac4M3cA.I5HcUyOMSAf1.UYzAQZtNZSU5MIvrQq2c2QWglUPoxi6',_binary '\0',_binary ''),(439,'camar.invertra@gmail.com','INVERSIONES TRASCENDI SOCIEDAD COMERCIAL DE RESPONSABILIDAD LIMITADA','','','$2y$10$MFm9MvHu4ldQHZyXuH3cNOO9ivG1qUzXktmAQB7W5iIaVnxGDzjcy',_binary '\0',_binary ''),(440,'jennifer.espinoza@pex.com.pe','PEX PERU SOCIEDAD ANONIMA CERRADA - PEX PERU S.A.C.','','','$2y$10$H1VvcU3recjm6GPCNT8BKOofk.M8AJ58qYyC/IJXCDf20tzhaC4YK',_binary '\0',_binary ''),(441,'ediaz@lumaindustrial.pe','LUMA INDUSTRIAL E.I.R.L.','Asesor comercial','959341842','$2y$10$OopqhF5sCLS74cBWdgyAh.L6BFxKoREw2rUp2pegmKFkqtpvsjTIK',_binary '',_binary ''),(442,'vivian.cortavitarte@sigma.pe','SIGMA SERVICIOS ADMINISTRATIVOS S.A.','','','$2y$10$0fQkcewW3qgUlA4avwpP1OPRtSeJxZrbRvigEQ.Bu3edaDRlqCC6y',_binary '',_binary ''),(443,'katherine@sermin.com.pe','SERMIN INDUSTRIAL S.A.C.','','','$2y$10$AIQcH8xafCXM6BJ4AfEod.jxv4.FNGR1Eg4F0QhHBRINM9Ovyy7lm',_binary '\0',_binary ''),(444,'mherran@ambulanciamayday.com','SERVICHECK SALUD S.A.C.','GERENTE ADMINISTRATIVO','991385603','$2y$10$xNBkVDF4vSflearoLiaRDuWgW5wJGhw1GK8WxXMb6PgfUhC0WCJNi',_binary '',_binary ''),(445,'corporacionisaval@gmail.com','INVERSIONES ISAVAL S.A.C.','','','$2y$10$1hlgAPnByfh3Vji2T.VcT.fLiTwLDi0YrvwKOiURKClFXGNuAy3gW',_binary '',_binary ''),(446,'susan.uriarte@hotmail.com','RECICLADORA URIARTE PEREZ SOCIEDAD ANONIMA CERRADA','','','$2y$10$nkZEkAc/A9K9bq3jtdUCs.ReHoLEQOfRpwygUIFFplqJKtPzpv9Iy',_binary '\0',_binary ''),(447,'administracion@manpoinversiones.com','INVERSIONES MANPO E.I.R.L.','','','$2y$10$abtZDwoYlMfTnXUPCZM54.BNpGqfcQHlj8xFTDwwSeeQFH6uDQmla',_binary '\0',_binary ''),(448,'sandra.rojas@atsac.com.pe','ALTERNATIVA TECNOLOGICA S.A.C.','','','$2y$10$/p1JfCgFUvYuUlKAwKJS9u4RGVUHwdyRAs/Uy/WLN21.L/sFuAQly',_binary '\0',_binary ''),(449,'administracion@servisegur.com.pe','SERVISEGUR PERU S.A.C.','ASISTENTE DE GERENCIA ','980 266 682','$2y$10$038861oa.hI59HfNUqrxReXIPUJmwB4r/Mof3Rqmjft3NnvasKuNy',_binary '',_binary ''),(450,'spinto@corprisa.com.pe','CORPORACION PRISMACOLOR S.A.','','','$2y$10$aiY/arYPAVDQVl8EIQvvmuCvKeC3m2ZpYbEvLNJmfOQQirIhYsQR2',_binary '',_binary ''),(451,'pizkogroup@gmail.com','PIZKO GROUP S.A.C','Jefe de operaciones','910558098','$2y$10$wtnLZ87CJTpL0DQsPH.KvOji5xhNTTOIMuPO5EAdQScnov6vBni96',_binary '',_binary ''),(452,'geegraf@outlook.com','GEEGRAF ASESORES DE IMAGEN SAC','','998345934','$2y$10$vHmlXknr/tt0rtXPVBLP7uyWsVJ/JSQmCPAfKlc2ZEpZ1zrZC20dS',_binary '',_binary ''),(453,'masa27_@hotmail.com','MULTISERVICE MASA E.I.R.L.','','','$2y$10$dQK2eRfixSW/FlUjFMk4OuMLgkwdTk6ozbFUWoc4/FiKxnmnOaonS',_binary '\0',_binary ''),(454,'svalera@atica.pe','VALREX S.A.C.','','','$2y$10$qZ3dctuqNp1.DexByT0BkuEosluUiVa7/FFLCBWtuL1eX5MGhdcTe',_binary '',_binary ''),(455,'tecsemi.eirl@gmail.com','TECNICOS AL SERVICIO MINERO E INDUSTRIAL E.I.R.L. - TECSEMI E.I.R.L.','','','$2y$10$Avk.t5HudVOzlV7UzoXAfuvANTecj4fi23y0R6DfzQtijj29wEtCe',_binary '',_binary ''),(456,'dagobertoavell2@hotmail.com','RECICLADORA IMPERIO FORTALEZA CARLOMAGNO E.I.R.L.','','','$2y$10$/UfN9GMAog5HP5r2lU3Pweit/XvZXB3FK2K6gRp8//DtD5661TsXe',_binary '\0',_binary ''),(457,'Mecanicaindustrial.sac@hotmail.com','MECANICA INDUSTRIAL ANGEL S.A.C.','','','$2y$10$kOHK6.VUmoTpHEUuTTFUF.E8xtKkdrL12fjzdDF4/bzLLHnZHYY7.',_binary '\0',_binary ''),(458,'ventas@indusquimica.pe','INDUSQUIMICA DEL PERU S.A.C.','','','$2y$10$mN9k7SvxLGNKiGEWBxaSKuZIEJ7lFD87JyFucch7ry2wf/0IS2Rf6',_binary '',_binary ''),(459,'triggipl@gmail.com','CORPORACION PARIAMARCA SOCIEDAD ANONIMA CERRADA - CORPAR SAC','','','$2y$10$Jv/XWmOla0uWnnbSOyl3JeR8uTcj5W6.nJw2GBiYD9twieczgy2XC',_binary '\0',_binary ''),(460,'inversionesjadekfamilia.eirl@gmail.com','INVERSIONES JADEK FAMILIA E.I.R.L.','','','$2y$10$q8iIlRYVEJhnwaSdU.bRl.Gm4Ah/x2N7xgGhvQu2Q3G6FUtE0fcxO',_binary '',_binary ''),(461,'facturacion@mekk.pe','MEKK SOLUCIONES INDUSTRIALES S.A.C.','','','$2y$10$V/3cbiF3X45X4b1SUQJ8gOWLPnhKeNcBGfBU3pSUyGzakZbagwOYm',_binary '',_binary ''),(462,'n.olazabal@tecno-solucionespredictivas.com','TECNOLOGIA Y SOLUCIONES PREDICTIVAS SOCIEDAD ANONIMA CERRADA - TECNOLOGIA Y SOLUCIONES PREDICTIVAS','','','$2y$10$NPnGGjdvQbGyldYSKYW/cezHJW2w5cUl1gqNr/WUJ.yBaafGftRj.',_binary '\0',_binary ''),(463,'ventas@afiladuriaaficlaesac.com','AFICLAE S.A.C.','','','$2y$10$VoQpHwcEc2q80LXRHfo/Ce8EScNCjkcWwOpQqwPtOQnteZZ76wPqO',_binary '\0',_binary ''),(464,'rpantigoso@gruposysten.com','GRUPO DE SYSTEMA TECNOLOGICO INDUSTRIAL SAC','','','$2y$10$iF0IhhKolCpmooqQ3xJAcO1bujJmvDTEsZ67wjoa.rIPSiOzDok9e',_binary '',_binary ''),(465,'operadorlogisticogoldenperu@gmail.com','OPERADOR LOGISTICO GOLDEN PERU S.A.C.','','','$2y$10$vNeVKih2XLKE4W9tDuWxaeJPwZOWR6WvfUE0F/LGsvONSmf5ENygi',_binary '',_binary ''),(466,'eloymejiasifuentes191@gmail.com','MANTEC ECO CAR WASH E.I.R.L.','','','$2y$10$lDLnIQPeydYyT58fGz1coeAKeOYk8IQgqsl4MS454XoXtd3mR0EWC',_binary '\0',_binary ''),(467,'cobranzas@ecoilsac.com','ECOIL SERVICIOS GENERALES SOCIEDAD ANONIMA CERRADA - ECOIL S.A.C.','','992085411','$2y$10$q3R1OmfDzAaBsreZ6vckxuj2W3h5F722LHhJjr2rHLQdUQ1KbX5Za',_binary '',_binary ''),(468,'resigrale.srl@gmail.com','RESIGRALE S.R.L.','','','$2y$10$w9T..jv9z3MYNmE06U/oV.DiVd.Vn1sS4Gnjkvo6JZZA1meoZQMxe',_binary '',_binary ''),(469,'pierrepena@gmail.com','INDUSTRIAS CAREDU E.I.R.L.','','','$2y$10$iBfQLFlMiw2U3AHueFNWnuB/Xoi0MB3q9KI.ha/hp6CymdPiUV8ue',_binary '',_binary ''),(470,'ventas1@lideraehsq.com','LIDERA EHSQ S.A.C.','','','$2y$10$a/heWEeW2AWuVsipbYHvIeDeAPHQUULl.0.gDXBoPSR17qtIuwZNW',_binary '',_binary ''),(471,'Yesenia.romani@gmail.com','ROMANI CONSULTORIA Y SERVICIOS DE INGENIERIA S.A.C.','','','$2y$10$hwafsTMOPv9927EblYfsPe6qSG4qPrbpqTBoZg1fh/rns0REMP7pu',_binary '\0',_binary ''),(472,'mikeespinoza@gmail.com','SEGURIDAD TOTAL IDALAR E.I.R.L.','','','$2y$10$wR4vrS9SyIDr0QSZy7twj.aTt/c9MDSvNTU2fwpgi/8o5WktDvGIm',_binary '\0',_binary ''),(473,'roger.minaya@minfluidperu.com','MINFLUID PERU E.I.R.L.','','','$2y$10$mJRUubnySGpc.FZlhnN14.9EaH1qsM1AcCveLxwGuli10X6m19ENW',_binary '',_binary ''),(474,'cyeservindu@gmail.com','SERVICIOS INDUSTRIALES C &amp; E S.A.C.','','','$2y$10$9cOJ.2rLJgna7vUEkMyLfOCTlzjYBeHXhCV2f27qlH.s6HtWct/Ly',_binary '',_binary ''),(475,'gurbina@logisticagudb.com','LOGISTICA GUDB S.A.C.','','','$2y$10$Bh8Hwua2bx9PN7ZxtH6a8OwUzCV286y1KHOs4yrgoH9zv71tHBhtC',_binary '\0',_binary ''),(476,'thicaasac@hotmail.com','THICAA NEGOCIOS PET E.I.R.L.','','','$2y$10$gpHoAk2jH0XbFBdN4ZB0HOF0fjot5TPYUwT9J1nS5s3Z7Ur7Nubh.',_binary '\0',_binary ''),(477,'rocio.rodriguez@globalbrandsperu.com','GLOBAL BRANDS REPRESENTACIONES E.I.R.L.','','','$2y$10$S24sA7NIvypBRs6JwVd0yupSluv5ntyytEeAyqOD4/bLccvtKdrde',_binary '\0',_binary ''),(478,'admi@jetaireacondicionado.com','JET AIRE ACONDICIONADO S.A.C.','','','$2y$10$5ujrL/txXthpvLn3WV2HfOBjs0WK.MiFSSKYL4AhYead8MH/TBeWy',_binary '\0',_binary ''),(479,'proyectos.servicios.victoria@hotmail.com','PROYECTOS Y SERVICIOS GENERALES IMPORT VICTORIA S.A.C.','','','$2y$10$FH1lb4ZBRmMSGU0GoVUeEevSvtYMez3U5f0ZVPccKsdffVKnlS16S',_binary '',_binary ''),(480,'fmimportacionesindustriales@gmail.com','F & M IMPORTACIONES INDUSTRIALES E.I.R.L.','','','$2y$10$Tr28Pj2UfDkMAIkLVo4VN.IPLK.lFuy3BfPz.7tmw9A8l4kXF1iba',_binary '\0',_binary ''),(481,'ndaircom.eirl@gmail.com','INDUSTRIAL AIR COMPRESOR E.I.R.L.','','','$2y$10$TSGgW9vdJ9.aFrA/ROVG6.q.fwFHXYjW1LcvOWS9SkZzXycIEHvZ.',_binary '\0',_binary ''),(482,'montacargas_JL@hotmail.com','MONTACARGAS Y GRUAS JL E.I.R.L.','','','$2y$10$mgYSFEe.yvt4h.MP5cl2jekq3jxIBYMVoXYQ74aXv4ZrgqBUqZscC',_binary '\0',_binary ''),(483,'VENTAS@CDINDUSTRIAL.PE','C & D INDUSTRIAL S.A.C.','','','$2y$10$geVcYdc8W5a/hq79v10cDOy16Jbz9bwZgrGkTLah.OMDisKXhZiRy',_binary '\0',_binary ''),(484,'alva.barraza.i.f.eirl@gmail.com','ALVA BARRAZA I.F. E.I.R.L.','','','$2y$10$byqEgAjZMS./QVvl.3aKGOQZiyLp5STPJUql11k6myNwM1yea1b5C',_binary '',_binary ''),(485,'hilda.jara@seminarium.pe','CORPORATE EVENTS S.A.C.','','','$2y$10$VDfMRudAnxRa7f4wWGDZSOuakq8ZU5iQbDCqvc8cUnTfRX2mgo5Mu',_binary '',_binary ''),(486,'ssulca@fiberlux.pe','FIBERLUX TECH SOCIEDAD ANONIMA CERRADA','','','$2y$10$yT2NUDy.0qER4Ym8hHuVuuAyrf0baWS5zIvZ15Pf1kz4xAot62a/y',_binary '\0',_binary ''),(487,'COMERCIAL@AJVSOLUTIONS.COM','A&J VIRTUAL SOLUTIONS SOCIEDAD ANONIMA CERRADA','','','$2y$10$0SJ5To0lYO2Mpmlw/bzwzu5m61ggER3GPEjWnBfSDdgrTqGAKMONq',_binary '',_binary ''),(488,'facturacion@htmoutsourcing.com','HUMAN TALENT MANAGMENT AND OUTSOURCING S.A.C.','GERENTE GENERAL','956354662','$2y$10$E8ZboxCdNk6IjfPwa7jIqeaarADr9SI4MJ0rZyxENlMfbeWybh152',_binary '',_binary ''),(489,'implementapsac@outlook.com','IP IMPLEMHENTA S.A.C.','','','$2y$10$dvMGxLn8cIuapcFDnw89o.2DEXpStIcheBkIk3EdHtLPZIOl7qK2.',_binary '\0',_binary ''),(490,'leonidas@intratek.pe','INTRATEK PERU E.I.R.L.','','','$2y$10$v92gJjx7rIxmr7ro9F8Rmu5gkRmCLXUtWCKCdW/UGcFRcYtEMEEEe',_binary '\0',_binary ''),(491,'sistemasycontrolessac@gmail.com','SISTEMAS Y CONTROLES S.A.C.','','','$2y$10$TgdJ9uiiX.8jAY2y1rC20u0alJ7HDDE1uCWJ3gAYO.V34DplKmJYy',_binary '',_binary ''),(492,'VENTAS@SAMIGARSAC.COM','SAMIGAR S.A.C.','','','$2y$10$CzlFKRXLhKwP5bR.ZeR.6eGp63DYbYp5IHyJEVVR5q5ijKLt6P.Vm',_binary '',_binary ''),(493,'ventas@industrialalka.com','REPUESTOS INDUSTRIALES ALKA S.R.L.','','','$2y$10$EiwcLOvuz73KQ1B9DvXjDOluVskM6vcs0MQil..AEZaTQju6QEvua',_binary '\0',_binary ''),(494,'rmolina@limacourier.com','LIMA COURIER LOGISTICA S.A.C.','','','$2y$10$hCCXbMPP6M9cUCge5DNAreQmaASFhIQYTuueryyHWZXY/UXJ3sblS',_binary '\0',_binary ''),(495,'restauranturisticolurin@hotmail.com','INVERSIONES GRUPO SOLIER S.A.C.','','','$2y$10$6nmWKu8LNpz85pi.FkXHYeCmmEJx6oPchi0P6zoqc39PrLXrRN3k6',_binary '\0',_binary ''),(496,'facturacion@seleccionfb.com','FILE BUSSINESS INFORMATION S.A.C','FACTURACIÓN','934040866','$2y$10$bw/xyA4WH4yDtgW79TuJIe89EExpfgp3f431WW/yticKeUvJAp.xq',_binary '',_binary ''),(497,'ventas@armotek.pe','INDUSTRIAL ARMOTEK S.A.C.','','','$2y$10$EVry3Cwnt3/3vp0KIvUy7upukjp4pJP0EUckxeKCD0wGO8oeIelRe',_binary '\0',_binary ''),(498,'yvillanueva@convexo.com.pe','CONVEXO SOLUCIONES TECNOLOGICAS S.A.C.','','','$2y$10$JGXo4m8WkeObOe1nSzQU0OMbXuoIrnqEYNQdItkA86IYys.JgpGh6',_binary '\0',_binary ''),(499,'dave.felix@computrabajo.com','COMPUTRABAJO PERÚ S.A.C.','','','$2y$10$BijxzRQr3YvVBUTYa1Yt2exlgJdPTejz7S599IQTFiwqQKaLhTwx2',_binary '\0',_binary ''),(500,'informes@co-labora.com.pe','COLABORA NEGOCIOS S.A.C.','','','$2y$10$JBJBCZi/5ARATq4sUQngJ.c73q1kghilKOn4ni7ohHUiPU2FWjPXW',_binary '\0',_binary ''),(501,'papelera.dsmsac@gmail.com','PAPELERA DIVINO SEÑOR DE MURUHUAY SOCIEDAD ANONIMA CERRADA','','','$2y$10$whkx1q2FkfsDpbL/ej8MfOWS5gxWK/jlie0ImMwsrG1aSsjQQBGHO',_binary '',_binary ''),(502,'jars16.1998.06@gmail.com','RUISEÑOR TRADING S.A.C.','','','$2y$10$xA7MogahbGtKD1ztYD0Q3OQgh9Ka3PdL.gzVAcwmt7R1MEPl6fOBe',_binary '\0',_binary ''),(503,'farmaempresas@hotmail.com','MEDICAMENTOS PERU E.I.R.L.','','','$2y$10$pBMFReFSLihhgPRfXjaZ3ObjwfhO4Wmho7SGkCTDQm2DMK3rgMsPG',_binary '\0',_binary ''),(504,'ventas.croselsac@gmail.com','SUMINISTROS CROSEL S.A.C.','','','$2y$10$MHrZY2h/Lz.rzK83lVS.3OQIEtvcdXyB9a2pWpwLK3Mb6beulyuG6',_binary '\0',_binary ''),(505,'kbechara@evaluar.pe','EVALUAR.COM S.A.C.','','','$2y$10$1u.ZBOuJOH3ilRWC6cwve.PpN7284GjnpbVjAKxDgTHinFRDeFYMe',_binary '',_binary ''),(506,'maryann@insideb2b.com','INSIDE BUSINESS TO BUSINESS S.A.C.','','','$2y$10$6j8IVVvEXex4n9g2UV/Wv.NPD0aHwjawIyErJTvWJNvT6LHEsW6dq',_binary '\0',_binary ''),(507,'cobranza@dogma.com.pe','DOGMA ESCUELA DE NEGOCIOS S.A.C.','','','$2y$10$Ugdo.xZOfIogXghLxSqJSOK1d7uFlhtDXLfn6jRv8fmn2niAz4xOe',_binary '\0',_binary ''),(508,'martinscaramutti@circuitografico.com','CIRCUITO GRAFICO EMPRESA INDIVIDUAL DE RESPONSABILIDAD LIMITADA','','','$2y$10$r9vUkfXoQvcV98s1PspWUu.w.6PwFVe1L6sukghTZkQ5Qt/Jh/QHC',_binary '',_binary ''),(509,'ventas@sqaperu.com','SOLUCIONES QUIMICAS AMBIENTALES S.A.C.','','','$2y$10$y49wQ1S.sFUPB8mKCBqJl..v2/uveCRLWkyXcTxiu6vgzQDCpOYIi',_binary '',_binary ''),(510,'ventas.yasdasac@gmail.com','YASDA S.A.C.','','','$2y$10$rNg0AjZrYB2gz8VL.kiD5ufBBEU9p1GlHWYkaya2UxlrSmcvti01S',_binary '\0',_binary ''),(511,'prodafmetal@gmail.com','PRODAF METAL S.A.C.','','','$2y$10$X4O.D1c/rn1m8/yxIt6iQ.cnmL6e1jczbzQbMccDCp.Lss2xbA2tK',_binary '\0',_binary ''),(512,'paola.peralta@franklincovey.com.pe','COVEY LEADERSHIP CENTER PERU S.A.C.','','','$2y$10$uVRI5mx4D28W4X5VunI2oOCh39cERZCL0L6KUoiZjCempCiHXD98u',_binary '\0',_binary ''),(513,'tejeva.soluciones@gmail.com','TEJEVA Y ASOCIADOS S.A.C.','','','$2y$10$6HetnDAbPaKHOGIdz5er5OZQyKw4vpAGQtLzY.olgcdgNnuvpJHRe',_binary '',_binary ''),(514,'ventas@secenergyperu.com','SEC ENERGY S.R.L.','','','$2y$10$PCeQjCx6gLXrXv.frVSDDuPDG/RoBS8Xox9.oUX9vSX.fWeeVR.my',_binary '\0',_binary ''),(515,'amendez@byt.pe','B & T MEETINGS E.I.R.L.','','','$2y$10$D0p.vELJYFLpknn0Ot38Ge.Pv8bEJ1ZHGABxW7al4T5pXd0u.807e',_binary '\0',_binary ''),(516,'cosefor@hotmail.com','PEGAMENTOS POLYCOL E.I.R.L.','','','$2y$10$fc0CDR0zJhPVwfGccJclKefLHOkA3zy.0WNQ4z3djAaUAbPp2WVVy',_binary '\0',_binary ''),(517,'kleiber.soto@mfiindustrial.com','MANAGEMENT FORCE INGENIERIA INDUSTRIAL E.I.R.L','','','$2y$10$ndn4IbXRzmTduyVobxPZcOqd7FmY8Izq3kahTfYzOkAhiCxvIeAgG',_binary '\0',_binary ''),(518,'eventos@lacandelariaperu.com','ALIRI S.A.','','','$2y$10$WDPVGe2rqPFiuvGtxSmPYu3JTpL72ef0gfZko81Y9QQfGOQsSGIp2',_binary '',_binary ''),(519,'administracionsanborja@palmettohoteles.com','CORPORATION KOPER S.A.C.','','','$2y$10$C8X390NqpTtG1lSCVBnXeeX16E8.uqntNaVPjEu3JeAUrWSuchvWe',_binary '',_binary ''),(520,'krmetales@hotmail.com','KR METALES E.I.R.L.','','','$2y$10$PhfatAY/ezqkcDc8R8JBnOws4sSWEncgWfe6JgAJ.Tz55LWVNRusy',_binary '\0',_binary ''),(521,'mgalindo@audi.com.pe','EUROSHOP S.A.','','','$2y$10$Cp0qF7fQp2yV9TRDiAxUbODha0igYjY1lPvZ7U2ZFMaHKor2w4ISW',_binary '\0',_binary ''),(522,'ichickabil@gmail.com','TECNOLOGIA ECOSOSTENIBLE DEL PERU E.I.R.L.','','','$2y$10$EQm3wmy6d/TGZK0p5WGtfursWSNJYf7XwpSFfzDbUVGzig.UjltfW',_binary '\0',_binary ''),(523,'eduardo.casado@venturalia.pe','VENTURALIA CONSULTORES S.A.C.','','','$2y$10$Sl2Z0cAFjdmyE/qBpAcnMeS8zVJs/.q1n1.YNcMuC7WTeTU2YTGYK',_binary '\0',_binary ''),(524,'sup.proyectos01@t-macsac.com','TECNOLOGIA EN MECANICA Y AUTOMATIZACION ELECTRICA T-MAC S.A.C.','','','$2y$10$Hru5Xqf4BJkklBhvvLNvqO9kdX2ZIpE7pvrcgwO9B7e5Nm6rMFYw2',_binary '',_binary ''),(525,'johana.mesa@entel.pe','ENTEL PERU S.A.','','','$2y$10$17HDLkBODuvrs/ZeajdVKeK0nvtzYRAusstUBN3f4BpL3LwOoO2ZS',_binary '\0',_binary ''),(526,'aaron1327x@gmail.com','RECYCLING ENVIRONMENTAL A & J S.A.C.','','','$2y$10$ggHThP9jjryuDHmJoBP79uDkgorgHkdpCBwKcunrPOz8zN3BKcgj6',_binary '\0',_binary ''),(527,'contacto.zunka@gmail.com','BARBA VALENCIA VICTOR JOSE','','','$2y$10$QG10lqnBOprmUcT1EPHH8e4OcI8y8c.3uCCRaozH9dGv6YJxg46jC',_binary '\0',_binary ''),(528,'09asmad@gmail.com','ASMAD PEÑARANDA WILBER ERNESTO','','','$2y$10$G6oNQn4gcXW8NT/0knoRJuuRZJqfBLlCFpONmTAYHafQT60lJijLi',_binary '\0',_binary ''),(529,'tlogistic.fcr@gmail.com','TRANSP LOGISTIC F.C.R. E.I.R.L.','','','$2y$10$z/ZWgQYpX/nbovKFVekFhOMwqerYOCiWw7CsopDsoyyIaOIhEpubO',_binary '',_binary ''),(530,'renzoespinel@gmail.com','ESPINEL CUBA RENZO ANGEL','','','$2y$10$6DlLGlg.yny.7nGpOmetV.aw6Z1OmRyDl.GciDLFhNUkuk.VrAIAa',_binary '\0',_binary ''),(531,'satryc.eirl@gmail.com','SOLUCIONES AMBIENTALES DE TRANSPORTE Y COMERCIALIZACION E.I.R.L.','','','$2y$10$6pPAsbQQ1EuM0HZBIFxwFuzqNrxZxO115MWFJSM.Lk.D8h9Wc7iUq',_binary '',_binary ''),(532,'renzor233@gmail.com','PECORD ENVIRONMENTAL CONSULTING SAC','','','$2y$10$yPIjf79TVq2aDWU9zr6PXeA9gVrpX/vecYoqowiVrJ/dcQr1XEE1.',_binary '\0',_binary ''),(533,'reciclemosmyl@gmail.com','RECICLEMOS M & L S.A.C.','','','$2y$10$RIN5a7RALkmCs.SKZOMAveqt5Oj9j8OOMetc23jTnJD6aJ833QgYe',_binary '',_binary ''),(534,'berthacamargo789@gmail.com','BRAVO MALACHE ALAN ESTEBAN','','','$2y$10$cixATijnK2qx3VlOKJTGjeueFAE1E4JFP3xOM2iSizADQSXiMAB6a',_binary '\0',_binary ''),(535,'ana.arrieta@effectusfischman.com','FISCHMAN Y ASOCIADOS S.A.C.','','','$2y$10$B8fkia.u07g8WJhCD62Fe.57vO93kMTLhWgTdWytqZ/C0XPaIscB2',_binary '\0',_binary ''),(536,'awalter@grupofibraprint.com','FIBRAPRINT S.A.C.','','','$2y$10$fouHQ0VSnuObQk5/ZHGWgePE/9ozhEOf2J.HBrV1BCBeaqMlsPLC.',_binary '\0',_binary ''),(537,'fp@futbolplaza.com.pe','FUTBOL PLAZA S.A.','','','$2y$10$plBaRHQcDNZtlAEYy4vu4uFQVg62YR7dWT3UkhhcsRYlEoe24zmOW',_binary '\0',_binary ''),(538,'inversionescuevasanta@gmail.com','INVERSIONES CUEVA SANTA E.I.R.L.','','','$2y$10$8EENHIqxea.7IhGUw3mcJ.tuvzuCr4Bj8XuYDEnRwMLtHEE2MIf1.',_binary '',_binary ''),(539,'comprayventadereciclaje2022@gmail.com','NEGOCIOS NACIONAL ROMERO E.I.R.L.','','','$2y$10$IT4IX.t2Evvhug9U99AlKe3RS20vmron/O3ovjOqZl3AsUi5yH7R6',_binary '\0',_binary ''),(540,'comercial1@rayma.com.pe','OPERADOR LOGISTICO RAYMA SOCIEDAD ANONIMA CERRADA','','','$2y$10$Mi.yfu8B2gf2bS3.2tIF7unkFF7bBJy4pOzdvq42Yy/Hns1Jbiv6W',_binary '\0',_binary ''),(541,'CLareateguiM@ransa.net','RANSA COMERCIAL S.A.C','','','$2y$10$hLf1y8X2vcvitSpCY3Py7uOC99AEfmMiRGLiugrDcrOthPtN1y7rq',_binary '\0',_binary ''),(542,'angie.alvarado@tiamat.com.pe','TIAMAT PERU S.A.C.','','','$2y$10$aiHLLGHmjzggKiB6llBAv.puzUVe09Kfu26u8mBW4ZrNhVdxcKOp.',_binary '',_binary ''),(543,'maria.morales@vanguardlogistics.com','VANGUARD LOGISTICS SERVICES PERU S.A.C.','','','$2y$10$UGfuIAr8giG1J2UOMD7JYuD/i6Tq5Cr1ohC0ZlQ9oF.AbPvtnhQV.',_binary '\0',_binary ''),(544,'aldo.merea@mareaperu.com','M3 LOGISTIC S.A.C.','','','$2y$10$tjEDZxLnmsS1MTY4R0WILePSj7Hc.qQk6V/4UKhvkb3UoIXHB18g6',_binary '',_binary ''),(545,'trabelsolutions.ventas@gmail.com','TRABEL SOLUTIONS S.A.C.','','','$2y$10$mXjr9UXX5ZkeCl7Z/H5lBu/.ZzQPtb4sg7Ir0QbVeZtqNm2ADd8Sa',_binary '',_binary ''),(546,'papeleradamapi2210@gmail.com','PAPELERA DAMAPI E.I.R.L.','','','$2y$10$kgDTQmptJENAExcUxEqWJOkhj7Rk726/XbU9utbn6zf59PghNFpZO',_binary '\0',_binary ''),(550,'nardiles@aeroaduana.com','AEROADUANA S.A.C. AGENTES AFIANZADOS DE ADUANA','','','$2y$10$9M4oC5SCMzzp..O5O8jhlOt.tyCY94P2Tyw1KCuWeVZ2RuqGguEhe',_binary '',_binary ''),(551,'factchoice@choice-cargo.com.pe','CHOICE CARGO S.A.C.','','','$2y$10$e8Rk8rnd5tbkozQXpOiOE.MriTFo228kciqiuZI0gRewduokCKAcC',_binary '',_binary ''),(552,'administracion@mandolog.com','MANDO LOGISTICS S.A.C.','','','$2y$10$xUAoLV31yvrqH/hRWWGxTeKb84fT3agHxYo9/b4I2PsVi7wtizLIu',_binary '',_binary ''),(553,'carolina.velarde@noatumlogistics.com','NOATUM LOGISTICS PERU INC. S.R.L.','','','$2y$10$BQ2nYYNXzLJm1hS/w21gH.ykNe2VINRnE8LTLICiNmrmgQ2DPuadW',_binary '',_binary ''),(554,'admin.bolivia@flexwaysrl.com','OVERLAND LOGISTIC SOCIEDAD COMERCIAL DE RESPONSABILIDAD LIMITADA','','','$2y$10$CKDDXXar1DpWgeJJsyJjjeAgpriMJPqf81LJ4UBF6lpYazzYjSmf.',_binary '',_binary ''),(555,'mcarlos@sudlogistic.com','CARLOS BARRERA MIRKO ANGEL','','','$2y$10$/odEP36rUWXTkdNyS0iwW.G6WJd.ON8Va.ugbC8BIm5LxH3r.vRkW',_binary '',_binary ''),(556,'angie.yparraguirre@grupojlb.com','Angie Yparraguirre','Comprador','','$2y$10$MVfe9xD5Uai4KBR346eyOu6mEtfbT/.zAleikz8dCz7IbHFPqrm9y',_binary '',_binary ''),(557,'transporteshvc@hotmail.com','EMPRESA LOGISTICA HVC S.A.C.','','','$2y$10$9TlXdTaNAZbgGluuLWOZAulHuJSs2XtrGpaH742r5uIXkpORZU2W2',_binary '',_binary ''),(558,'ktperu@ktperu.com','KLIMATECHNIK S.A.C.','','','$2y$10$gSQeZMZimdi44qBREqU47OjIWAbgqxBDPF7y6SFb.zxP7f2yHQ3Ca',_binary '',_binary ''),(559,'recyclanortesac@hotmail.com','RECYCLA NORTE S.A.C.','','','$2y$10$EuOnETgimmKHJT4xuSIBqug92NedJvLCPKu/HHs8wsRnb12hkWgHC',_binary '',_binary ''),(560,'facturacion2@tiamat.com.pe','TIAMAT OPERADOR S.A.C.','','','$2y$10$pg7epNuq/TZjcrRlKls04ucuRMhayrfof8Ayz8kC7lsYf3BUJ2pay',_binary '',_binary ''),(562,'ventas@tecnisergen.com','TECNISERGEN SOCIEDAD ANONIMA CERRADA','','','$2y$10$rhl80NIPFa/u6jE53IYiYuacirkNpOZ2WvqajUArWg7fROpoSzHNa',_binary '',_binary ''),(563,'reciclajeperuanosac@outlook.com','RECICLAJE PERUANO S.A.C.','','','$2y$10$Swt1jdL8m76TY9p7mWZtAe/BhdUYWZ8/TaQxGYZsYBwWFeDhkAGeO',_binary '',_binary ''),(567,'tecmafisac@gmail.com','TECNOLOGIA EN MAQUINARIA FINA INDUSTRIAL SOCIEDAD ANONIMA CERRADA - TECMAFI S.A.C.','','','$2y$10$r.Et1qPwkAhk8HS/VagjUO/6Bx33uNdYq7qADh/Rc597VgzQvnKqO',_binary '',_binary ''),(568,'uliseslay@hotmail.com','INVERSIONES LAY SOCIEDAD ANONIMA CERRADA','','','$2y$10$shcQ/gwvabsIMPCnVhCxUOYvqQNrlUJ6v6MjgTBOddvbL59rRihWi',_binary '\0',_binary ''),(569,'ventas1@sfgsac.net','SAFETY FIRTS GROUP S.A.C.','','','$2y$10$ujg.paj0Cce2bR6OsqOGJ.gCjlEnBgmexo5WYSlcuy.E8wNTqOsnO',_binary '',_binary ''),(570,'facturacion@hg-consultores.ne','HG ANALITICA S.A.C.','','','$2y$10$YfdQT20cRc96TwFbofd/HugecpQ7kqOxVE0COfBrtNm2uNW4QZi1W',_binary '\0',_binary ''),(574,'dewhu18@gmail.com','TRANSPORTES  WHUDE S.A.','','','$2y$10$LQ4a00rbrRFNtJQE5wDIz.LcZj6.SqnwsM5CHFb.lAxqa/5eNhtea',_binary '',_binary ''),(575,'E.tello@fromm-pack.pe','FROMM PERU S.A.C','','','$2y$10$HzJ419YnmzvxjZDB1EKi3elCwAgQ3Va/0zAAPWaCLR5BOqRrnkJJ2',_binary '',_binary ''),(576,'deliserviciossac@gmail.com','DELI SERVICIOS GENERALES S.A.C','','','$2y$10$m0xIcZ5J/f8KIYzxXpyOueAEKXFVEjI2QpIzgmAxrAfOD9B8jNRhC',_binary '',_binary ''),(577,'administracion@tecniflexsdigital.com','TECNIFLEXS DIGITAL S.A.C.','','','$2y$10$zUicQsLd6zZ6L3MC0iYTOuNEKdXeb7HLECdabh4T9YSb.UuCf4Yfy',_binary '',_binary ''),(578,'huyhua.alina@hotmail.com','H. COMERCIAL GRAPH S.R.L.','','','$2y$10$AXmR8WKSseQ9H7tWdrqKqeDdA06UZ73jaGGb85YqGkCoTSmrUP9D6',_binary '',_binary ''),(579,'corporacionmathias@gmail.com','CORPORACION MATHIAS S.A.C.','','','$2y$10$1NGeLUgA930uamPOcfhNh.e7CeHe5M1epOGd3O94ARv2TF6E07Z2C',_binary '',_binary ''),(580,'cuadros.for@gmail.com','CUADROS ROCA FORTUNATO','','','$2y$10$rVEvLrX1scex6R6sTd/sXuvF7KS/JIHrkTQMKgsrfQPyTg3RWqtMy',_binary '',_binary ''),(581,'Lucia.copitan@smurfitkappa.com.pe','SMURFIT KAPPA PERU S.A.C.','','','$2y$10$o/9oPeR31cDEfrsT8cGbquc/dMFnKgDJcZ47RNtFbiVjym8C3C9UC',_binary '',_binary ''),(582,'ltoledo@teisac.net','TECNOLOGIA ELECTRONICA INDUSTRIAL SOCIEDAD ANONIMA CERRADA','','','$2y$10$1Pha1Dgn9R3plOzna4wLJu/TWeTlXDvyoLJ42901i2wiAlysrsS3O',_binary '',_binary ''),(583,'administracion@calibraciones-peru.com','VERIFICACIONES Y CALIBRACIONES S.A.C.','','','$2y$10$VBpO2JsGrYxblOffI9LbA.FObUvZt3Xo2YHST6pegOaHw2wkRMEly',_binary '',_binary ''),(585,'Conta@coemjara.com','INVERSIONES TITOV E.I.R.L.','','','$2y$10$6.2PhHaq2lUAdsuTWTUVVOvexVex2HGWbc5BEjCLkGZZkPNitT/mO',_binary '',_binary ''),(586,'ecoyamsa@gmail.com','ECOYAMSA S.A.C.','','','$2y$10$g9uj0MGT7CSQJKtVKiU8k.jePpwAO/uaIEBkphWa7svl5ANSRlkH2',_binary '',_binary ''),(587,'flor.machuca@sullair.com.pe','SULLAIR DEL PACIFICO S.A.C.','','','$2y$10$AHDxJRcMDDJq/0dI0mxL8OXTfzkYRl/0lB7pPyR2Yu07Ihy3n8Vwu',_binary '',_binary ''),(588,'erinsasrl@hotmail.com','EMPAQUET Y REPUESTOS IND SAN ANDRE SRL','','','$2y$10$Rn7Xvq25TNeMsDVbm0KGAe7ewe4Y/oufUc3pE5XMQbXC7twRhUaba',_binary '',_binary ''),(589,'facturacion@edesac.com.pe','EMULSIONES Y DERIVADOS DEL PERU S.A.C.','','','$2y$10$xRooSKtPbriFnUIRLrCxB.BvikDm0crg3odOcR1vo0gGeyiZbcQhG',_binary '',_binary ''),(590,'Polleriaelsabrosodel40@gmail.com','FRETEL ALIAGA KELVIN DANIEL','','','$2y$10$IiJpWNoEi0PRPoRvtZbDzOoQf0qHoA6fp2mtJnuUUiwJHYzykftoi',_binary '',_binary ''),(591,'industalambre.facturac@gmail.com','INDUSTRIA DEL ALAMBRE S.A.C.','','','$2y$10$Ux0PpSKAJaTyrVzkt.T6yeQZhtGtqBsvvcf7LO27ZH4w2uxBrJ.fi',_binary '',_binary ''),(592,'jhoselyn.melgar@tsoftglobal.com','TSOFT PERU S.A.C.','','','$2y$10$OysHDPESEwaoKu3ZDe0ZJ.20Dz6ZVXwKF3d5axfJwb7iXqv9ZyNCe',_binary '',_binary ''),(593,'ventas.polmaxsolutionssac@gmail.com','GRUPO DMO INGENIERIA & CLIMATIZACION S.A.C.','','','$2y$10$fxwKqWKqzpEWpyVa4YAc9OS3xiXrS6IQ1dj/E95b49MUsUjbI1aH.',_binary '',_binary ''),(596,' marizabel.maguina@grupojlb.com','Marizabel Maguiña','Asistente de Tesoria Ipsa','','$2y$10$4ZKBszXebvsDTsj5iiGYsurOdlNutKD9RNeM4hAb6YbTbl2U000jC',_binary '\0',_binary '\0'),(597,'giannina.almanza@grupojlb.com','Giannina Almanza','Asistente de Tesoria  Ceruti y Grupo JLB','','$2y$10$LnXxk3khM8ZucxQfO/E/pOHUL4u2iv3/wzuQSKJ0eVNZ4mWX2ET.q',_binary '',_binary ''),(598,'kmorales@imsermi.com.pe','IMPORTACIONES Y SERVICIOS DE EQUIPOS PARA MINERIA E.I.R.L. - IMSERMI E.I.R.L.','','','$2y$10$tHiBMRtxCtJWlsm8CokuPOox5PrbOHgKxfYERD7mRcVkoXUYBLbqu',_binary '',_binary ''),(599,'ventas4@ductorsac.com','DUCTOR S.A.C.','','','$2y$10$R8ZrEfovrmRrTGqS0t.ZZOHEUd87SLoRqzpf.x3hMIdlDL9QuAA82',_binary '',_binary ''),(600,'contabilidad2@uniformes.com.pe','UNIFORMES Y MAS SOCIEDAD ANONIMA CERRADA','','','$2y$10$W9gU3ev2yaXksNbS2lzF6eKzkp0XVmReMOXzUpQuF7KVfuKoD5dj2',_binary '',_binary ''),(601,'pe_contabilidad@alexim.com','ALEXIM PERU S.R.L.','','','$2y$10$lcOv4RD4ZYrqg/jHvIMSKOuxjFLNbKq.n0aEt4dqpwYW0/7nzVsSO',_binary '',_binary ''),(602,'pilar.tejeda@jas.com','JAS FORWARDING PERU S.A.C.','','','$2y$10$aE8G8iRgKu7w2ZS3xGFBxeHXb.DpHfU.oJ/JJ7Jko3CLhr6NFzU..',_binary '',_binary ''),(603,'administracion@placargo21.com','EXPORT PLACARGO 21 S.A.C.','','','$2y$10$fHxVhMix.8fNpjJWD7HB4eTVW6TaZagBZDzoct.1Zw15CZ9uoibF2',_binary '',_binary ''),(604,'antuanet.selene432@gmail.com','INSUMOS CJS S.A.C.','','','$2y$10$Y/0SlcuZcXDP.haOnhHvy.MdroYxMhBJ/rfC/nOx23893zofv9aAi',_binary '',_binary ''),(605,'dolguin@qualitymasterservice.com','QUALITY MASTER AIR SERVICE S.A.','','','$2y$10$MfUFilN.dqRkLEEFmKmYLOIdH78IyXdgkKoEmAWulTzqRiLwODaNe',_binary '',_binary ''),(606,'cesarucedaramirez@gmail.com','RAMIREZ UCEDA CESAR ENRIQUE','','','$2y$10$DpscknxZO0oO7vCAh4XzT.6dpMfrbvqcPJ9yZT3zkdhYIoLFvTPSu',_binary '',_binary ''),(607,'mindusac.ve@gmail.com','MECHATRONIC INDUSTRIAL S.A.C.','','','$2y$10$J9g9BszGEROWdQCR/ZmJCubvTVnR1zzWT2zCu9j48n21GiRoR0dYy',_binary '',_binary ''),(608,'rosa.espejo@holascharff.com','SCHARFF INTERNATIONAL COURIER & CARGO SA','','','$2y$10$jY9CQum90eNRGoGmG8J5P.i1jxAqju6P7TVdgt8sRUqFady3nlY/C',_binary '\0',_binary ''),(609,'fabrissio.ferreyra@holascharff.com','SCHARFF LOGISTICA INTEGRADA S.A.','','','$2y$10$0H2YNRc0sxdgxZ7mWN8ejO7GSKd4icZ7oCSK3BtxvSo71BYg4OWqO',_binary '',_binary ''),(610,'asociadoscastro.2016@gmail.com','ACOPIADORA CASTRO S.A.C.','','','$2y$10$Tby3bdILUeKy6VUqJVzH7.y.7DxkPY.eI.Ho3sSGkEd2IAYk/Xxby',_binary '',_binary ''),(612,'cormecsur@gmail.com','CORPORACION MECSUR E.I.R.L.','','','$2y$10$HS1sWD1jX0hpUQMwqFEZfu5HpjqLXUzZ8ztSaCc7u/sPa7GQfxnOu',_binary '',_binary ''),(613,'Giovanna.Rodriguez@sgs.com','SGS DEL PERU S.A.C.','','','$2y$10$xuowH8LCHEATsnoHjr9Pwe6EFA125rovUx.8MN9bxdLltA9TXAvMC',_binary '\0',_binary ''),(614,'acielos@controltech.com.pe','CONTROLTECH SECURITY S.A.C.','','','$2y$10$aJkvduYZb2xBRq0JVPxoT.KvLSt6fnzD6iUmLNOdsRLQlHnbdjG2i',_binary '',_binary ''),(615,'madereradizur@hotmail.com','INVERSIONES DIZUR S.A.C.','','','$2y$10$xBGKXgws/CrdnXCBPEdU8uTgVUR1BK4GW2qBhmJB7WcBD26iCy4eW',_binary '',_binary ''),(616,'admin@reciclame.org','ASOCIACION CIVIL RECICLAME CUMPLE CON TU PLANETA','Responsable acopio Tetra Pak','992342078','$2y$10$/aTfmA9xt2pTCzzB4XRmn.iRpqZVlP8IzzeqOK9iHY5lJERouJ7eC',_binary '',_binary ''),(617,'milagros.mrsich@comercio.com.pe','EMPRESA EDITORA EL COMERCIO S.A.','','','$2y$10$yco6IulN/Ou4JclKt5ym9.f0pcp1ykLpwPbD/Wh.jndZYqZifK3e6',_binary '\0',_binary ''),(618,'yoshiko@comerciallider.com','COMERCIAL LIDER S A','','','$2y$10$u1ECbKyDFr.Mvkr6Pf3wK.l9RcIhOMXuT4krohZAsxUvgIQLwQCIu',_binary '',_binary ''),(619,'informes@energiaycombustion.com.pe','ENERGIA Y COMBUSTION S.A.C.','','999 891 486','$2y$10$DPslu17uKM88rN/pB96.guPzjoM6j3U1NB7wnVE1fwhGwxZGl1UWe',_binary '',_binary ''),(620,'janet.ttito@sigma.pe','Janet Ttito','Analista Contable','','$2y$10$hjneero/cQ0Ywpra4nFRYu9njFdsETaynHWDRX38tCojb/LnfychC',_binary '',_binary ''),(621,'tihuallpa@inerco.com','INERCO CONSULTORIA PERU S.A.C.','','','$2y$10$GuYnOoFQmKy8aVl8jQ1fi.BAVccxUAPE9hT4U0wUc8sOXWM2hvGWO',_binary '',_binary ''),(622,'Untiverosruben@gmail.com','EMPRESA DE TRANSPORTES ALCIRO E.I.R.L.','Gerente General','977517785','$2y$10$WWjlIdtmzeCbTjE/J4DFe.dkoFPre3GCU09aSRDPhK6pCuWwU2Kcy',_binary '',_binary ''),(623,'gnunez@grevco.com','GREVCO MANUFACTURA Y CONSTRUCCION S.A.C','','','$2y$10$Ky6ciwlQRwWsQeTaQzouNuPtyfLH0FlQv0wXRd70RUU1g10tcM9MO',_binary '',_binary ''),(624,'finanzas02@andrickperu.com','ANDRICK CONSULTORES S.A.C','','','$2y$10$abb272iwYZSrXh2WdvPs5OyxZnS8g459oHYKcCyyGP1FWtEbQL/c2',_binary '',_binary ''),(626,'yenny_ddla@hotmail.com','COMERCIALIZADORA DYDA S.A.C.','','','$2y$10$iB9FAiJSD5BAnoEoRxjqku7UyI.edfrUVpb98VYZG/ZLPOs66c/AG',_binary '',_binary ''),(627,'ventas@publinegociosayn.com','PUBLICIDAD Y NEGOCIOS A & N E.I.R.L. - PUBLINEG A & N E.I.R.L','','','$2y$10$Sunr2s8W.wM/yEvJb6M58uEVWs8rO9fcI.lmzd.l511HgzifXpIvC',_binary '',_binary ''),(628,'cobranzas.bumeran@jobint.com','BUMERAN.COM PERU  S.A.C','','','$2y$10$hZhL2mL0Bk05HQ6DzBKzIu7GE4Qu/JymFsmsKXO/FsIRpV8vqHdte',_binary '',_binary ''),(629,'lhuaman@inpesa.com.pe','AMBARÑAÑA S.A.C. EN LIQUIDACION','','','$2y$10$pvQzL9K7RN3DNdTCe0Am/u3oVHLgWIGHofaOXEnNRG7pNgzG5neP.',_binary '',_binary ''),(630,'blueferhsp@gmail.com','BLUEFER S.A.C.','','','$2y$10$DXKqWODWFD58Elfpvf8qdO13uO1cf6dQT94tbVOvr5oiW9OIa2d/u',_binary '',_binary ''),(631,'contabilidadesfany@gmail.com','TRANSPORTES GK3 E.I.R.L.','','','$2y$10$4fw2NOLmOIj8bZqY7OIBzuEDluRICgggEVzY.yC0J3BTMspXCTxXe',_binary '',_binary ''),(632,'luis.stechmann@eurofirms.com','EUROFIRMS OUTSOURCING PERU S.A.C.','','','$2y$10$SE8S.pHrowK4m31ZfFo3YOIKAqf5gaT6S8f8Y08SrWpqjc8fSqzLq',_binary '\0',_binary ''),(633,'m.nunez@fesepsa.pe','FESEPSA S.A','','','$2y$10$sV9mZiL6.uxCER55NMvCnuQjeDp.dLY23frTgMAaOsZFG9I/if7aK',_binary '',_binary ''),(634,'consultas@solucionescriticas.com','SOLUCIONES CRITICAS S.A.C.','','','$2y$10$yZnhzTpEQjwZh1RD6zxZBOnRQ/fbz3bWkN8IHoMMkcWa..zhM/j16',_binary '\0',_binary ''),(636,'ventas@steelspray.com.pe','STEEL SPRAY S.A.C.','','','$2y$10$5/bCyS2/FQoaHHFqHVyi1OsuK5oK2Mmw3bHMSobSoBwhrOtZ/KYva',_binary '',_binary ''),(637,'nicolas.portilla@cabify.com','CABIFY IT S.A.C.','','','$2y$10$jMYfcsTOIbXmbh5XK3jtDO7fc1GuX8NVyBw.ShqOGqp3vNBQZYrEq',_binary '\0',_binary ''),(638,'alejosconsultores.sgc@gmail.com','ALEJOS CONSULTORES & AUDITORES S.A.C.','','','$2y$10$gHA7eu1oeXEri/iuQFRaouffGPU7jVE4fEiqnIqaegcJFPEUm1wJW',_binary '\0',_binary ''),(639,'rusomotorssac@gmail.com','RUSO MOTOR´S SOCIEDAD ANONIMA CERRADA','','','$2y$10$m7/pcDy0sKLOdsZKqCixGO.b2SMLNjjw3XaMpSeG/oLFG6a3sfUS.',_binary '',_binary ''),(640,'administracion@beraval-logistics.com','S.G.M. BERAVAL LOGISTICS S.A.C.','','','$2y$10$IEMDlmQ9r66I1C8pd/WIuOFG1u/D672PdDPqcYbEIJs/FXDND0Eva',_binary '',_binary ''),(641,'informes@equiposycalderas.com','EQUIPOS INDUSTRIALES & CALDERAS S.A.C.','','','$2y$10$0LLJD57bMDHJYpt7aE28c.yxZ3.8sknc3Ar1wFOhqgt98QvPmRCDS',_binary '',_binary ''),(643,'ptarazona@contexfyg.com.pe','CONTEX F Y G S.A.C.','','','$2y$10$6x2bph68cb05H1gQtlDNlOiAoQVPGFwz0H3BOngouSe5h3C0F5hxi',_binary '\0',_binary ''),(644,'globalmininge@gmail.com','GLOBAL MINING &amp; ENVIRONMENT SOCIEDAD ANONIMA CERRADA','ADMINISTRADOR','978006545','$2y$10$S/dl6VUAIsqWLvLgVdAfnuu.awACZfvviQm8z1kRZ8Iq.lEDaV3tC',_binary '',_binary ''),(645,'Jhc_1965@outlook.com','INSUMIX CESAR E.I.R.L.','','','$2y$10$cri/3N4RIizHLJRRSDpvMuQSt0aEpTXnWR5iiilM1LoI.nFbqGfHq',_binary '',_binary ''),(646,'contabilidad@industrialtitansac.com','INDUSTRIAL TITAN PERU S.A.C.','','','$2y$10$AsgYD8mqC8Xlgs75wYn9hu3ZyJTCXTkCI0In2Q2ItojJCV6sAoEX.',_binary '',_binary ''),(647,'elorenzo@creditex.com.pe','CREDITEX S.A.A.','','','$2y$10$gHVBBVVa7aYhSN5D8mXELeqp7GJrwvpfsqzpce7tVuyC2SuowWaGm',_binary '\0',_binary '');

--
-- Table structure for table `usuarioproveedor`
--

CREATE TABLE `usuarioproveedor` (
  `codigousuario` int DEFAULT NULL,
  `codigoproveedor` int DEFAULT NULL
) ENGINE=InnoDB DEFAULT CHARSET=utf8mb4 COLLATE=utf8mb4_0900_ai_ci;

--
-- Dumping data for table `usuarioproveedor`
--

INSERT INTO `usuarioproveedor` VALUES (66,43),(67,44),(68,45),(69,46),(70,47),(72,53),(73,54),(74,55),(75,56),(76,57),(77,58),(74,59),(78,60),(79,61),(73,62),(80,63),(81,64),(72,65),(73,66),(74,67),(73,68),(101,108),(101,109),(101,110),(101,111),(102,112),(103,113),(104,114),(105,115),(106,116),(107,117),(108,118),(109,119),(110,120),(111,121),(112,122),(113,123),(114,124),(115,125),(109,126),(116,127),(107,128),(117,129),(118,130),(119,131),(120,132),(103,133),(121,134),(122,135),(123,136),(124,137),(125,138),(126,139),(127,140),(128,141),(129,142),(130,143),(131,144),(132,145),(130,146),(133,147),(134,148),(135,149),(136,150),(107,151),(133,152),(119,153),(137,154),(138,155),(139,156),(133,157),(140,158),(138,159),(141,160),(142,161),(143,162),(144,163),(145,164),(146,165),(147,166),(148,168),(149,169),(150,170),(143,171),(151,172),(152,173),(153,174),(154,175),(143,176),(155,177),(145,178),(156,179),(157,180),(158,181),(159,182),(160,183),(161,184),(162,185),(163,186),(159,187),(164,188),(165,189),(166,190),(167,191),(168,192),(155,193),(169,194),(170,195),(133,196),(155,197),(171,198),(172,199),(158,200),(173,201),(174,202),(175,203),(155,204),(176,205),(177,206),(178,207),(145,208),(179,209),(180,210),(181,212),(182,213),(183,214),(172,215),(184,216),(145,217),(185,218),(186,219),(154,220),(179,221),(181,222),(187,223),(188,224),(189,225),(175,226),(190,227),(190,228),(191,229),(192,230),(193,231),(194,232),(195,233),(196,234),(196,235),(197,236),(198,237),(199,238),(154,239),(200,240),(201,241),(160,242),(202,243),(203,244),(196,245),(204,246),(205,247),(160,248),(206,249),(207,250),(208,251),(192,252),(209,253),(136,254),(210,255),(211,256),(212,257),(204,258),(213,259),(214,260),(215,261),(216,262),(210,263),(217,264),(218,265),(219,266),(216,267),(220,268),(221,270),(222,271),(223,272),(224,273),(225,274),(204,275),(226,276),(227,277),(210,278),(228,279),(229,280),(230,281),(231,282),(232,283),(233,284),(234,285),(235,286),(236,287),(237,288),(230,289),(238,290),(239,291),(240,293),(209,295),(241,296),(242,297),(243,298),(244,299),(245,300),(246,301),(247,302),(237,303),(248,304),(249,305),(250,306),(248,307),(251,308),(252,309),(243,310),(239,311),(136,312),(209,313),(253,314),(254,315),(255,316),(227,317),(256,318),(257,319),(258,320),(227,321),(208,323),(259,324),(260,325),(136,326),(261,327),(262,328),(263,329),(264,330),(265,331),(266,332),(267,333),(268,335),(269,336),(270,337),(271,338),(272,339),(273,340),(274,341),(275,342),(251,343),(276,344),(266,345),(277,346),(278,347),(279,348),(280,349),(281,350),(282,351),(283,352),(270,353),(284,354),(66,355),(285,356),(286,357),(287,358),(288,359),(289,360),(290,361),(291,362),(292,363),(278,365),(293,366),(294,367),(295,368),(296,369),(297,370),(298,371),(299,372),(300,374),(66,375),(301,376),(302,377),(303,378),(208,379),(302,380),(304,381),(305,382),(306,383),(307,384),(308,385),(308,386),(309,387),(310,388),(304,389),(311,390),(292,391),(312,392),(313,393),(314,394),(315,395),(316,396),(317,397),(318,398),(318,399),(318,400),(319,401),(319,402),(319,403),(320,404),(321,405),(321,406),(321,407),(304,408),(322,409),(323,410),(324,411),(317,412),(316,413),(315,414),(314,415),(313,416),(312,417),(325,418),(311,419),(326,420),(327,421),(310,422),(309,423),(328,424),(329,425),(307,426),(322,427),(306,428),(305,429),(326,430),(329,431),(330,432),(303,433),(329,434),(301,435),(331,436),(300,437),(332,438),(333,439),(298,440),(296,441),(334,442),(294,443),(293,444),(335,445),(325,446),(336,447),(290,448),(288,450),(286,451),(337,452),(285,453),(338,454),(284,455),(339,456),(338,457),(334,458),(283,459),(340,460),(282,461),(281,462),(280,463),(279,464),(341,465),(336,466),(342,467),(343,468),(277,469),(343,470),(276,471),(335,472),(275,473),(273,474),(344,475),(342,476),(345,477),(346,478),(268,479),(347,480),(348,481),(267,482),(332,483),(347,484),(265,485),(349,486),(264,487),(345,488),(261,490),(350,491),(260,492),(348,493),(351,494),(257,495),(256,496),(352,497),(255,498),(254,499),(353,500),(78,501),(350,502),(354,503),(68,504),(355,506),(356,507),(357,508),(358,509),(359,510),(249,511),(359,512),(267,513),(360,514),(247,515),(245,516),(68,517),(242,518),(241,519),(68,520),(240,521),(361,522),(362,523),(354,524),(363,525),(72,526),(236,527),(235,528),(234,529),(79,530),(349,531),(232,532),(364,533),(231,534),(365,535),(365,536),(366,537),(367,538),(225,539),(224,540),(366,541),(223,542),(221,544),(362,545),(220,546),(72,547),(218,548),(217,549),(368,550),(369,551),(215,552),(214,553),(213,554),(211,555),(368,556),(370,557),(74,558),(353,559),(369,560),(364,561),(206,562),(349,563),(205,564),(371,565),(372,566),(203,568),(373,569),(202,570),(374,571),(201,572),(200,573),(373,574),(199,575),(198,576),(375,577),(197,578),(376,579),(195,580),(377,581),(193,582),(378,583),(379,584),(360,585),(189,586),(367,587),(379,588),(361,589),(378,590),(380,591),(381,592),(185,593),(184,594),(183,595),(382,596),(182,597),(378,598),(383,599),(180,600),(177,601),(384,602),(376,603),(176,604),(385,605),(360,606),(174,607),(378,608),(380,609),(386,610),(386,611),(170,612),(169,613),(387,614),(385,615),(388,616),(167,617),(166,618),(165,619),(164,620),(388,621),(163,622),(162,623),(389,624),(390,625),(161,626),(391,627),(392,628),(157,629),(156,630),(393,631),(381,632),(394,633),(152,634),(151,635),(150,636),(149,637),(148,638),(147,639),(392,640),(391,641),(142,642),(395,643),(396,644),(397,645),(398,646),(139,647),(399,648),(400,649),(401,650),(402,651),(403,652),(376,653),(384,654),(370,655),(134,656),(399,657),(398,658),(404,659),(132,660),(131,661),(405,662),(404,663),(129,664),(406,665),(128,666),(407,667),(127,668),(403,669),(126,670),(408,671),(125,672),(402,673),(391,674),(124,675),(123,676),(409,677),(410,678),(122,679),(121,681),(411,682),(375,683),(412,684),(413,685),(120,686),(414,687),(384,688),(118,689),(415,690),(117,691),(80,692),(416,693),(375,694),(417,695),(410,696),(418,697),(410,698),(410,699),(419,700),(420,701),(418,702),(114,703),(113,704),(112,705),(111,706),(421,707),(420,708),(422,709),(423,710),(420,711),(424,712),(425,713),(426,714),(77,715),(427,716),(106,717),(428,718),(429,719),(102,720),(430,721),(421,722),(431,723),(424,724),(312,725),(432,726),(433,727),(434,728),(363,729),(416,730),(429,731),(363,732),(435,733),(436,734),(431,735),(425,736),(430,737),(437,739),(438,740),(438,741),(439,742),(440,743),(441,744),(442,745),(443,746),(285,747),(444,748),(281,749),(445,751),(446,752),(275,753),(437,754),(447,755),(409,756),(448,757),(449,758),(256,759),(450,760),(442,761),(451,762),(452,763),(453,764),(441,765),(244,766),(454,767),(455,768),(240,769),(456,770),(455,771),(457,772),(222,773),(221,774),(458,775),(459,776),(460,777),(217,778),(214,779),(81,780),(461,781),(451,782),(462,783),(442,784),(201,785),(441,786),(199,787),(198,788),(463,789),(464,790),(462,791),(465,792),(466,793),(461,794),(451,795),(467,796),(468,797),(182,798),(177,799),(469,800),(470,801),(471,802),(449,803),(439,804),(165,805),(164,806),(472,807),(163,808),(442,809),(472,810),(157,811),(473,812),(474,813),(475,814),(476,816),(477,817),(471,818),(473,819),(478,821),(132,822),(128,823),(479,824),(460,826),(121,828),(480,829),(481,830),(465,831),(482,832),(483,833),(474,834),(484,835),(106,836),(485,837),(486,838),(471,839),(487,840),(488,841),(132,842),(489,843),(490,844),(491,845),(492,846),(493,847),(494,848),(495,849),(496,850),(497,851),(491,852),(178,853),(498,854),(499,855),(500,856),(501,857),(502,858),(501,859),(503,860),(503,861),(479,862),(502,863),(504,864),(198,865),(505,866),(506,867),(475,868),(213,869),(214,870),(504,871),(507,872),(492,873),(466,874),(508,875),(509,876),(510,877),(244,878),(511,879),(452,880),(250,881),(512,882),(513,883),(514,884),(515,885),(509,886),(514,887),(516,888),(517,889),(518,890),(519,891),(520,892),(521,893),(522,895),(517,896),(522,897),(284,898),(523,899),(524,900),(525,901),(489,902),(526,904),(527,905),(489,906),(528,907),(330,908),(524,909),(526,910),(307,911),(529,912),(465,913),(530,914),(312,915),(531,916),(532,918),(533,919),(520,920),(534,921),(535,922),(475,923),(532,924),(531,925),(536,926),(537,927),(538,928),(511,929),(469,930),(539,931),(540,932),(540,933),(540,934),(533,935),(541,936),(541,937),(541,938),(542,939),(542,940),(542,941),(543,942),(544,943),(544,944),(545,945),(545,946),(546,947),(546,948),(543,949),(543,950),(277,489),(368,567),(550,956),(550,957),(550,958),(196,959),(318,960),(321,961),(551,962),(551,963),(363,964),(552,965),(552,966),(553,967),(553,968),(553,969),(554,970),(554,971),(555,972),(555,973),(557,974),(557,975),(557,976),(558,977),(559,978),(138,167),(138,211),(551,979),(552,980),(554,981),(560,982),(560,983),(560,984),(555,985),(401,986),(381,680),(562,988),(563,989),(563,990),(119,269),(119,292),(142,820),(567,998),(568,1000),(568,1001),(568,1002),(568,1003),(569,1004),(467,1005),(570,1006),(570,1007),(570,1008),(570,1009),(574,1016),(575,1017),(576,1018),(577,1019),(578,1020),(579,1021),(580,1022),(581,1023),(582,1024),(583,1025),(387,1029),(107,1030),(585,1033),(586,1034),(295,1035),(336,449),(587,1036),(588,1037),(588,1038),(589,1039),(589,1040),(590,1041),(591,1042),(592,1043),(593,1045),(141,1047),(141,1048),(598,1052),(470,1053),(470,1054),(599,1055),(599,1056),(599,1057),(600,1058),(600,1059),(600,1060),(600,1061),(601,1062),(601,1063),(601,1064),(602,1065),(602,1066),(602,1067),(603,1068),(603,1069),(603,1070),(361,1071),(604,1072),(605,1073),(606,1074),(607,1075),(607,1076),(608,1077),(608,1078),(608,1079),(609,1080),(609,1081),(609,1082),(610,1083),(67,69),(67,334),(405,1086),(612,1087),(613,1088),(614,1089),(614,1090),(614,1091),(615,1092),(615,1093),(615,1094),(616,1095),(617,1096),(618,1097),(619,1098),(452,1099),(452,1100),(621,1101),(605,1102),(273,1103),(622,1104),(623,1105),(624,1106),(624,1107),(624,1108),(244,1109),(626,1111),(627,1112),(628,1113),(629,1114),(630,1115),(631,1116),(632,1117),(633,1118),(633,1119),(633,1120),(633,1121),(430,1122),(622,1123),(634,1124),(593,1125),(593,1126),(636,1128),(637,1129),(638,1130),(639,1131),(69,373),(69,738),(69,903),(640,1132),(513,894),(641,1133),(643,1135),(643,1136),(643,1137),(643,1138),(444,1139),(644,1140),(644,1141),(125,825),(645,1142),(567,1143),(646,1144),(647,1145);

--
-- Table structure for table `usuariorol`
--

CREATE TABLE `usuariorol` (
  `codigousuario` int DEFAULT NULL,
  `codigorolusuario` int DEFAULT NULL
) ENGINE=InnoDB DEFAULT CHARSET=utf8mb4 COLLATE=utf8mb4_0900_ai_ci;

--
-- Dumping data for table `usuariorol`
--

INSERT INTO `usuariorol` VALUES (2,3),(6,4),(9,3),(10,7),(12,7),(13,3),(19,2),(21,4),(22,4),(23,4),(24,6),(25,6),(18,6),(27,2),(28,2),(29,6),(30,6),(32,6),(33,6),(34,6),(31,6),(35,2),(37,4),(37,3),(39,2),(26,6),(40,6),(41,6),(42,6),(47,6),(46,6),(43,6),(45,6),(44,6),(48,3),(49,2),(36,6),(50,6),(51,7),(52,6),(53,6),(54,6),(55,6),(56,6),(57,6),(58,6),(59,6),(60,6),(61,6),(62,6),(63,6),(64,6),(5,5),(65,5),(68,6),(70,6),(69,6),(66,6),(73,6),(74,6),(75,6),(76,6),(77,6),(78,6),(79,6),(80,6),(81,6),(1,1),(14,7),(72,6),(83,3),(102,6),(103,6),(104,6),(105,6),(108,6),(109,6),(110,6),(111,6),(112,6),(114,6),(115,6),(116,6),(117,6),(118,6),(121,6),(122,6),(123,6),(124,6),(126,6),(127,6),(128,6),(129,6),(130,6),(131,6),(132,6),(133,6),(134,6),(135,6),(136,6),(142,6),(143,6),(144,6),(146,6),(147,6),(148,6),(149,6),(150,6),(151,6),(152,6),(153,6),(155,6),(156,6),(157,6),(158,6),(159,6),(160,6),(161,6),(162,6),(163,6),(165,6),(166,6),(167,6),(168,6),(169,6),(170,6),(173,6),(174,6),(176,6),(177,6),(178,6),(179,6),(180,6),(181,6),(183,6),(184,6),(185,6),(186,6),(187,6),(188,6),(189,6),(190,6),(191,6),(192,6),(193,6),(194,6),(195,6),(196,6),(197,6),(198,6),(199,6),(200,6),(201,6),(202,6),(204,6),(205,6),(208,6),(209,6),(210,6),(212,6),(214,6),(215,6),(216,6),(217,6),(218,6),(219,6),(220,6),(222,6),(223,6),(224,6),(139,6),(225,6),(226,6),(227,6),(228,6),(229,6),(230,6),(231,6),(232,6),(233,6),(234,6),(235,6),(236,6),(237,6),(238,6),(239,6),(240,6),(241,6),(243,6),(245,6),(246,6),(247,6),(248,6),(249,6),(250,6),(251,6),(252,6),(253,6),(254,6),(255,6),(256,6),(257,6),(258,6),(259,6),(260,6),(261,6),(262,6),(263,6),(265,6),(266,6),(267,6),(268,6),(269,6),(270,6),(271,6),(272,6),(274,6),(276,6),(278,6),(279,6),(280,6),(281,6),(282,6),(283,6),(284,6),(287,6),(288,6),(289,6),(290,6),(291,6),(293,6),(294,6),(296,6),(297,6),(298,6),(299,6),(300,6),(301,6),(304,6),(305,6),(306,6),(307,6),(308,6),(309,6),(311,6),(312,6),(313,6),(314,6),(315,6),(316,6),(317,6),(318,6),(319,6),(320,6),(321,6),(322,6),(323,6),(324,6),(325,6),(326,6),(327,6),(329,6),(330,6),(331,6),(332,6),(333,6),(334,6),(335,6),(337,6),(338,6),(339,6),(340,6),(341,6),(342,6),(343,6),(344,6),(345,6),(347,6),(348,6),(349,6),(350,6),(351,6),(354,6),(355,6),(357,6),(358,6),(359,6),(361,6),(362,6),(363,6),(364,6),(365,6),(367,6),(370,6),(371,6),(372,6),(373,6),(374,6),(375,6),(376,6),(377,6),(378,6),(379,6),(380,6),(382,6),(384,6),(385,6),(386,6),(387,6),(388,6),(389,6),(391,6),(392,6),(393,6),(394,6),(395,6),(396,6),(397,6),(398,6),(399,6),(400,6),(401,6),(402,6),(403,6),(404,6),(405,6),(406,6),(408,6),(409,6),(410,6),(412,6),(413,6),(414,6),(415,6),(416,6),(417,6),(418,6),(419,6),(420,6),(421,6),(422,6),(423,6),(424,6),(425,6),(426,6),(428,6),(429,6),(431,6),(432,6),(433,6),(434,6),(435,6),(436,6),(437,6),(438,6),(439,6),(440,6),(442,6),(443,6),(445,6),(446,6),(447,6),(448,6),(450,6),(453,6),(454,6),(455,6),(456,6),(457,6),(458,6),(459,6),(460,6),(462,6),(463,6),(464,6),(465,6),(466,6),(468,6),(469,6),(471,6),(472,6),(473,6),(475,6),(476,6),(477,6),(478,6),(479,6),(480,6),(481,6),(482,6),(483,6),(484,6),(485,6),(486,6),(487,6),(489,6),(490,6),(492,6),(493,6),(494,6),(495,6),(497,6),(498,6),(499,6),(500,6),(502,6),(503,6),(504,6),(505,6),(506,6),(507,6),(508,6),(509,6),(510,6),(511,6),(512,6),(513,6),(514,6),(515,6),(516,6),(517,6),(518,6),(520,6),(521,6),(522,6),(523,6),(524,6),(525,6),(526,6),(527,6),(528,6),(529,6),(530,6),(531,6),(532,6),(533,6),(534,6),(535,6),(536,6),(537,6),(538,6),(539,6),(540,6),(541,6),(543,6),(544,6),(546,6),(277,6),(368,6),(496,6),(441,6),(383,6),(140,6),(285,6),(474,6),(491,6),(451,6),(550,6),(551,6),(552,6),(553,6),(554,6),(555,6),(556,7),(154,6),(519,6),(203,6),(182,6),(407,6),(557,6),(558,6),(559,6),(560,6),(542,6),(310,6),(381,6),(561,2),(562,2),(563,6),(119,6),(461,6),(567,6),(568,6),(569,6),(570,6),(164,6),(571,6),(211,6),(15,3),(369,6),(411,6),(213,6),(175,6),(264,6),(346,6),(575,6),(576,6),(577,6),(578,6),(579,6),(580,6),(581,6),(582,6),(583,6),(292,6),(449,6),(352,6),(295,6),(585,6),(586,6),(275,6),(336,6),(545,6),(587,6),(588,6),(589,6),(590,6),(591,6),(592,6),(360,6),(574,6),(138,6),(470,6),(107,6),(501,6),(488,6),(593,6),(141,6),(145,6),(390,6),(106,6),(101,6),(596,10),(82,8),(82,7),(82,4),(82,9),(82,10),(598,6),(599,6),(600,6),(16,7),(16,10),(7,7),(7,10),(172,6),(20,4),(20,8),(20,9),(3,5),(3,8),(38,3),(38,8),(4,5),(4,10),(601,2),(602,2),(603,2),(604,6),(605,6),(606,6),(607,6),(608,2),(609,2),(67,6),(610,2),(452,6),(612,6),(613,6),(614,6),(615,6),(616,6),(617,2),(302,6),(618,6),(619,6),(620,4),(427,6),(430,6),(621,6),(467,6),(206,6),(623,6),(624,6),(113,6),(171,6),(221,6),(137,6),(626,6),(627,6),(628,6),(629,6),(286,6),(630,6),(273,6),(244,6),(328,6),(631,6),(632,6),(633,6),(303,6),(634,6),(622,6),(356,6),(242,6),(636,6),(637,2),(638,6),(639,6),(640,6),(641,6),(125,6),(353,6),(643,6),(444,6),(645,6),(644,6),(597,10),(597,4),(17,5),(17,10),(207,6),(120,6),(11,3),(11,10),(8,3),(8,10),(646,6),(366,6),(647,6);

--
-- Table structure for table `viapago`
--

CREATE TABLE `viapago` (
  `codigoviapago` varchar(4) NOT NULL,
  `descripcionviapago` varchar(100) DEFAULT NULL,
  `estadoviapago` bit(1) NOT NULL,
  PRIMARY KEY (`codigoviapago`)
) ENGINE=InnoDB DEFAULT CHARSET=utf8mb4 COLLATE=utf8mb4_0900_ai_ci;

--
-- Dumping data for table `viapago`
--

INSERT INTO `viapago` VALUES ('01','Vía de pago',_binary '');


