(41962,'10156917864'),(41963,'10432774274'),(41964,'10283155591'),(41965,'10715529624'),(41966,'10406871539'),(41967,'10070718010'),(41968,'10401898196'),(41969,'10090038708'),(41970,'10210732671'),(41971,'10438076064'),(41972,'10712741681'),(41973,'10035988667'),(41974,'10096521532'),(41975,'10085416494'),(41976,'10418167217'),(41977,'10423870678'),(41978,'10802419398'),(41979,'10040447054'),(41980,'10097606558'),(41981,'10088638871'),(41982,'10437155491'),(41983,'10403677855'),(41984,'10176182810'),(41985,'10328713778'),(41986,'10255279250'),(41987,'10257404884'),(41988,'10075156176'),(41989,'10410627804'),(41990,'10071122676'),(41991,'10008001788'),(41992,'10466067437'),(41993,'10043412316'),(41994,'10418694748'),(41995,'10048047225'),(41996,'10072626228'),(41997,'10310329008'),(41998,'10239213214'),(41999,'10061330611'),(42000,'10406147423'),(42001,'10257488387'),(42002,'10282985395'),(42003,'10028680274'),(42004,'10046241318'),(42005,'10292989887'),(42006,'10408694987'),(42007,'10094298941'),(42008,'10072222801'),(42009,'10078211704'),(42010,'10800892746'),(42011,'10297284148'),(42012,'10167785471'),(42013,'10252135494'),(42014,'10238953567'),(42015,'10060990986'),(42016,'10455132334'),(42017,'10178301522'),(42018,'10715439919'),(42019,'10806526059'),(42020,'10406254378'),(42021,'10468093036'),(42022,'10067773743'),(42023,'10067660272'),(42024,'10156288824'),(42025,'10191908380'),(42026,'10218645840'),(42027,'10225034007'),(42028,'10215046325'),(42029,'10102239500'),(42030,'10292607640'),(42031,'10070104810'),(42032,'10456077922'),(42033,'10255564043'),(42034,'10401545633'),(42035,'10416523652'),(42036,'10002335374'),(42037,'10257588586'),(42038,'10099327150'),(42039,'10066435518'),(42040,'10310034580'),(42041,'10100039317'),(42042,'10250094910'),(42043,'10433548341'),(42044,'10424124554'),(42045,'10256292268'),(42046,'10095428326'),(42047,'10329826231'),(42048,'10428506958'),(42049,'10293541481'),(42050,'10075796710'),(42051,'10239605996'),(42052,'10402246974'),(42053,'10222889605'),(42054,'10254615264'),(42055,'10008283686'),(42056,'10068696114'),(42057,'10277461086'),(42058,'10167210762'),(42059,'10448676906'),(42060,'10008688155'),(42061,'10805614175'),(42062,'10431225714'),(42063,'10000322976'),(42064,'10070823956'),(42065,'10052665138'),(42066,'10736764542'),(42067,'10710436598'),(42068,'10458116887'),(42069,'10411696800'),(42070,'10008304497'),(42071,'10073808834'),(42072,'10717192953'),(42073,'10422848571'),(42074,'10078591523'),(42075,'10090953112'),(42076,'10028399362'),(42077,'10423721796'),(42078,'10404293031'),(42079,'10026428896'),(42080,'10038560188'),(42081,'10416748841'),(42082,'10079532300'),(42083,'10410026461'),(42084,'10178073589'),(42085,'10087445343'),(42086,'10401434343'),(42087,'10714173885'),(42088,'10450825421'),(42089,'10043194564'),(42090,'10074933519'),(42091,'10451050872'),(42092,'10425459312'),(42093,'10256386742'),(42094,'10222701258'),(42095,'10004111708'),(42096,'10295849237'),(42097,'10077342651'),(42098,'10327688141'),(42099,'10194015009'),(42100,'10212871783'),(42101,'10214187383'),(42102,'10026945271'),(42103,'10434532367'),(42104,'10100631259'),(42105,'10771462621'),(42106,'10010778609'),(42107,'10011477742'),(42108,'10036474608'),(42109,'10715602933'),(42110,'10224070344'),(42111,'10166323237'),(42112,'10067269433'),(42113,'10165782629'),(42114,'10428619078'),(42115,'10078506224'),(42116,'10103280911'),(42117,'10400349962'),(42118,'10461712849'),(42119,'10038967741'),(42120,'10413545124'),(42121,'10409887703'),(42122,'10404735573'),(42123,'10257235012'),(42124,'10093787809'),(42125,'10104682923'),(42126,'10453271086'),(42127,'10438530229'),(42128,'10075674398'),(42129,'10105550273'),(42130,'10763661534'),(42131,'10442901631'),(42132,'10246984480'),(42133,'10168019578'),(42134,'10414350432'),(42135,'10316028603'),(42136,'10240071849'),(42137,'10336718347'),(42138,'10106258304'),(42139,'10040287839'),(42140,'10091637508'),(42141,'10076437811'),(42142,'10154091560'),(42143,'10079187629'),(42144,'10304046142'),(42145,'10425052948'),(42146,'10238219197'),(42147,'10089037269'),(42148,'10426546944'),(42149,'10240050744'),(42150,'10087340177'),(42151,'10087406992'),(42152,'10178877831'),(42153,'10409191555'),(42154,'10806126387'),(42155,'10455747258'),(42156,'10436512479'),(42157,'10104454700'),(42158,'10267047125'),(42159,'10192372572'),(42160,'10333480684'),(42161,'10293377974'),(42162,'10408192418'),(42163,'10293233506'),(42164,'10423695566'),(42165,'10443518555'),(42166,'10429885065'),(42167,'10292697118'),(42168,'10104304511'),(42169,'10086310568'),(42170,'10098271151'),(42171,'10297308489'),(42172,'10405489649'),(42173,'10448099283'),(42174,'10101245573'),(42175,'10167890551'),(42176,'10726781651'),(42177,'10282238158'),(42178,'10293050444'),(42179,'10308338580'),(42180,'10069080192'),(42181,'10439318410'),(42182,'10703830060'),(42183,'10404271194'),(42184,'10400310667'),(42185,'10458034325'),(42186,'10097411129'),(42187,'10088383007'),(42188,'10238370421'),(42189,'10178659401'),(42190,'10327405778'),(42191,'10419054017'),(42192,'10292251136'),(42193,'10295791557'),(42194,'10069968835'),(42195,'10415873765'),(42196,'10440443287'),(42197,'10103735314'),(42198,'10239086549'),(42199,'10075947971'),(42200,'10297363790'),(42201,'10082386039'),(42202,'10098426251'),(42203,'10296128444'),(42204,'10097888332'),(42205,'10405543635'),(42206,'10476662244'),(42207,'10011114372'),(42208,'10714573310'),(42209,'10078541852'),(42210,'10404557250'),(42211,'10178809267'),(42212,'10003682191'),(42213,'10199309817'),(42214,'10717219886'),(42215,'10480213799'),(42216,'10060473353'),(42217,'10422774438'),(42218,'10425568812'),(42219,'10293266366'),(42220,'10224714543'),(42221,'10433431630'),(42222,'10308501901'),(42223,'10435747596'),(42224,'10256568182'),(42225,'10107923514'),(42226,'10093933724'),(42227,'10400852605'),(42228,'10304007988'),(42229,'10295921183'),(42230,'10068650980'),(42231,'10175240174'),(42232,'10038387575'),(42233,'10304988440'),(42234,'10165997137'),(42235,'10255418705'),(42236,'10175357756'),(42237,'10166010395'),(42238,'10084506848'),(42239,'10329683228'),(42240,'10013337310'),(42241,'10295629237'),(42242,'10082352461'),(42243,'10407960306'),(42244,'10425631000'),(42245,'10224292479'),(42246,'10078428967'),(42247,'10418137806'),(42248,'10107934371'),(42249,'10405712658'),(42250,'10421395654'),(42251,'10026456831'),(42252,'10409693101'),(42253,'10415007782'),(42254,'10296581840'),(42255,'10210069904'),(42256,'10166301641'),(42257,'10106184181'),(42258,'10093936138'),(42259,'10224070999'),(42260,'10224868834'),(42261,'10210667470'),(42262,'10107797322'),(42263,'10429856049'),(42264,'10715603573'),(42265,'10199408513'),(42266,'10181535232'),(42267,'10449544710'),(42268,'10081107349'),(42269,'10238937987'),(42270,'10085187100'),(42271,'10093762709'),(42272,'10293037251'),(42273,'10405612165'),(42274,'10406648091'),(42275,'10178697264'),(42276,'10714057702'),(42277,'10181786791'),(42278,'10410199021'),(42279,'10093751464'),(42280,'10409471744'),(42281,'10104679477'),(42282,'10078705669'),(42283,'10224105661'),(42284,'10294118131'),(42285,'10070237895'),(42286,'10108108997'),(42287,'10425701580'),(42288,'10067630276'),(42289,'10088889512'),(42290,'10736578617'),(42291,'10064840369'),(42292,'10164004088'),(42293,'10086294635'),(42294,'10427063645'),(42295,'10476928694'),(42296,'10101314290'),(42297,'10103177605'),(42298,'10036124828'),(42299,'10448380063'),(42300,'10077843561'),(42301,'10064530378'),(42302,'10407864463'),(42303,'10217997670'),(42304,'10102196282'),(42305,'10026425455'),(42306,'10074490145'),(42307,'10439814425'),(42308,'10091891030'),(42309,'10062261931'),(42310,'10311658561'),(42311,'10084286538'),(42312,'10239466121'),(42313,'10009199271'),(42314,'10035050286'),(42315,'10238430025'),(42316,'10408989138'),(42317,'10069454343'),(42318,'10084422806'),(42319,'10308424010'),(42320,'10405518797'),(42321,'10328905162'),(42322,'10084822189'),(42323,'10277269649'),(42324,'10178330531'),(42325,'10178537437'),(42326,'10411483709'),(42327,'10805299806'),(42328,'10735036578'),(42329,'10293027221'),(42330,'10066099925'),(42331,'10071940867'),(42332,'10080361012'),(42333,'10418808531'),(42334,'10094618148'),(42335,'10295366821'),(42336,'10166997939'),(42337,'10159956968'),(42338,'10428084921'),(42339,'10193328143'),(42340,'10028629040'),(42341,'10703195852'),(42342,'10255227501'),(42343,'10336755846'),(42344,'10048275392'),(42345,'10080318044'),(42346,'10166878212'),(42347,'10295226451'),(42348,'10101813644'),(42349,'10713331860'),(42350,'10072766445'),(42351,'10295492932'),(42352,'10335918091'),(42353,'10085781451'),(42354,'10405867082'),(42355,'10469544759'),(42356,'10024298049'),(42357,'10093260665'),(42358,'10215493500'),(42359,'10801914611'),(42360,'10238043374'),(42361,'10088566705'),(42362,'10101567091'),(42363,'10074223007'),(42364,'10328127399'),(42365,'10090364613'),(42366,'10048181631'),(42367,'10086749560'),(42368,'10401364132'),(42369,'10178670170'),(42370,'10077149231'),(42371,'10084137583'),(42372,'10001221090'),(42373,'10004776891'),(42374,'10192372670'),(42375,'10103958178'),(42376,'10266123740'),(42377,'10179848479'),(42378,'10192367366'),(42379,'10088774928'),(42380,'10281191948'),(42381,'10267135580'),(42382,'10285959077'),(42383,'10452666842'),(42384,'10095869471'),(42385,'10178304319'),(42386,'10070805141'),(42387,'10416362411'),(42388,'10089271059'),(42389,'10400621191'),(42390,'10075122387'),(42391,'10461057221'),(42392,'10410784594'),(42393,'10179310819'),(42394,'10283158425'),(42395,'10101495324'),(42396,'10282645489'),(42397,'10266849171'),(42398,'10452589554'),(42399,'10000449534'),(42400,'10452427741'),(42401,'10070316485'),(42402,'10190986603'),(42403,'10401047358'),(42404,'10297094829'),(42405,'10308221658'),(42406,'10408650351'),(42407,'10065258051'),(42408,'10305816995'),(42409,'10296601085'),(42410,'10249905289'),(42411,'10423325815'),(42412,'10094055372'),(42413,'10402723063'),(42414,'10404604118'),(42415,'10414998181'),(42416,'10175492866'),(42417,'10084636890'),(42418,'10004465721'),(42419,'10000361416'),(42420,'10081281306'),(42421,'10277225064'),(42422,'10329757175'),(42423,'10482980169'),(42424,'10433467944'),(42425,'10409679388'),(42426,'10180136946'),(42427,'10411264675'),(42428,'10047497499'),(42429,'10046474185'),(42430,'10016879962'),(42431,'10801542374'),(42432,'10463388089'),(42433,'10076190602'),(42434,'10062462227'),(42435,'10070835130'),(42436,'10062106757'),(42437,'10429846540'),(42438,'10336723316'),(42439,'10431560777'),(42440,'10167415135'),(42441,'10292688569'),(42442,'10076970373'),(42443,'10098917000'),(42444,'10044063692'),(42445,'10155837328'),(42446,'10296597169'),(42447,'10099602592'),(42448,'10159670452'),(42449,'10255199884'),(42450,'10157091811'),(42451,'10100775102'),(42452,'10295521584'),(42453,'10094186248'),(42454,'10440765454'),(42455,'10191839981'),(42456,'10167953340'),(42457,'10179688765'),(42458,'10191824798'),(42459,'10282888837'),(42460,'10417505844'),(42461,'10257608331'),(42462,'10427012226'),(42463,'10026577981'),(42464,'10191838501'),(42465,'10414549719'),(42466,'10080067599'),(42467,'10417928958'),(42468,'10061988292'),(42469,'10157233811'),(42470,'10453037385'),(42471,'10433485187'),(42472,'10404834954'),(42473,'10040251664'),(42474,'10043010951'),(42475,'10450166061'),(42476,'10060825306'),(42477,'10296603509'),(42478,'10099738125'),(42479,'10088539708'),(42480,'10033079759'),(42481,'10028194035'),(42482,'10000319878'),(42483,'10026259008'),(42484,'10011651491'),(42485,'10436311317'),(42486,'10026150936'),(42487,'10004458929'),(42488,'10075089134'),(42489,'10425734330'),(42490,'10065194339'),(42491,'10164686669'),(42492,'10098685940'),(42493,'10703016460'),(42494,'10804173001'),(42495,'10435695260'),(42496,'10257360585'),(42497,'10408479393'),(42498,'10472855170'),(42499,'10153639791'),(42500,'10090646783'),(42501,'10297002401'),(42502,'10407021547'),(42503,'10086007300'),(42504,'10180857686'),(42505,'10471864167'),(42506,'10165053350'),(42507,'10294041597'),(42508,'10295373461'),(42509,'10166509748'),(42510,'10043046379'),(42511,'10431471791'),(42512,'10035605580'),(42513,'10229605581'),(42514,'10239137500'),(42515,'10067190683'),(42516,'10408843788'),(42517,'10108034241'),(42518,'10292410366'),(42519,'10089698656'),(42520,'10801015994'),(42521,'10709792798'),(42522,'10400863461'),(42523,'10199572542'),(42524,'10402274196'),(42525,'10071864826'),(42526,'10085449554'),(42527,'10411654112'),(42528,'10294888441'),(42529,'10223151405'),(42530,'10040124701'),(42531,'10198489994'),(42532,'10458011732'),(42533,'10153563409'),(42534,'10404800821'),(42535,'10011625423'),(42536,'10428164275'),(42537,'10181982794'),(42538,'10322212661'),(42539,'10336547666'),(42540,'10034706889'),(42541,'10011637049'),(42542,'10449012602'),(42543,'10325427871'),(42544,'10107172713'),(42545,'10167713519'),(42546,'10454786471'),(42547,'10715129537'),(42548,'10429937952'),(42549,'10701134309'),(42550,'10074260085'),(42551,'10073846388'),(42552,'10000033133'),(42553,'10077653215'),(42554,'10276630003'),(42555,'10257535733'),(42556,'10078774172'),(42557,'10327948283'),(42558,'10293063970'),(42559,'10083038476'),(42560,'10069725304'),(42561,'10103016385'),(42562,'10062695850'),(42563,'10089901745'),(42564,'10430580235'),(42565,'10087116480'),(42566,'10159857323'),(42567,'10009547121'),(42568,'10449609714'),(42569,'10024263750'),(42570,'10292904024'),(42571,'10060798996'),(42572,'10101692588'),(42573,'10212504322'),(42574,'10167856051'),(42575,'10165636762'),(42576,'10154049083'),(42577,'10222470248'),(42578,'10734551487'),(42579,'10258016985'),(42580,'10410434224'),(42581,'10328346635'),(42582,'10178609616'),(42583,'10293650506'),(42584,'10210675723'),(42585,'10238721577'),(42586,'10074263432'),(42587,'10428844951'),(42588,'10413225405'),(42589,'15475103090'),(42590,'10096668606'),(42591,'10198018029'),(42592,'10418090214'),(42593,'10714671419'),(42594,'10073356739'),(42595,'10164725541'),(42596,'10106710045'),(42597,'10294136041'),(42598,'10401769965'),(42599,'10106161599'),(42600,'10222912496'),(42601,'10480021571'),(42602,'10090973636'),(42603,'10080323072'),(42604,'10008030826'),(42605,'10100793381'),(42606,'10328856412'),(42607,'10040187567'),(42608,'10215501839'),(42609,'10256309217'),(42610,'10408518666'),(42611,'10081224108'),(42612,'10000981490'),(42613,'10725672468'),(42614,'10309609676'),(42615,'10067773361'),(42616,'10464586771'),(42617,'10467130477'),(42618,'10086478507'),(42619,'10419106068'),(42620,'10416130821'),(42621,'10240057188'),(42622,'10239549212'),(42623,'10001712921'),(42624,'10104705311'),(42625,'10407033499'),(42626,'10437974794'),(42627,'10081775538'),(42628,'10084297386'),(42629,'10408722298'),(42630,'10160144241'),(42631,'10716532700'),(42632,'10238638254'),(42633,'10098586674'),(42634,'10296881703'),(42635,'10292415406'),(42636,'10093753688'),(42637,'10090858900'),(42638,'10072193381'),(42639,'10092761911'),(42640,'10091501151'),(42641,'10307711716'),(42642,'10436642437'),(42643,'10222935887'),(42644,'10043216479'),(42645,'10072449601'),(42646,'10104309564'),(42647,'10335860999'),(42648,'10335837334'),(42649,'10429684400'),(42650,'10453939451'),(42651,'10408680111'),(42652,'10422575516'),(42653,'10040711967'),(42654,'10424509367'),(42655,'10092946831'),(42656,'10279786837'),(42657,'10441318290'),(42658,'10296926910'),(42659,'10076668049'),(42660,'10329547251'),(42661,'10073728091'),(42662,'10408342894'),(42663,'10028274527'),(42664,'10027608448'),(42665,'10072898279'),(42666,'10417480922'),(42667,'10074483432'),(42668,'10730537382'),(42669,'10439973833'),(42670,'10078457363'),(42671,'10419705735'),(42672,'10334032626'),(42673,'10088282154'),(42674,'10293396537'),(42675,'10421644646'),(42676,'10292589277'),(42677,'10293041151'),(42678,'10308283602'),(42679,'10294029686'),(42680,'10238490095'),(42681,'10293482387'),(42682,'10215076119'),(42683,'10296254008'),(42684,'10293966830'),(42685,'10012889637'),(42686,'10156896221'),(42687,'10004501298'),(42688,'10069354730'),(42689,'10086231269'),(42690,'10435443457'),(42691,'10099151256'),(42692,'10444676600'),(42693,'10717273872'),(42694,'10165090727'),(42695,'10103892401'),(42696,'10178875928'),(42697,'10412925462'),(42698,'10276766312'),(42699,'10094757652'),(42700,'10266771962'),(42701,'10218594595'),(42702,'10069967901'),(42703,'10106856449'),(42704,'10167615096'),(42705,'10199222371'),(42706,'10097550722'),(42707,'10222753568'),(42708,'10166827057'),(42709,'10072674273'),(42710,'10068094050'),(42711,'10027858797'),(42712,'10439332111'),(42713,'10467398194'),(42714,'10085250651'),(42715,'10478044718'),(42716,'10276743622'),(42717,'10093319881'),(42718,'10097766032'),(42719,'10087458445'),(42720,'10239258005'),(42721,'10714959854'),(42722,'10408834711'),(42723,'10159631716'),(42724,'10327913081'),(42725,'10731841778'),(42726,'10097662512'),(42727,'10294513171'),(42728,'10199309825'),(42729,'10435123916'),(42730,'10311902488'),(42731,'10098464684'),(42732,'10440064863'),(42733,'10294572584'),(42734,'10296338228'),(42735,'10408187643'),(42736,'10257908858'),(42737,'10292282139'),(42738,'10164318317'),(42739,'10410152229'),(42740,'10010471643'),(42741,'10053404435'),(42742,'10244923050'),(42743,'10060016670'),(42744,'10403390661'),(42745,'10010460102'),(42746,'10459986656'),(42747,'10011587998'),(42748,'10422905729'),(42749,'10004914142'),(42750,'10419296142'),(42751,'10025441228'),(42752,'10167050081'),(42753,'10053657252'),(42754,'10066311843'),(42755,'10079564856'),(42756,'10238158619'),(42757,'10311514488'),(42758,'10295596983'),(42759,'10423173772'),(42760,'10432479388'),(42761,'10174052765'),(42762,'10434439014'),(42763,'10060491980'),(42764,'10043410500'),(42765,'10004781649'),(42766,'10004887013'),(42767,'10092913771'),(42768,'10297231371'),(42769,'10061363357'),(42770,'10266863409'),(42771,'10066874651'),(42772,'10225126912'),(42773,'10413541315'),(42774,'10329428911'),(42775,'10096473902'),(42776,'10469760559'),(42777,'10074605571'),(42778,'10405940669'),(42779,'10164238542'),(42780,'10053422611'),(42781,'10070373951'),(42782,'10077949661'),(42783,'10064035270'),(42784,'10329703296'),(42785,'10165718882'),(42786,'10218474875'),(42787,'10255797943'),(42788,'10078435301'),(42789,'10224013910'),(42790,'10218353130'),(42791,'10407229067'),(42792,'10215091215'),(42793,'10090421439'),(42794,'10417011329'),(42795,'10028773582'),(42796,'10105982688'),(42797,'10744069519'),(42798,'10101133503'),(42799,'10086576754'),(42800,'10271551407'),(42801,'10179378413'),(42802,'10292976645'),(42803,'10255031436'),(42804,'10806225431'),(42805,'10181963331'),(42806,'10481905627'),(42807,'10078411673'),(42808,'10409318741'),(42809,'10178039372'),(42810,'10070886672'),(42811,'10004240141'),(42812,'10415464211'),(42813,'10011468883'),(42814,'10412290777'),(42815,'10028258467'),(42816,'10074808871'),(42817,'10413519565'),(42818,'10405685154'),(42819,'10096547124'),(42820,'10460029509'),(42821,'10067782947'),(42822,'10266784304'),(42823,'10225102509'),(42824,'10429794540'),(42825,'10199962171'),(42826,'10707844499'),(42827,'10700729767'),(42828,'10444965270'),(42829,'10095349957'),(42830,'10744992481'),(42831,'10404626596'),(42832,'10011155931'),(42833,'10296016123'),(42834,'10079640561'),(42835,'10239543834'),(42836,'10404135606'),(42837,'10453714018'),(42838,'10166740172'),(42839,'10258091596'),(42840,'10410790900'),(42841,'10453955651'),(42842,'10405052887'),(42843,'10772400794'),(42844,'10465607675'),(42845,'10106787226'),(42846,'10053255251'),(42847,'10164170590'),(42848,'10083895131'),(42849,'10717298051'),(42850,'10454442216'),(42851,'10296293402'),(42852,'10415666069'),(42853,'10431953540'),(42854,'10156160038'),(42855,'10178279918'),(42856,'10083184626'),(42857,'10072530760'),(42858,'10093054071'),(42859,'10091808817'),(42860,'10104113961'),(42861,'10081751434'),(42862,'10458450876'),(42863,'10028949109'),(42864,'10421144350'),(42865,'10065987576'),(42866,'10095936551'),(42867,'10103509543'),(42868,'10454730289'),(42869,'10011009129'),(42870,'10165993417'),(42871,'10447884840'),(42872,'10310394233'),(42873,'10407189600'),(42874,'10000198566'),(42875,'10407489671'),(42876,'10082732522'),(42877,'10102726443'),(42878,'10048228696'),(42879,'10011519330'),(42880,'10009625289'),(42881,'10321004321'),(42882,'10153687281'),(42883,'10188832178'),(42884,'10181139795'),(42885,'10094672398'),(42886,'10422940796'),(42887,'10329885408'),(42888,'10217907280'),(42889,'10102354074'),(42890,'10444421431'),(42891,'10425376638'),(42892,'10105106951'),(42893,'10026450522'),(42894,'10026804006'),(42895,'10424758324'),(42896,'10293657292'),(42897,'10025308463'),(42898,'10422918294'),(42899,'10436498816'),(42900,'10429624679'),(42901,'10089192124'),(42902,'10293145496'),(42903,'10085846464'),(42904,'10004963755'),(42905,'10429814290'),(42906,'10432997559'),(42907,'10470562388'),(42908,'10449897159'),(42909,'10409476908'),(42910,'10100801219'),(42911,'10448117214'),(42912,'10095974053'),(42913,'10246983181'),(42914,'10214633014'),(42915,'10435094088'),(42916,'10400229029'),(42917,'10239733366'),(42918,'10485288321'),(42919,'10048276534'),(42920,'10242961809'),(42921,'10075268543'),(42922,'10426489355'),(42923,'10414714191'),(42924,'10444076548'),(42925,'10250055621'),(42926,'10257883031'),(42927,'10464873274'),(42928,'10249833857'),(42929,'10083996183'),(42930,'10296866364'),(42931,'10102190357'),(42932,'10255692351'),(42933,'10210069581'),(42934,'10405643974'),(42935,'10800019376'),(42936,'10416296711'),(42937,'10410583351'),(42938,'10102625515'),(42939,'10096422976'),(42940,'10077588839'),(42941,'10447210041'),(42942,'10066710055'),(42943,'10311842591'),(42944,'10248112544'),(42945,'10012128521'),(42946,'10404040125'),(42947,'10465508278'),(42948,'10429799410'),(42949,'10164652144'),(42950,'10734255349'),(42951,'10413116991'),(42952,'10166216287'),(42953,'10479981278'),(42954,'10415906108'),(42955,'10083159745'),(42956,'10419236484'),(42957,'10425652244'),(42958,'10077285135'),(42959,'10322760421'),(42960,'10196848199'),(42961,'10442298454'),(42962,'10419476493'),(42963,'10180068193'),(42964,'10164426322'),(42965,'10401660343'),(42966,'10179397400'),(42967,'10073678001'),(42968,'10010049186'),(42969,'10410862439'),(42970,'10296155069'),(42971,'10477469057'),(42972,'10741374124'),(42973,'10215516801'),(42974,'10440861216'),(42975,'10428013005'),(42976,'10707822525'),(42977,'10011590212'),(42978,'10164689404'),(42979,'10408018574'),(42980,'10733883061'),(42981,'10401876575'),(42982,'10033140571'),(42983,'10026166654'),(42984,'10447400605'),(42985,'10401986001'),(42986,'10026082698'),(42987,'10255640475'),(42988,'10093113549'),(42989,'10079967543'),(42990,'10100705066'),(42991,'10071156864'),(42992,'10426318798'),(42993,'10070533150'),(42994,'10025261793'),(42995,'10084401477'),(42996,'10178262608'),(42997,'10211318622'),(42998,'10728543626'),(42999,'10463466306'),(43000,'15310645629'),(43001,'10167500680'),(43002,'10803057619'),(43003,'10452635394'),(43004,'10430158894'),(43005,'10107885388'),(43006,'10244868571'),(43007,'10462681301'),(43008,'10415228860'),(43009,'10307696989'),(43010,'10304234097'),(43011,'10023666842'),(43012,'10444998232'),(43013,'10401452287'),(43014,'10446900388'),(43015,'10006627761'),(43016,'10004527173'),(43017,'10428889504'),(43018,'10403875355'),(43019,'10025437751'),(43020,'10755741162'),(43021,'10419495633'),(43022,'10703828154'),(43023,'10238968980'),(43024,'10702127969'),(43025,'10755064683'),(43026,'10473766618'),(43027,'10024285923'),(43028,'10181732704'),(43029,'10442346718'),(43030,'10404016682'),(43031,'10063697635'),(43032,'10465510639'),(43033,'10043001782'),(43034,'10089890841'),(43035,'10040095263'),(43036,'10070689281'),(43037,'10292572749'),(43038,'10247045827'),(43039,'10416100085'),(43040,'10083978088'),(43041,'10426355014'),(43042,'10294831008'),(43043,'10257398094'),(43044,'10401844827'),(43045,'10164768398'),(43046,'10725443183'),(43047,'10178222169'),(43048,'10178070911'),(43049,'10433706388'),(43050,'10082242282'),(43051,'10221005924'),(43052,'10081838327'),(43053,'10431841971'),(43054,'10292493598'),(43055,'10078595553'),(43056,'10416852770'),(43057,'10734983701'),(43058,'10239453797'),(43059,'10415598357'),(43060,'10179765361'),(43061,'10012952967'),(43062,'10036547524'),(43063,'10412586463'),(43064,'10257836741'),(43065,'10296536739'),(43066,'10179653058'),(43067,'10199084050'),(43068,'10085073449'),(43069,'10266965341'),(43070,'10409534649'),(43071,'10417443997'),(43072,'10087575522'),(43073,'10096841391'),(43074,'10408435680'),(43075,'10310453132'),(43076,'10419807694'),(43077,'10296091621'),(43078,'10098961742'),(43079,'10044294554'),(43080,'10098978386'),(43081,'10179009990'),(43082,'10421385748'),(43083,'10091194606'),(43084,'10453277882'),(43085,'10403799284'),(43086,'10096123456'),(43087,'10100944681'),(43088,'10429432117'),(43089,'10101954132'),(43090,'10181388311'),(43091,'10464964938'),(43092,'10104464853'),(43093,'10164187743'),(43094,'10103338668'),(43095,'10101113995'),(43096,'10081015835'),(43097,'10026067982'),(43098,'10087653281'),(43099,'10179675353'),(43100,'10441126374'),(43101,'10458466489'),(43102,'10238729730'),(43103,'10424695918'),(43104,'10270607492'),(43105,'10466166001'),(43106,'10194327540'),(43107,'10103404849'),(43108,'10090378169'),(43109,'10703629054'),(43110,'10405380361'),(43111,'10107789451'),(43112,'10428714232'),(43113,'10444826105'),(43114,'10447408789'),(43115,'10070213856'),(43116,'10335681148'),(43117,'10002438815'),(43118,'10703535416'),(43119,'10077610907'),(43120,'10410454438'),(43121,'10294197911'),(43122,'10437139887'),(43123,'10436195805'),(43124,'10060492269'),(43125,'10710532309'),(43126,'10306774838'),(43127,'10423568840'),(43128,'15549410721'),(43129,'10180982413'),(43130,'10444887333'),(43131,'10218054728'),(43132,'10160015930'),(43133,'10424285418'),(43134,'10100573216'),(43135,'10067658766'),(43136,'10449636754'),(43137,'10180713374'),(43138,'10805384765'),(43139,'10407968391'),(43140,'10283100591'),(43141,'10433778419'),(43142,'10191925713'),(43143,'10401026423'),(43144,'10436149951'),(43145,'10727689333'),(43146,'10061029619'),(43147,'10422878802'),(43148,'10753933994'),(43149,'10035909341'),(43150,'10255572836'),(43151,'10446439010'),(43152,'10104436531'),(43153,'10429263145'),(43154,'10419746873'),(43155,'10015263771'),(43156,'10066005262'),(43157,'10106425821'),(43158,'10408816691'),(43159,'10100849092'),(43160,'10103556541'),(43161,'10407006254'),(43162,'10094030191'),(43163,'10046429066'),(43164,'10061060168'),(43165,'10256518509'),(43166,'10097114817'),(43167,'10248023037'),(43168,'10422465869'),(43169,'10078590314'),(43170,'10254700636'),(43171,'10238559630'),(43172,'10731402847'),(43173,'10294340187'),(43174,'10104722224'),(43175,'10296705581'),(43176,'10072727318'),(43177,'10155811281'),(43178,'10179660721'),(43179,'10418326781'),(43180,'10466095678'),(43181,'10296631146'),(43182,'10418249523'),(43183,'10079221461'),(43184,'10441030547'),(43185,'10181938833'),(43186,'10011613042'),(43187,'10406267356'),(43188,'10418159079'),(43189,'10066907991'),(43190,'10470029736'),(43191,'10098537771'),(43192,'10010667971'),(43193,'10437958110'),(43194,'10167255944'),(43195,'10005037633'),(43196,'10248140904'),(43197,'10242914916'),(43198,'10412458741'),(43199,'10073125532'),(43200,'10239343827'),(43201,'10294831555'),(43202,'10457293831'),(43203,'10442108035'),(43204,'10103093118'),(43205,'10004446823'),(43206,'10422904056'),(43207,'10101318210'),(43208,'10294450331'),(43209,'10075061027'),(43210,'10018700447'),(43211,'10088525731'),(43212,'10297158461'),(43213,'10004144606'),(43214,'10715236139'),(43215,'10105553361'),(43216,'10296026714'),(43217,'10258044458'),(43218,'10295932517'),(43219,'10104167298'),(43220,'10293908830'),(43221,'10296496109'),(43222,'10248899293'),(43223,'10434876295'),(43224,'10010612115'),(43225,'10093836842'),(43226,'10175335825'),(43227,'10437623975'),(43228,'10079862717'),(43229,'10769134633'),(43230,'10073344706'),(43231,'10095999994'),(43232,'17108135221'),(43233,'10407154750'),(43234,'10407154890'),(43235,'10414134641'),(43236,'10103756761'),(43237,'10426316736'),(43238,'10410077987'),(43239,'10099831982'),(43240,'10079696752'),(43241,'10277395911'),(43242,'10008342976'),(43243,'10729263864'),(43244,'10079568673'),(43245,'10066656361'),(43246,'10011741512'),(43247,'10232652514'),(43248,'10215242612'),(43249,'10409182670'),(43250,'10217859391'),(43251,'10704277810'),(43252,'10088029441'),(43253,'10074508907'),(43254,'10166868993'),(43255,'10167091097'),(43256,'10214552359'),(43257,'10741329811'),(43258,'10400051769'),(43259,'10008384334'),(43260,'10069721422'),(43261,'10028615103'),(43262,'10444995667'),(43263,'10198634480'),(43264,'10257317884'),(43265,'10266937844'),(43266,'10189045935'),(43267,'10096278492'),(43268,'10188212196'),(43269,'10091388583'),(43270,'10435368897'),(43271,'10023912762'),(43272,'10708108389'),(43273,'10407479730'),(43274,'10018343695'),(43275,'10426173587'),(43276,'10079232896'),(43277,'10427162589'),(43278,'10068931628'),(43279,'10336472798'),(43280,'10277325735'),(43281,'10274175180'),(43282,'10011287927'),(43283,'10077580536'),(43284,'10478506347'),(43285,'10088277126'),(43286,'10448591501'),(43287,'10402308210'),(43288,'10405999183'),(43289,'10257990431'),(43290,'10086873490'),(43291,'10099659969'),(43292,'10089265601'),(43293,'10236936894'),(43294,'10011399873'),(43295,'10080978907'),(43296,'10081537777'),(43297,'10078852564'),(43298,'10165948942'),(43299,'10071507446'),(43300,'10410807888'),(43301,'10805026222'),(43302,'10078019064'),(43303,'10074003627'),(43304,'10074265052'),(43305,'10085509778'),(43306,'10010530623'),(43307,'10158634088'),(43308,'10161606958'),(43309,'10419111304'),(43310,'10096025195'),(43311,'10404949581'),(43312,'10101843667'),(43313,'10066336684'),(43314,'10295437281'),(43315,'10295973116'),(43316,'10434619560'),(43317,'10407899259'),(43318,'10426900900'),(43319,'10028359531'),(43320,'10407682934'),(43321,'10047443771'),(43322,'10406135310'),(43323,'10102327531'),(43324,'10735091552'),(43325,'10292192466'),(43326,'10406893010'),(43327,'10084742282'),(43328,'10093500844'),(43329,'10454964662'),(43330,'10075162583'),(43331,'10052896253'),(43332,'10461336511'),(43333,'10090906840'),(43334,'10035022240'),(43335,'10085547467'),(43336,'10156918658'),(43337,'10026358243'),(43338,'10052494554'),(43339,'10409982404'),(43340,'10099549462'),(43341,'10404305943'),(43342,'10238846035'),(43343,'10408718479'),(43344,'10040214033'),(43345,'10460483285'),(43346,'10180740339'),(43347,'10178282188'),(43348,'10239330121'),(43349,'10062153500'),(43350,'10292748278'),(43351,'10074415798'),(43352,'10292665941'),(43353,'10296794266'),(43354,'10305711310'),(43355,'10078301096'),(43356,'10700706279'),(43357,'10155971792'),(43358,'10443298407'),(43359,'10094331124'),(43360,'10406533901'),(43361,'10097930592'),(43362,'10097059930'),(43363,'10089474294'),(43364,'10076475771'),(43365,'10308584050'),(43366,'10459813417'),(43367,'10428194603'),(43368,'10407136093'),(43369,'10439608221'),(43370,'10066760281'),(43371,'10214329412'),(43372,'10004079146'),(43373,'10004649589'),(43374,'10454913634'),(43375,'10238613707'),(43376,'10706036356'),(43377,'10296379552'),(43378,'10050642271'),(43379,'10425231940'),(43380,'10239973359'),(43381,'10306553840'),(43382,'10237167444'),(43383,'10153848322'),(43384,'10762231781'),(43385,'10409527111'),(43386,'10408057286'),(43387,'10222843796'),(43388,'10060551311'),(43389,'10096706796'),(43390,'10179694145'),(43391,'10104672359'),(43392,'10175690773'),(43393,'10409482576'),(43394,'10400825314'),(43395,'10401118816'),(43396,'10075351254'),(43397,'10076405439'),(43398,'10089126792'),(43399,'10461582937'),(43400,'10400498666'),(43401,'10048014483'),(43402,'10295834167'),(43403,'10296311303'),(43404,'10060603729'),(43405,'10009040698'),(43406,'10328413901'),(43407,'10435336162'),(43408,'10010639781'),(43409,'10182131615'),(43410,'10100477799'),(43411,'10102251372'),(43412,'10731813634'),(43413,'10452727973'),(43414,'10082739136'),(43415,'10078770291'),(43416,'10077645981'),(43417,'10099525971'),(43418,'10048199335'),(43419,'10403273533'),(43420,'10085901708'),(43421,'10214350403'),(43422,'10081798431'),(43423,'10102457230'),(43424,'10453961040'),(43425,'10105963519'),(43426,'10464224306'),(43427,'10099733484'),(43428,'10053606089'),(43429,'10091923152'),(43430,'10406447478'),(43431,'10238305727'),(43432,'10010808869'),(43433,'10214858342'),(43434,'10000254725'),(43435,'10084946953'),(43436,'10292607861'),(43437,'10257407115'),(43438,'10293480724'),(43439,'10101937831'),(43440,'10090687323'),(43441,'10077910455'),(43442,'10108768351'),(43443,'10426049738'),(43444,'10467993335'),(43445,'10178482977'),(43446,'10700785608'),(43447,'10256959602'),(43448,'10073185861'),(43449,'10167876914'),(43450,'10166854925'),(43451,'10108110177'),(43452,'10439939937'),(43453,'10164307064'),(43454,'10412971782'),(43455,'10429130943'),(43456,'10441536734'),(43457,'10086718303'),(43458,'10413830945'),(43459,'10427064030'),(43460,'10028142515'),(43461,'10048113449'),(43462,'10404524611'),(43463,'10329575301'),(43464,'10191885924'),(43465,'10192562126'),(43466,'10026144073'),(43467,'10176126014'),(43468,'10772774619'),(43469,'10061062446'),(43470,'10035060656'),(43471,'10214169709'),(43472,'10100030042'),(43473,'10415931170'),(43474,'10079833091'),(43475,'10069174693'),(43476,'10036659152'),(43477,'10275736878'),(43478,'10222540866'),(43479,'10078046461'),(43480,'10256267069'),(43481,'10445560672'),(43482,'10292478891'),(43483,'10067357502'),(43484,'10483325644'),(43485,'10447349588'),(43486,'10770941381'),(43487,'10075382621'),(43488,'10198867611'),(43489,'10098868840'),(43490,'10026310763'),(43491,'10073318527'),(43492,'10083380816'),(43493,'10053251752'),(43494,'10806391064'),(43495,'10084455801'),(43496,'10077198518'),(43497,'10806686838'),(43498,'10401378818'),(43499,'10224316611'),(43500,'10415977692'),(43501,'10069756552'),(43502,'10329662662'),(43503,'10226573548'),(43504,'10086281045'),(43505,'10329525053'),(43506,'10474193468'),(43507,'10421051921'),(43508,'10403278411'),(43509,'10100057081'),(43510,'10212478232'),(43511,'10076426797'),(43512,'10068228021'),(43513,'10702882511'),(43514,'10407179884'),(43515,'10003284561'),(43516,'10070650113'),(43517,'10405121854'),(43518,'10101934573'),(43519,'10044009833'),(43520,'10239295938'),(43521,'10156625936'),(43522,'10079929501'),(43523,'10247077524'),(43524,'10076053443'),(43525,'10075899021'),(43526,'10433094366'),(43527,'10255052824'),(43528,'10060684371'),(43529,'10294870909'),(43530,'10304011560'),(43531,'10004479861'),(43532,'10401582679'),(43533,'10178525196'),(43534,'10046393789'),(43535,'10444239161'),(43536,'10400583981'),(43537,'10323015711'),(43538,'10048063735'),(43539,'10404013331'),(43540,'10238852981'),(43541,'10488591873'),(43542,'10074910187'),(43543,'10421931645'),(43544,'10766451638'),(43545,'10093308005'),(43546,'10467727643'),(43547,'10159434953'),(43548,'10437795342'),(43549,'10179052267'),(43550,'10411034114'),(43551,'10454067750'),(43552,'10180924651'),(43553,'10028624218'),(43554,'10421407636'),(43555,'10292958655'),(43556,'10100469958'),(43557,'10104211921'),(43558,'10449807508'),(43559,'10292263941'),(43560,'10179107401'),(43561,'10068953117'),(43562,'10278490667'),(43563,'10248118542'),(43564,'10190966891'),(43565,'10770495267'),(43566,'10238787012'),(43567,'10336665367'),(43568,'10433077780'),(43569,'10098347769'),(43570,'10462658490'),(43571,'10426935363'),(43572,'10473138854'),(43573,'10179879412'),(43574,'10210691052'),(43575,'10480134465'),(43576,'10088525103'),(43577,'10085904740'),(43578,'10167236371'),(43579,'10267184904'),(43580,'10180906971'),(43581,'10711064384'),(43582,'10165405469'),(43583,'10467745846'),(43584,'10180750512'),(43585,'10215194758'),(43586,'10069129302'),(43587,'10096596168'),(43588,'10073051580'),(43589,'10098299721'),(43590,'10465336019'),(43591,'10459199301'),(43592,'10462754901'),(43593,'10293092350'),(43594,'10447510648'),(43595,'10440400979'),(43596,'10101102756'),(43597,'10190824689'),(43598,'10157134936'),(43599,'10166655361'),(43600,'10279616451'),(43601,'10174462459'),(43602,'10091156411'),(43603,'10403072694'),(43604,'10415732321'),(43605,'10476253778'),(43606,'10104159627'),(43607,'10403322186'),(43608,'10715693408'),(43609,'10406398906'),(43610,'10083226698'),(43611,'10255255318'),(43612,'10436710980'),(43613,'10099608566'),(43614,'10804704669'),(43615,'10433285102'),(43616,'10100921681'),(43617,'10327923183'),(43618,'10093976580'),(43619,'10250051455'),(43620,'10424856121'),(43621,'10272638255'),(43622,'10292905543'),(43623,'10226487498'),(43624,'10418704891'),(43625,'10000134941'),(43626,'10092543523'),(43627,'10279656739'),(43628,'10803598806'),(43629,'10257029102'),(43630,'10428459879'),(43631,'10734402848'),(43632,'10096175260'),(43633,'10011633418'),(43634,'10335883221'),(43635,'10004306673'),(43636,'10238301071'),(43637,'10009647991'),(43638,'10440430215'),(43639,'10167168626'),(43640,'10092610077'),(43641,'10081374916'),(43642,'10238458221'),(43643,'10244873834'),(43644,'10459498945'),(43645,'10249446314'),(43646,'10415234681'),(43647,'10181196098'),(43648,'10257695714'),(43649,'10447907084'),(43650,'10069750937'),(43651,'10104116294'),(43652,'10167438828'),(43653,'10093729167'),(43654,'10044079319'),(43655,'10000655894'),(43656,'10249467931'),(43657,'10321071398'),(43658,'10087303794'),(43659,'10308365609'),(43660,'10237149284'),(43661,'10009919401'),(43662,'10168055710'),(43663,'10048269554'),(43664,'10010915932'),(43665,'10742488859'),(43666,'10011637570'),(43667,'10277296026'),(43668,'10456135060'),(43669,'10400893166'),(43670,'10099487068'),(43671,'10053626926'),(43672,'10174517849'),(43673,'10053482657'),(43674,'10168002811'),(43675,'10086888233'),(43676,'10166875787'),(43677,'10469772514'),(43678,'10435033305'),(43679,'10304031242'),(43680,'10304040519'),(43681,'10430101396'),(43682,'10064844976'),(43683,'10081926544'),(43684,'10195339711'),(43685,'10093351351'),(43686,'10222979949'),(43687,'10401285275'),(43688,'10166837591'),(43689,'10090594431'),(43690,'10096698980'),(43691,'10065609296'),(43692,'10066158921'),(43693,'10062765319'),(43694,'10471131381'),(43695,'10168054799'),(43696,'10706744105'),(43697,'10089999427'),(43698,'10180153921'),(43699,'10258039144'),(43700,'10257351845'),(43701,'10040852943'),(43702,'10282883614'),(43703,'10283111666'),(43704,'10214278044'),(43705,'10088522759'),(43706,'10100373896'),(43707,'10097187351'),(43708,'10400421515'),(43709,'10415840409'),(43710,'10097140192'),(43711,'10077668824'),(43712,'10106140354'),(43713,'10461865122'),(43714,'10097627563'),(43715,'10068496573'),(43716,'10422328829'),(43717,'10255128367'),(43718,'10406975954'),(43719,'10417971268'),(43720,'10084813872'),(43721,'10158582185'),(43722,'10086475257'),(43723,'10103398849'),(43724,'10095415445'),(43725,'10179077961'),(43726,'10181316972'),(43727,'10239255677'),(43728,'10710023846'),(43729,'10408035053'),(43730,'10011079305'),(43731,'10078404090'),(43732,'10052331141'),(43733,'10417235871'),(43734,'10258424188'),(43735,'10429958623'),(43736,'10479553268'),(43737,'10087635517'),(43738,'10722474452'),(43739,'10098461847'),(43740,'10292719103'),(43741,'10401305179'),(43742,'10293448235'),(43743,'10100251855'),(43744,'10308629487'),(43745,'10224082334'),(43746,'10457573397'),(43747,'10428338621'),(43748,'10804279801'),(43749,'10464493731'),(43750,'10406421941'),(43751,'10088641774'),(43752,'10081998642'),(43753,'10093165506'),(43754,'10451600180'),(43755,'10726140257'),(43756,'10087910461'),(43757,'10094450409'),(43758,'10703035766'),(43759,'10426147535'),(43760,'10068250183'),(43761,'10709069786'),(43762,'10401814227'),(43763,'10095363941'),(43764,'10167998513'),(43765,'10075222586'),(43766,'10439591078'),(43767,'10713911009'),(43768,'10256297472'),(43769,'10165450740'),(43770,'10246669975'),(43771,'10431186051'),(43772,'10406475382'),(43773,'10104210231'),(43774,'10214605932'),(43775,'10181373356'),(43776,'10179135618'),(43777,'10179135626'),(43778,'10437656776'),(43779,'10011587599'),(43780,'10475549622'),(43781,'10066590327'),(43782,'10049631389'),(43783,'10328013628'),(43784,'10078093299'),(43785,'10425166544'),(43786,'10402168183'),(43787,'10013173945'),(43788,'10443106818'),(43789,'10087829834'),(43790,'10412947806'),(43791,'10293479378'),(43792,'10107777399'),(43793,'10435193299'),(43794,'10178739277'),(43795,'10277042628'),(43796,'10086900101'),(43797,'10092727691'),(43798,'10427103604'),(43799,'10480635910'),(43800,'10011247674'),(43801,'10297307440'),(43802,'10081902742'),(43803,'10103047621'),(43804,'10097810929'),(43805,'10100663223'),(43806,'10102255556'),(43807,'10083250211'),(43808,'10097191064'),(43809,'10328242775'),(43810,'10104176416'),(43811,'10272871332'),(43812,'10449365718'),(43813,'10085407266'),(43814,'10188584719'),(43815,'10271686299'),(43816,'10214152521'),(43817,'10435856816'),(43818,'10273766095'),(43819,'10274305334'),(43820,'10017033994'),(43821,'10250004953'),(43822,'10004901351'),(43823,'10239642841'),(43824,'10156395515'),(43825,'10106899598'),(43826,'10180907781'),(43827,'10401940281'),(43828,'10008063392'),(43829,'10296553609'),(43830,'10444781578'),(43831,'10067636860'),(43832,'10413584375'),(43833,'10000051051'),(43834,'10062269346'),(43835,'10061613388'),(43836,'10083292747'),(43837,'10167278642'),(43838,'10270478056'),(43839,'10466925883'),(43840,'10436967573'),(43841,'10336627414'),(43842,'10417988853'),(43843,'10427743395'),(43844,'10434292960'),(43845,'10178045879'),(43846,'10224165728'),(43847,'10158413651'),(43848,'10072495654'),(43849,'10067367214'),(43850,'10049639134'),(43851,'10094327909'),(43852,'10022668698'),(43853,'10106582551'),(43854,'10297045241'),(43855,'10180903378'),(43856,'10224355136'),(43857,'10402819192'),(43858,'10756222444'),(43859,'10736876367'),(43860,'10431677861'),(43861,'10450049315'),(43862,'10199085382'),(43863,'10095802741'),(43864,'10469626721'),(43865,'10081972805'),(43866,'10178106291'),(43867,'10174467345'),(43868,'10471011733'),(43869,'10179508724'),(43870,'10062650911'),(43871,'10085166781'),(43872,'10468711660'),(43873,'10431469869'),(43874,'10180951003'),(43875,'10002523154'),(43876,'10079674139'),(43877,'10036362834'),(43878,'10282897798'),(43879,'10181425828'),(43880,'10310340826'),(43881,'10240006516'),(43882,'10410184881'),(43883,'10462183653'),(43884,'10441419479'),(43885,'10430890650'),(43886,'10070913068'),(43887,'10463374134'),(43888,'10418393357'),(43889,'10415105652'),(43890,'10075228185'),(43891,'10258067571'),(43892,'10406229900'),(43893,'17344501025'),(43894,'10215115335'),(43895,'10218056313'),(43896,'10102636941'),(43897,'10001114803'),(43898,'10105868451'),(43899,'10421106750'),(43900,'10088979309'),(43901,'10327322929'),(43902,'10067404535'),(43903,'10044386114'),(43904,'10090487669'),(43905,'10425797510'),(43906,'10419893744'),(43907,'10239303485'),(43908,'10160073786'),(43909,'10400039548'),(43910,'10230162536'),(43911,'10292289869'),(43912,'10295243126'),(43913,'10046477664'),(43914,'10400163699'),(43915,'10425004790'),(43916,'10066357886'),(43917,'10458752414'),(43918,'10295149341'),(43919,'10419401060'),(43920,'10027567245'),(43921,'10086844601'),(43922,'10028092968'),(43923,'10028371352'),(43924,'10215603216'),(43925,'10043490457'),(43926,'10097972368'),(43927,'10181299865'),(43928,'10103171712'),(43929,'10043391327'),(43930,'10107308003'),(43931,'10065566830'),(43932,'10447915273'),(43933,'10416579330'),(43934,'10249517734'),(43935,'10180705142'),(43936,'10096962555'),(43937,'10071523964'),(43938,'10101475226'),(43939,'10052249452'),(43940,'10723243845'),(43941,'10292104966'),(43942,'10026119478'),(43943,'10074916690'),(43944,'10166989341'),(43945,'10107515530'),(43946,'10329591421'),(43947,'10094858840'),(43948,'10093858544'),(43949,'10215626127'),(43950,'10238443941'),(43951,'10090942293'),(43952,'10068034154'),(43953,'10335635138'),(43954,'10476647946'),(43955,'10075250270'),(43956,'10238628194'),(43957,'10060981341'),(43958,'10292913376'),(43959,'10443631122'),(43960,'10248042104'),(43961,'10461949598'),(43962,'10101559179'),(43963,'10453561815'),(43964,'10036632335'),(43965,'10806799578'),(43966,'10457929281'),(43967,'10084155085'),(43968,'10401906091'),(43969,'10224184374'),(43970,'10475729663'),(43971,'10310424710'),(43972,'10400271742'),(43973,'10108062164'),(43974,'10101047852'),(43975,'10101457961'),(43976,'10295357431'),(43977,'10004259411'),(43978,'10199196532'),(43979,'10440089386'),(43980,'10232603505'),(43981,'10001137714'),(43982,'10402645577'),(43983,'10483093221'),(43984,'10402753710'),(43985,'10098790182'),(43986,'10308264381'),(43987,'10412150771'),(43988,'10105336565'),(43989,'10078878351'),(43990,'10091942165'),(43991,'10403303416'),(43992,'10215152991'),(43993,'10239770385'),(43994,'10084347502'),(43995,'10402988687'),(43996,'10444240186'),(43997,'10400870964'),(43998,'10095829762'),(43999,'10154194598'),(44000,'10089046632'),(44001,'10257455713'),(44002,'10103456563'),(44003,'10080287262'),(44004,'10237121550'),(44005,'10101770139'),(44006,'10214606530'),(44007,'10093982318'),(44008,'10175941555'),(44009,'10180780632'),(44010,'10418282946'),(44011,'10157253455'),(44012,'10224134679'),(44013,'10069583283'),(44014,'10405421718'),(44015,'10427819766'),(44016,'10086481630'),(44017,'10096959988'),(44018,'10105956288'),(44019,'10073178482'),(44020,'10239439263'),(44021,'10108750052'),(44022,'10003277467'),(44023,'10070811681'),(44024,'10100776907'),(44025,'10215632861'),(44026,'10092498421'),(44027,'10100567348'),(44028,'10476691163'),(44029,'10001188131'),(44030,'10028477711'),(44031,'10024251735'),(44032,'10070827358'),(44033,'10078994296'),(44034,'10027953161'),(44035,'10087086963'),(44036,'10088589870'),(44037,'10028740480'),(44038,'10452913769'),(44039,'10069628791'),(44040,'10468434925'),(44041,'10103380427'),(44042,'10426112782'),(44043,'10079645317'),(44044,'10293260970'),(44045,'10424954697'),(44046,'10400641906'),(44047,'10106048962'),(44048,'10215403225'),(44049,'10434065360'),(44050,'10222687701'),(44051,'10166542427'),(44052,'10154357888'),(44053,'10221032280'),(44054,'10455516574'),(44055,'10103409379'),(44056,'10435017989'),(44057,'10308341891'),(44058,'10192365223'),(44059,'10737394307'),(44060,'10090424845'),(44061,'10040081645'),(44062,'10406872543'),(44063,'10090313857'),(44064,'10085132852'),(44065,'10449914118'),(44066,'10297124744'),(44067,'10224864677'),(44068,'10101077018'),(44069,'10238722778'),(44070,'10090683212'),(44071,'10179026436'),(44072,'10226438446'),(44073,'10702473476'),(44074,'10439124801'),(44075,'10224573401'),(44076,'10040685141'),(44077,'10074187817'),(44078,'10466721641'),(44079,'10450425210'),(44080,'10181141561'),(44081,'10196668671'),(44082,'10403609591'),(44083,'10408419331'),(44084,'10401095191'),(44085,'10104366398'),(44086,'10277273638'),(44087,'10055937571'),(44088,'10066563826'),(44089,'10410077723'),(44090,'10335621528'),(44091,'10475689891'),(44092,'10414670259'),(44093,'10255529361'),(44094,'10310454597'),(44095,'10075687694'),(44096,'10052921436'),(44097,'10073789996'),(44098,'10405243909'),(44099,'10329170140'),(44100,'10104728753'),(44101,'10027344807'),(44102,'10426457828'),(44103,'10071042559'),(44104,'10295984568'),(44105,'10275761953'),(44106,'10425252416'),(44107,'10099745725'),(44108,'10152151824'),(44109,'10069849593'),(44110,'10748630550'),(44111,'10062399347'),(44112,'10102463281'),(44113,'10444706169'),(44114,'10176197451'),(44115,'10454913324'),(44116,'10295025951'),(44117,'10255835403'),(44118,'10441883116'),(44119,'10098713765'),(44120,'10434543326'),(44121,'10296578423'),(44122,'10296985312'),(44123,'10224174336'),(44124,'10069474085'),(44125,'10451918872'),(44126,'10069215403'),(44127,'10159451556'),(44128,'10082834180'),(44129,'10413839039'),(44130,'10036554431'),(44131,'10028409830'),(44132,'10634025141'),(44133,'10026280392'),(44134,'10026140400'),(44135,'10036069983'),(44136,'10026154842'),(44137,'10243013351'),(44138,'10028569756'),(44139,'10424728433'),(44140,'10166417096'),(44141,'10175627575'),(44142,'10475725439'),(44143,'10806790171'),(44144,'10011111772'),(44145,'10067166898'),(44146,'10056175747'),(44147,'10153544935'),(44148,'10402256872'),(44149,'10293892291'),(44150,'10108675221'),(44151,'10400956974'),(44152,'10722142751'),(44153,'10214472665'),(44154,'10212598335'),(44155,'10214121137'),(44156,'10406411945'),(44157,'10422409284'),(44158,'10800024027'),(44159,'10024110040'),(44160,'10024383666'),(44161,'10294229499'),(44162,'10004243981'),(44163,'10418028403'),(44164,'10104592959'),(44165,'10304007104'),(44166,'10178323038'),(44167,'10405339752'),(44168,'10078384960'),(44169,'10165259756'),(44170,'10304236499'),(44171,'10277479741'),(44172,'10436038459'),(44173,'10084474369'),(44174,'10296580371'),(44175,'10190991950'),(44176,'10295210716'),(44177,'10467113599'),(44178,'10166679457'),(44179,'10048002418'),(44180,'10104638894'),(44181,'10294139180'),(44182,'10093710253'),(44183,'10304318002'),(44184,'10719705371'),(44185,'10801176629'),(44186,'10105828778'),(44187,'10093165212'),(44188,'10081860977'),(44189,'10304247784'),(44190,'10308610972'),(44191,'10427752874'),(44192,'10424159978'),(44193,'10007978800'),(44194,'10167655284'),(44195,'10002572724'),(44196,'10103285963'),(44197,'10277219072'),(44198,'10295574050'),(44199,'10071725583'),(44200,'10167323508'),(44201,'10077631386'),(44202,'10166931270'),(44203,'10092981911'),(44204,'10304042465'),(44205,'10295425461'),(44206,'10181539271'),(44207,'10174000242'),(44208,'10453860847'),(44209,'10091087974'),(44210,'10090508178'),(44211,'10010451081'),(44212,'10167210916'),(44213,'10722182346'),(44214,'10078847170'),(44215,'10292853187'),(44216,'10422780233'),(44217,'10256271961'),(44218,'10078328725'),(44219,'10175343518'),(44220,'10456156148'),(44221,'10004177831'),(44222,'10462709272'),(44223,'10801833646'),(44224,'10164068779'),(44225,'10104944723'),(44226,'10239871050'),(44227,'10215107065'),(44228,'10215058668'),(44229,'10405776176'),(44230,'10062841783'),(44231,'10106134761'),(44232,'10056443008'),(44233,'10225100476'),(44234,'10316807149'),(44235,'10074843552'),(44236,'10022603588'),(44237,'10105941434'),(44238,'10478675114'),(44239,'10102717908'),(44240,'10418534392'),(44241,'10406978333'),(44242,'10103847716'),(44243,'10437142578'),(44244,'10043218684'),(44245,'10214480528'),(44246,'10098270995'),(44247,'10107915210'),(44248,'10018648186'),(44249,'10012313638'),(44250,'10800005910'),(44251,'10087451602'),(44252,'10292996018'),(44253,'10182290012'),(44254,'10407867152'),(44255,'10068462873'),(44256,'10416739400'),(44257,'10423089224'),(44258,'10413766996'),(44259,'10462604683'),(44260,'10706753953'),(44261,'10002277773'),(44262,'10441718778'),(44263,'10311747946'),(44264,'10031248731'),(44265,'10715871381'),(44266,'10282608257'),(44267,'10292381072'),(44268,'10091793119'),(44269,'10214078975'),(44270,'10179422226'),(44271,'10294164630'),(44272,'10011567733'),(44273,'10023937552'),(44274,'10471227841'),(44275,'10068534807'),(44276,'10410757392'),(44277,'10068098764'),(44278,'10440711826'),(44279,'10276672482'),(44280,'10224059227'),(44281,'10078925847'),(44282,'10073392212'),(44283,'10094287222'),(44284,'10093653047'),(44285,'10418370578'),(44286,'10070942483'),(44287,'10406333880'),(44288,'10091575367'),(44289,'10441278166'),(44290,'10801436850'),(44291,'10083252516'),(44292,'10073234692'),(44293,'10435075199'),(44294,'10010740610'),(44295,'10412385018'),(44296,'10027780747'),(44297,'10105946169'),(44298,'10103005421'),(44299,'10095635925'),(44300,'10077648793'),(44301,'10065475435'),(44302,'10094175432'),(44303,'10081363663'),(44304,'10297252289'),(44305,'10431477659'),(44306,'10053466112'),(44307,'10441786561'),(44308,'10074983117'),(44309,'10000096763'),(44310,'10404073821'),(44311,'10025488488'),(44312,'10403974990'),(44313,'10329571543'),(44314,'10165613088'),(44315,'10070960082'),(44316,'10181517986'),(44317,'10400214269'),(44318,'10426663801'),(44319,'10409330644'),(44320,'10100614931'),(44321,'10025263672'),(44322,'10743822761'),(44323,'10421446470'),(44324,'10413341022'),(44325,'10181775501'),(44326,'10104706873'),(44327,'10225083814'),(44328,'10471707851'),(44329,'10249482752'),(44330,'10443117607'),(44331,'10306740062'),(44332,'10079371101'),(44333,'10447827099'),(44334,'10461165155'),(44335,'10218510171'),(44336,'10010684141'),(44337,'10449902225'),(44338,'10096866271'),(44339,'10295392351'),(44340,'10295536786'),(44341,'10098731615'),(44342,'10078408371'),(44343,'10293331460'),(44344,'10198326629'),(44345,'10188333597'),(44346,'10067551775'),(44347,'10060600576'),(44348,'10087167041'),(44349,'10181305130'),(44350,'10164953110'),(44351,'10403103778'),(44352,'10009495997'),(44353,'10095333678'),(44354,'10415793958'),(44355,'10403026897'),(44356,'10062846653'),(44357,'10154248531'),(44358,'10435291886'),(44359,'10153636643'),(44360,'10153939875'),(44361,'10167176149'),(44362,'10238224727'),(44363,'10328416854'),(44364,'10073068563'),(44365,'10453593270'),(44366,'10703576309'),(44367,'10062879667'),(44368,'10043032955'),(44369,'10079750307'),(44370,'10238840177'),(44371,'10077915074'),(44372,'10094857550'),(44373,'10075576001'),(44374,'10156604840'),(44375,'10044093974'),(44376,'10435460319'),(44377,'10403687389'),(44378,'10099768865'),(44379,'10076395212'),(44380,'10076246381'),(44381,'10250047776'),(44382,'10107322758'),(44383,'10174483014'),(44384,'10212517688'),(44385,'10404523495'),(44386,'10094559061'),(44387,'10065808043'),(44388,'10066565632'),(44389,'10102832898'),(44390,'10306774455'),(44391,'10321048515'),(44392,'10087216484'),(44393,'10273605687'),(44394,'10776681798'),(44395,'10080714802'),(44396,'10180387515'),(44397,'10769076471'),(44398,'10770500678'),(44399,'10437265581'),(44400,'10103696874'),(44401,'10098965977'),(44402,'10166377710'),(44403,'10224903664'),(44404,'10104855089'),(44405,'10086990488'),(44406,'10239625130'),(44407,'10074664585'),(44408,'10239472406'),(44409,'10083836500'),(44410,'10062261922'),(44411,'10107138264'),(44412,'10806704241'),(44413,'10717902888'),(44414,'10102934011'),(44415,'10082371431'),(44416,'10089769383'),(44417,'10077969409'),(44418,'10222609025'),(44419,'10257892269'),(44420,'10266994350'),(44421,'10417262992'),(44422,'10100797262'),(44423,'10293222814'),(44424,'10066450100'),(44425,'10082355397'),(44426,'10292182142'),(44427,'10418289550'),(44428,'10457870448'),(44429,'10472595577'),(44430,'10471049765'),(44431,'10104034522'),(44432,'10457297900'),(44433,'10153817664'),(44434,'10164935545'),(44435,'10403926651'),(44436,'10091624538'),(44437,'10266874737'),(44438,'10028948340'),(44439,'10292616860'),(44440,'10401469732'),(44441,'10087968567'),(44442,'10182114214'),(44443,'10086358374'),(44444,'10436966861'),(44445,'10077910251'),(44446,'10073127756'),(44447,'10703528118'),(44448,'10310406649'),(44449,'10191982415'),(44450,'10426651888'),(44451,'10255699534'),(44452,'10166888919'),(44453,'10046423947'),(44454,'10166760921'),(44455,'10238801422'),(44456,'10181814808'),(44457,'10423423299'),(44458,'10090610649'),(44459,'10165160776'),(44460,'10467567565'),(44461,'10190555921'),(44462,'10179681302'),(44463,'10096634183'),(44464,'10431923055'),(44465,'10295503969'),(44466,'10328389580'),(44467,'10004659428'),(44468,'10048036011'),(44469,'10072339024'),(44470,'10401679664'),(44471,'10726490983'),(44472,'10074009617'),(44473,'10178712719'),(44474,'10274186092'),(44475,'10103860801'),(44476,'10296900261'),(44477,'10292436730'),(44478,'10736965602'),(44479,'10707493122'),(44480,'10072783960'),(44481,'10224145182'),(44482,'10084248466'),(44483,'10181095810'),(44484,'10100600108'),(44485,'10097030371'),(44486,'10165426580'),(44487,'10075078795'),(44488,'10446648581'),(44489,'10407870056'),(44490,'10076748506'),(44491,'10195612558'),(44492,'10412909211'),(44493,'10028803562'),(44494,'10277211403'),(44495,'10180628318'),(44496,'10181091989'),(44497,'10061800692'),(44498,'10179935410'),(44499,'10256807691'),(44500,'10105391736'),(44501,'10033585140'),(44502,'10166482122'),(44503,'10166319604'),(44504,'10296293526'),(44505,'10424885237'),(44506,'10432992999'),(44507,'10251996488'),(44508,'10336560042'),(44509,'10308263563'),(44510,'10052680111'),(44511,'10009918901'),(44512,'10293433149'),(44513,'10011103915'),(44514,'10459073189'),(44515,'10296315180'),(44516,'10064345554'),(44517,'10700102489'),(44518,'10088213853'),(44519,'10094851403'),(44520,'10442401018'),(44521,'10214449035'),(44522,'10011467852'),(44523,'10011327210'),(44524,'10443695961'),(44525,'10067191701'),(44526,'10406614145'),(44527,'10091746536'),(44528,'10437239849'),(44529,'10079341199'),(44530,'10210001307'),(44531,'10190796898'),(44532,'10429081969'),(44533,'10453851287'),(44534,'10084334397'),(44535,'10254028181'),(44536,'10274239749'),(44537,'10011141426'),(44538,'10415014673'),(44539,'10011076527'),(44540,'10272976673'),(44541,'10181566740'),(44542,'10026311107'),(44543,'10181299971'),(44544,'10413903985'),(44545,'10083499465'),(44546,'10805026346'),(44547,'10053908468'),(44548,'10106908961'),(44549,'10421419553'),(44550,'10089560115'),(44551,'10800686879'),(44552,'10094924010'),(44553,'10418402143'),(44554,'10332623732'),(44555,'10801811791'),(44556,'10084865147'),(44557,'10182109261'),(44558,'10419365187'),(44559,'10466036001'),(44560,'10088762580'),(44561,'10073413937'),(44562,'10062825451'),(44563,'10093436429'),(44564,'10181796753'),(44565,'10156216831'),(44566,'10026741438'),(44567,'10011005824'),(44568,'10106573781'),(44569,'10179411135'),(44570,'10096363805'),(44571,'10267240049'),(44572,'10067084913'),(44573,'10198528485'),(44574,'10099806732'),(44575,'10438612616'),(44576,'10071589345'),(44577,'10028627888'),(44578,'10087486546'),(44579,'10411227826'),(44580,'10450702264'),(44581,'10166211145'),(44582,'10166987526'),(44583,'10167976757'),(44584,'10166901648'),(44585,'10434226401'),(44586,'10052829858'),(44587,'10425667713'),(44588,'10156449283'),(44589,'10076383931'),(44590,'10102868795'),(44591,'10102592111'),(44592,'10455303741'),(44593,'10103168924'),(44594,'10004114731'),(44595,'10082346681'),(44596,'10102917770'),(44597,'10096461661'),(44598,'10167027747'),(44599,'10103838555'),(44600,'10011603870'),(44601,'10310004371'),(44602,'10106968361'),(44603,'10088829676'),(44604,'10178952752'),(44605,'10154263093'),(44606,'10076418352'),(44607,'10011231182'),(44608,'10156353367'),(44609,'10310303441'),(44610,'10316706636'),(44611,'10048243806'),(44612,'10411084219'),(44613,'10027642867'),(44614,'10211190511'),(44615,'10092971789'),(44616,'10067548669'),(44617,'10329259591'),(44618,'10431051376'),(44619,'10224252949'),(44620,'10156195061'),(44621,'10296158807'),(44622,'10063683766'),(44623,'10068750046'),(44624,'10101436824'),(44625,'10428243329'),(44626,'10078462456'),(44627,'10087388285'),(44628,'10097260678'),(44629,'10214744266'),(44630,'10296877129'),(44631,'10154306299'),(44632,'10000282125'),(44633,'10040526221'),(44634,'10457539393'),(44635,'10044213708'),(44636,'10433946494'),(44637,'10068449729'),(44638,'10076779711'),(44639,'10070217444'),(44640,'10409168529'),(44641,'10015540538'),(44642,'10400613988'),(44643,'10179513272'),(44644,'10067803995'),(44645,'10460830180'),(44646,'10105965732'),(44647,'10415943933'),(44648,'10474769866'),(44649,'10756555508'),(44650,'10164688912'),(44651,'10103829815'),(44652,'10700624825'),(44653,'10429168045'),(44654,'10417569184'),(44655,'10040535221'),(44656,'10081727568'),(44657,'10229706557'),(44658,'10082382297'),(44659,'10027952271'),(44660,'10096702715'),(44661,'10164540486'),(44662,'10406553065'),(44663,'10296750242'),(44664,'10295922686'),(44665,'10400786319'),(44666,'10181716644'),(44667,'10258226548'),(44668,'10060626125'),(44669,'10414542331'),(44670,'10011414678'),(44671,'10295876056'),(44672,'10074976960'),(44673,'10175918481'),(44674,'10421137477'),(44675,'10455886355'),(44676,'10086378596'),(44677,'10080868354'),(44678,'10418718477'),(44679,'10486256732'),(44680,'10254131089'),(44681,'10215548380'),(44682,'10157467617'),(44683,'10192106635'),(44684,'10308309717'),(44685,'10095334615'),(44686,'10418381545'),(44687,'10040451043'),(44688,'10249468741'),(44689,'10446234248'),(44690,'10405551590'),(44691,'10411085339'),(44692,'10193226570'),(44693,'10048263530'),(44694,'10412232874'),(44695,'10224765725'),(44696,'10073616595'),(44697,'10405521437'),(44698,'10085698708'),(44699,'10458740441'),(44700,'10179154841'),(44701,'10104722755'),(44702,'10804049482'),(44703,'10454423360'),(44704,'10074448963'),(44705,'10768016432'),(44706,'10053224917'),(44707,'10433974650'),(44708,'10316198797'),(44709,'10028124746'),(44710,'10099102999'),(44711,'10412836842'),(44712,'10048219751'),(44713,'10192309455'),(44714,'10277484001'),(44715,'10086092811'),(44716,'10081532937'),(44717,'10091753061'),(44718,'10106382455'),(44719,'10103576852'),(44720,'10306550158'),(44721,'10404075395'),(44722,'10304061966'),(44723,'10210680310'),(44724,'10102225134'),(44725,'10237054071'),(44726,'10098777348'),(44727,'10719594153'),(44728,'10254755465'),(44729,'10076404149'),(44730,'10329915161'),(44731,'10178561117'),(44732,'10401825113'),(44733,'10400660609'),(44734,'10107140412'),(44735,'10229607532'),(44736,'10008160126'),(44737,'10001026424'),(44738,'10339405579'),(44739,'10088510751'),(44740,'10447243178'),(44741,'10217938592'),(44742,'10089606565'),(44743,'10069992281'),(44744,'10461189909'),(44745,'10102153061'),(44746,'10413198581'),(44747,'10404799130'),(44748,'10419027044'),(44749,'10099218041'),(44750,'10256990828'),(44751,'10008277813'),(44752,'10165642746'),(44753,'10180285411'),(44754,'10077645999'),(44755,'10052861671'),(44756,'10052777131'),(44757,'10459277621'),(44758,'10412133825'),(44759,'10476341880'),(44760,'10089189999'),(44761,'10087724510'),(44762,'10181836275'),(44763,'10413965085'),(44764,'10402292356'),(44765,'10048073544'),(44766,'10224141331'),(44767,'10067177661'),(44768,'10073490311'),(44769,'10099493246'),(44770,'10479715616'),(44771,'10159854243'),(44772,'10085308306'),(44773,'10103410750'),(44774,'10461651190'),(44775,'10211255876'),(44776,'10424434081'),(44777,'10239733803'),(44778,'10277445111'),(44779,'10067998311'),(44780,'10038916721'),(44781,'10222485679'),(44782,'10456348624'),(44783,'10181890091'),(44784,'10430635021'),(44785,'10413026321'),(44786,'10446028338'),(44787,'10457331440'),(44788,'10294155789'),(44789,'10040310741'),(44790,'10269275184'),(44791,'10164741121'),(44792,'10214392904'),(44793,'10164764899'),(44794,'15129334107'),(44795,'10087285672'),(44796,'10101990287'),(44797,'10166686437'),(44798,'10462744001'),(44799,'10166813838'),(44800,'10277102990'),(44801,'10181077030'),(44802,'10266772446'),(44803,'10423248241'),(44804,'10274324363'),(44805,'10167109280'),(44806,'10456098890'),(44807,'10443372941'),(44808,'10417679001'),(44809,'10334026995'),(44810,'10424745834'),(44811,'10011607042'),(44812,'10452588949'),(44813,'10239541319'),(44814,'10068217526'),(44815,'10095992396'),(44816,'10081860942'),(44817,'10038464821'),(44818,'10468136843'),(44819,'10400311914'),(44820,'10092251808'),(44821,'10086211730'),(44822,'10329397063'),(44823,'10167701081'),(44824,'10401596998'),(44825,'10072618764'),(44826,'10079756950'),(44827,'10067546241'),(44828,'10082145295'),(44829,'10073004794'),(44830,'10093145823'),(44831,'10004950726'),(44832,'10040838398'),(44833,'10254655797'),(44834,'10334232757'),(44835,'10105616533'),(44836,'10414447495'),(44837,'10294372836'),(44838,'10076180640'),(44839,'10339448073'),(44840,'10710618599'),(44841,'10708181248'),(44842,'10314304042'),(44843,'10038728984'),(44844,'10295340270'),(44845,'10198255951'),(44846,'10427823585'),(44847,'10401114535'),(44848,'10806557540'),(44849,'10004709522'),(44850,'10082838053'),(44851,'10024453478'),(44852,'10060667018'),(44853,'10198116225'),(44854,'10222944525'),(44855,'10239992132'),(44856,'10437085132'),(44857,'10036874908'),(44858,'10154119294'),(44859,'10473182454'),(44860,'10449013692'),(44861,'10295421199'),(44862,'10104693046'),(44863,'10074315645'),(44864,'10419513453'),(44865,'10413031236'),(44866,'10215717769'),(44867,'10467705241'),(44868,'10412291846'),(44869,'10704341496'),(44870,'10076640802'),(44871,'10100175075'),(44872,'10423822878'),(44873,'10078752276'),(44874,'10296722133'),(44875,'10293051017'),(44876,'10010473832'),(44877,'10450152353'),(44878,'10060964462'),(44879,'10078941184'),(44880,'10107344115'),(44881,'10229716285'),(44882,'10308624396'),(44883,'10107351804'),(44884,'10091434143'),(44885,'10085171289'),(44886,'10440223929'),(44887,'10461199033'),(44888,'10042211121'),(44889,'10011179512'),(44890,'17104064124'),(44891,'10328262628'),(44892,'10008028252'),(44893,'10010390589'),(44894,'10296349998'),(44895,'10101812303'),(44896,'10181122965'),(44897,'10475557323'),(44898,'10296151721'),(44899,'10293940156'),(44900,'10415924327'),(44901,'10295406343'),(44902,'10048060108'),(44903,'10079622546'),(44904,'10296555041'),(44905,'10701862509'),(44906,'10247183898'),(44907,'10240070273'),(44908,'10087606614'),(44909,'10179007407'),(44910,'10090891788'),(44911,'10000672454'),(44912,'10436594505'),(44913,'10435162351'),(44914,'10167563851'),(44915,'10026183699'),(44916,'10425698155'),(44917,'10255884889'),(44918,'10086882651'),(44919,'10419344457'),(44920,'10239858070'),(44921,'10082782333'),(44922,'10239850303'),(44923,'10098853249'),(44924,'10076250494'),(44925,'10214160281'),(44926,'10223037068'),(44927,'17410102153'),(44928,'10327930406'),(44929,'10083982841'),(44930,'10086542990'),(44931,'10094846582'),(44932,'10407551350'),(44933,'10256748415'),(44934,'10191976890'),(44935,'10083386610'),(44936,'10435791650'),(44937,'10215793139'),(44938,'10092396644'),(44939,'10329814675'),(44940,'10053657996'),(44941,'10476929780'),(44942,'10461444658'),(44943,'10437256719'),(44944,'10470847731'),(44945,'10304295665'),(44946,'10181306454'),(44947,'10218126575'),(44948,'10093895768'),(44949,'10471341661'),(44950,'10036510876'),(44951,'10448072547'),(44952,'10293342836'),(44953,'10214199870'),(44954,'10424747250'),(44955,'10061982316'),(44956,'10087287101'),(44957,'10339602455'),(44958,'10082759480'),(44959,'10295123937'),(44960,'10422468353'),(44961,'10308323477'),(44962,'10712190791'),(44963,'10103945645'),(44964,'10440935902'),(44965,'10774276128'),(44966,'10098862531'),(44967,'10098041155'),(44968,'10081539303'),(44969,'10106105346'),(44970,'10244672880'),(44971,'10416055411'),(44972,'10075525023'),(44973,'10412178390'),(44974,'10095855127'),(44975,'10008362772'),(44976,'10090882665'),(44977,'10097879872'),(44978,'10445879865'),(44979,'10421336500'),(44980,'10255117187'),(44981,'10409265184'),(44982,'10434231944'),(44983,'10484572700'),(44984,'10292525538'),(44985,'10436283542'),(44986,'10257774622'),(44987,'10254565721'),(44988,'10412942987'),(44989,'10009556503'),(44990,'10038225168'),(44991,'10179018913'),(44992,'10001177511'),(44993,'10010238621'),(44994,'10429284517'),(44995,'10085873704'),(44996,'10421041780'),(44997,'10075801136'),(44998,'10073583905'),(44999,'10102490555'),(45000,'10153548418'),(45001,'10167241340'),(45002,'10102840262'),(45003,'10073881027'),(45004,'10433166103'),(45005,'10072767972'),(45006,'10238804901'),(45007,'10419602189'),(45008,'10072276723'),(45009,'10094995391'),(45010,'10088043362'),(45011,'10409016354'),(45012,'10423922937'),(45013,'10451112835'),(45014,'10105955729'),(45015,'10074865114'),(45016,'10801217180'),(45017,'10092432756'),(45018,'10153578392'),(45019,'10292567052'),(45020,'10056178509'),(45021,'10156985703'),(45022,'10405916831'),(45023,'10103591908'),(45024,'10250030598'),(45025,'10248714684'),(45026,'10106335929'),(45027,'10074873311'),(45028,'10190922141'),(45029,'10178813671'),(45030,'10802897770'),(45031,'10448373334'),(45032,'10444546510'),(45033,'10167023784'),(45034,'10082151465'),(45035,'10293480791'),(45036,'10403071256'),(45037,'10474298936'),(45038,'10100123300'),(45039,'10432940816'),(45040,'10239983052'),(45041,'10473308661'),(45042,'10093881040'),(45043,'10448116625'),(45044,'10100885544'),(45045,'10467210489'),(45046,'10804487943'),(45047,'10746526321'),(45048,'10048114895'),(45049,'10088558338'),(45050,'10296632142'),(45051,'10214216782'),(45052,'10097548825'),(45053,'10103354230'),(45054,'10428948012'),(45055,'10418707271'),(45056,'10239864738'),(45057,'10107147387'),(45058,'10070311688'),(45059,'10106322380'),(45060,'10076247680'),(45061,'10433914789'),(45062,'10286846691'),(45063,'10446681708'),(45064,'10437824016'),(45065,'10085931739'),(45066,'10412180891'),(45067,'10090690219'),(45068,'10065900403'),(45069,'10443433045'),(45070,'10428865311'),(45071,'10154322588'),(45072,'10167504430'),(45073,'10800161679'),(45074,'10763092378'),(45075,'10428470414'),(45076,'10081305281'),(45077,'10048052831'),(45078,'10100408533'),(45079,'10407479438'),(45080,'10099621741'),(45081,'10424150580'),(45082,'10448471395'),(45083,'10725462412'),(45084,'10310032846'),(45085,'10055893603'),(45086,'10407941468'),(45087,'10434472640'),(45088,'10257173467'),(45089,'10249984154'),(45090,'10249700288'),(45091,'10409427222'),(45092,'10295006311'),(45093,'10048025922'),(45094,'10805957421'),(45095,'10712280358'),(45096,'10093606634'),(45097,'10416141661'),(45098,'10095992922'),(45099,'10484659023'),(45100,'10073633759'),(45101,'10435391121'),(45102,'10703070081'),(45103,'10295987044'),(45104,'10293446721'),(45105,'10096996468'),(45106,'10724329671'),(45107,'10088249483'),(45108,'10804898617'),(45109,'10415842550'),(45110,'10461212684'),(45111,'10079311303'),(45112,'10091874461'),(45113,'10296834284'),(45114,'10806245238'),(45115,'10104247968'),(45116,'10424997469'),(45117,'10410063897'),(45118,'10215214571'),(45119,'10255703043'),(45120,'10400344219'),(45121,'10088473847'),(45122,'10410841172'),(45123,'10248845991'),(45124,'10238932543'),(45125,'10419703376'),(45126,'10421218558'),(45127,'10105331211'),(45128,'10407217701'),(45129,'10048171937'),(45130,'10296188480'),(45131,'10102822418'),(45132,'10001042365'),(45133,'10091131001'),(45134,'10256492941'),(45135,'10311897310'),(45136,'10305717539'),(45137,'10086301305'),(45138,'10067735264'),(45139,'10104829851'),(45140,'10239892774'),(45141,'10018493867'),(45142,'10706084130'),(45143,'10181026796'),(45144,'10238968785'),(45145,'10295850332'),(45146,'10015497616'),(45147,'10005151347'),(45148,'10239538164'),(45149,'10012249697'),(45150,'10412911607'),(45151,'10107183171'),(45152,'10098135575'),(45153,'10295600930'),(45154,'10308373245'),(45155,'10308292750'),(45156,'10406916770'),(45157,'10079739036'),(45158,'10430438226'),(45159,'10101379774'),(45160,'10418528431'),(45161,'10239230810'),(45162,'10334315482'),(45163,'10463247086'),(45164,'10066993839'),(45165,'10084956673'),(45166,'10403110448'),(45167,'10088985686'),(45168,'10410452419'),(45169,'10449347639'),(45170,'10211450661'),(45171,'10046468843'),(45172,'10295472354'),(45173,'10040210887'),(45174,'10093585131'),(45175,'10075027929'),(45176,'10256418415'),(45177,'10161621230'),(45178,'10415812260'),(45179,'10084121237'),(45180,'10224060764'),(45181,'10457754642'),(45182,'10410132899'),(45183,'10296809328'),(45184,'10065674390'),(45185,'10199975051'),(45186,'10101098571'),(45187,'10077045533'),(45188,'10414912627'),(45189,'10296159986'),(45190,'10101650630'),(45191,'10411162376'),(45192,'10093612391'),(45193,'10800530992'),(45194,'10442550005'),(45195,'10098749638'),(45196,'10292611931'),(45197,'10296456972'),(45198,'10709379424'),(45199,'10427227940'),(45200,'10074181631'),(45201,'10103046560'),(45202,'10426557261'),(45203,'10075115321'),(45204,'10437460707'),(45205,'10081135229'),(45206,'10102878049'),(45207,'10296096721'),(45208,'10417861896'),(45209,'10104581418'),(45210,'10295382363'),(45211,'10455089706'),(45212,'10437828801'),(45213,'10293370244'),(45214,'10258198251'),(45215,'10100162674'),(45216,'10091703241'),(45217,'10296855869'),(45218,'10454014737'),(45219,'10102132900'),(45220,'10105321339'),(45221,'10160098371'),(45222,'10101792159'),(45223,'10157536929'),(45224,'10326450486'),(45225,'10419219245'),(45226,'10407291811'),(45227,'10098038111'),(45228,'10333276424'),(45229,'10460151100'),(45230,'10450210787'),(45231,'10406102268'),(45232,'10212977433'),(45233,'10026929691'),(45234,'10254259841'),(45235,'10743234958'),(45236,'10026594541'),(45237,'10084625952'),(45238,'10086885081'),(45239,'10256885412'),(45240,'10469976586'),(45241,'10435161494'),(45242,'10456994585'),(45243,'10425129185'),(45244,'10248631495'),(45245,'10763834382'),(45246,'10400246977'),(45247,'10089712411'),(45248,'10804503370'),(45249,'10062195849'),(45250,'10015360912'),(45251,'10090565015'),(45252,'10296143419'),(45253,'10024365170'),(45254,'10700734744'),(45255,'10210876711'),(45256,'10180744814'),(45257,'10083286631'),(45258,'10078507671'),(45259,'10166218611'),(45260,'10043001634'),(45261,'10099975305'),(45262,'10077080061'),(45263,'10483023168'),(45264,'10094460391'),(45265,'10412823210'),(45266,'10085099413'),(45267,'10065110411'),(45268,'10422259916'),(45269,'10178776831'),(45270,'10266011763'),(45271,'10180330670'),(45272,'10437095146'),(45273,'10417050073'),(45274,'10404412391'),(45275,'10475093751'),(45276,'10102879614'),(45277,'10166667181'),(45278,'10402548105'),(45279,'10293124715'),(45280,'10075054969'),(45281,'10417073383'),(45282,'10099040608'),(45283,'10104416549'),(45284,'10243659961'),(45285,'10107630339'),(45286,'10296735391'),(45287,'10239000946'),(45288,'10400412192'),(45289,'10295665004'),(45290,'10101053887'),(45291,'10768387953'),(45292,'10002476547'),(45293,'10103162942'),(45294,'10413895061'),(45295,'10076701461'),(45296,'10737976349'),(45297,'10072795381'),(45298,'10257234164'),(45299,'10334330112'),(45300,'10093092614'),(45301,'10427646357'),(45302,'10413696378'),(45303,'10406487127'),(45304,'10703761408'),(45305,'10308284480'),(45306,'10400567773'),(45307,'10466243197'),(45308,'10443990084'),(45309,'10410247025'),(45310,'10083292101'),(45311,'10076097823'),(45312,'10071345462'),(45313,'10433393258'),(45314,'10404147272'),(45315,'10062584942'),(45316,'10159989475'),(45317,'10167274060'),(45318,'10471259832'),(45319,'10078377769'),(45320,'10441242161'),(45321,'10472531528'),(45322,'10082360960'),(45323,'10438452112'),(45324,'10328672311'),(45325,'10073091573'),(45326,'10434174363'),(45327,'10703048604'),(45328,'10211456596'),(45329,'10028093867'),(45330,'10101586672'),(45331,'10180185483'),(45332,'10218135001'),(45333,'10215592257'),(45334,'10199539880'),(45335,'10092238275'),(45336,'10410295411'),(45337,'10413070312'),(45338,'10010876791'),(45339,'10092751991'),(45340,'10414186896'),(45341,'10456112680'),(45342,'10091984461'),(45343,'10074285754'),(45344,'10422371651'),(45345,'10411809922'),(45346,'10462399079'),(45347,'10043419680'),(45348,'10224998321'),(45349,'10423917291'),(45350,'10409774615'),(45351,'10454284319'),(45352,'10214576916'),(45353,'10061754143'),(45354,'10224193560'),(45355,'10725333663'),(45356,'10178967890'),(45357,'10238628241'),(45358,'10104282291'),(45359,'10404218901'),(45360,'10071004312'),(45361,'10027658836'),(45362,'10164913673'),(45363,'10806768966'),(45364,'10084803877'),(45365,'10403508948'),(45366,'10411487577'),(45367,'10771750155'),(45368,'10067658278'),(45369,'10411838418'),(45370,'10104913372'),(45371,'10068389564'),(45372,'10403308922'),(45373,'10442367049'),(45374,'10254674597'),(45375,'10254892110'),(45376,'10091377549'),(45377,'15510063993'),(45378,'15510112790'),(45379,'10276608776'),(45380,'10106280636'),(45381,'10410562397'),(45382,'10026711911'),(45383,'10002403698'),(45384,'10076265815'),(45385,'10439361081'),(45386,'10215521694'),(45387,'10438153115'),(45388,'10098815886'),(45389,'10714992118'),(45390,'10296142986'),(45391,'10156479930'),(45392,'10258569500'),(45393,'10101528893'),(45394,'10240030310'),(45395,'10243849689'),(45396,'10238035533'),(45397,'10064615501'),(45398,'10437026845'),(45399,'10157505837'),(45400,'10438656141'),(45401,'10460611372'),(45402,'10297248672'),(45403,'10098961939'),(45404,'10174052234'),(45405,'10277462791'),(45406,'10164830191'),(45407,'10801996545'),(45408,'10178711836'),(45409,'10408518518'),(45410,'10329701340'),(45411,'10400600185'),(45412,'10416089537'),(45413,'10091974288'),(45414,'10044092838'),(45415,'10439007911'),(45416,'10179556753'),(45417,'10750229731'),(45418,'10212977441'),(45419,'10450810946'),(45420,'10108821308'),(45421,'10153653696'),(45422,'10472445346'),(45423,'10266498603'),(45424,'10090437807'),(45425,'10077409799'),(45426,'10072509035'),(45427,'10017766827'),(45428,'10273614937'),(45429,'10083269877'),(45430,'10218607841'),(45431,'10106122283'),(45432,'10099551793'),(45433,'10199547904'),(45434,'10175450004'),(45435,'10154115957'),(45436,'10066258314'),(45437,'10001267961'),(45438,'10073022466'),(45439,'10107774926'),(45440,'10062172679'),(45441,'10416473663'),(45442,'10419282940'),(45443,'10435796198'),(45444,'10154366640'),(45445,'10418024718'),(45446,'10067835056'),(45447,'10153735811'),(45448,'10733539165'),(45449,'10107096251'),(45450,'10076957580'),(45451,'10077461367'),(45452,'10077268770'),(45453,'10095408392'),(45454,'10746613666'),(45455,'10706579554'),(45456,'10081865481'),(45457,'10081860888'),(45458,'10425372471'),(45459,'15310545161'),(45460,'10096381749'),(45461,'10000699549'),(45462,'10403733593'),(45463,'10043023522'),(45464,'10061353165'),(45465,'10074425793'),(45466,'10080411184'),(45467,'10106565762'),(45468,'10106587731'),(45469,'10073464876'),(45470,'10449596361'),(45471,'10446365016'),(45472,'10239621959'),(45473,'10400534859'),(45474,'10097354214'),(45475,'10446369119'),(45476,'10075115101'),(45477,'10414084457'),(45478,'10314801259'),(45479,'10292413489'),(45480,'10468381317'),(45481,'10429512501'),(45482,'10181617735'),(45483,'10026583174'),(45484,'10026829513'),(45485,'10428422835'),(45486,'10210074665'),(45487,'10066707763'),(45488,'10425813515'),(45489,'10711312639'),(45490,'10218121832'),(45491,'10004882402'),(45492,'10457142914'),(45493,'10007994457'),(45494,'10700068175'),(45495,'10091876383'),(45496,'10412539406'),(45497,'10084267703'),(45498,'10087985003'),(45499,'10433512303'),(45500,'10404123811'),(45501,'10445078242'),(45502,'10294523877'),(45503,'10450915063'),(45504,'10411550996'),(45505,'10167302187'),(45506,'10107744199'),(45507,'10088030287'),(45508,'10192325027'),(45509,'10256174613'),(45510,'10192528521'),(45511,'10192366467'),(45512,'10164608218'),(45513,'10428589012'),(45514,'10714817235'),(45515,'10072213721'),(45516,'10295564917'),(45517,'10024282258'),(45518,'10103034090'),(45519,'10044213104'),(45520,'10480910708'),(45521,'10081345380'),(45522,'10456167891'),(45523,'10448981245'),(45524,'10297212805'),(45525,'10304107842'),(45526,'10180276861'),(45527,'10079081189'),(45528,'10703000717'),(45529,'10451302359'),(45530,'10062389601'),(45531,'10406016272'),(45532,'10418607501'),(45533,'10001251843'),(45534,'10419466234'),(45535,'10068852884'),(45536,'10256835571'),(45537,'10414514486'),(45538,'10181179711'),(45539,'10296686994'),(45540,'10156841248'),(45541,'10450102143'),(45542,'10179080414'),(45543,'10076213131'),(45544,'10403457570'),(45545,'10098007984'),(45546,'10104637073'),(45547,'10464821924'),(45548,'10081080262'),(45549,'10101751622'),(45550,'10407766160'),(45551,'10180736579'),(45552,'10425294402'),(45553,'10237173690'),(45554,'10104640384'),(45555,'15418101901'),(45556,'10088933937'),(45557,'10005164686'),(45558,'10403166753'),(45559,'10088984167'),(45560,'10060873955'),(45561,'10100321063'),(45562,'10238468685'),(45563,'10310378807'),(45564,'10407351644'),(45565,'10294439493'),(45566,'10158473301'),(45567,'10181428649'),(45568,'10164169150'),(45569,'10156317123'),(45570,'10092332115'),(45571,'10700214929'),(45572,'10104642301'),(45573,'10085507171'),(45574,'10192531891'),(45575,'10084715293'),(45576,'10075796108'),(45577,'10078318371'),(45578,'10288487362'),(45579,'10408307916'),(45580,'10066279524'),(45581,'10445184638'),(45582,'10418107435'),(45583,'10332632910'),(45584,'10417474922'),(45585,'10081354991'),(45586,'10448186755'),(45587,'10074627809'),(45588,'10266903931'),(45589,'10179363718'),(45590,'10053401002'),(45591,'10175818401'),(45592,'10060981332'),(45593,'10412322814'),(45594,'10190826339'),(45595,'10178621063'),(45596,'10178213453'),(45597,'10096861848'),(45598,'10218770687'),(45599,'10061643953'),(45600,'10447025600'),(45601,'10724542862'),(45602,'10722232793'),(45603,'10166713442'),(45604,'10165336688'),(45605,'10406104244'),(45606,'10086017313'),(45607,'10086216898'),(45608,'10295939261'),(45609,'10102249319'),(45610,'10000097875'),(45611,'10421377621'),(45612,'15509109114'),(45613,'10089185853'),(45614,'10253319360'),(45615,'10094561481'),(45616,'10800881051'),(45617,'10465705154'),(45618,'10724372274'),(45619,'10411527340'),(45620,'10408010581'),(45621,'10178773963'),(45622,'10068054261'),(45623,'10181984339'),(45624,'10089758306'),(45625,'10238449001'),(45626,'10296091958'),(45627,'10011094151'),(45628,'10033609979'),(45629,'10181008712'),(45630,'10267039068'),(45631,'10103728644'),(45632,'10756860378'),(45633,'10000193424'),(45634,'10192300482'),(45635,'10198540132'),(45636,'10210655609'),(45637,'10061416663'),(45638,'10108190057'),(45639,'10211374590'),(45640,'10469860511'),(45641,'10024494166'),(45642,'10215222263'),(45643,'10401173230'),(45644,'10067258661'),(45645,'15517110768'),(45646,'10239834995'),(45647,'10072212172'),(45648,'10087948574'),(45649,'10083097910'),(45650,'10236956763'),(45651,'10417560721'),(45652,'10415530043'),(45653,'10416879589'),(45654,'10409241757'),(45655,'10192161407'),(45656,'10421187652'),(45657,'10440214571'),(45658,'10293299094'),(45659,'10803222776'),(45660,'10106281829'),(45661,'10068084241'),(45662,'10334081180'),(45663,'10407622231'),(45664,'10472475580'),(45665,'10415582299'),(45666,'10086249044'),(45667,'10238576411'),(45668,'10048056852'),(45669,'10266912531'),(45670,'10734384190'),(45671,'10737615664'),(45672,'10410462678'),(45673,'10407918113'),(45674,'10472332941'),(45675,'10218140659'),(45676,'10095665581'),(45677,'10304214797'),(45678,'10283150246'),(45679,'10061801567'),(45680,'10026115359'),(45681,'10400111109'),(45682,'10178085960'),(45683,'10411038080'),(45684,'10328511822'),(45685,'10425271381'),(45686,'10180973686'),(45687,'10292954790'),(45688,'10307709177'),(45689,'10095995719'),(45690,'10417176875'),(45691,'10084630042'),(45692,'10477885271'),(45693,'10744325051'),(45694,'10088560308'),(45695,'10167262541'),(45696,'10167900831'),(45697,'10295930441'),(45698,'10328543724'),(45699,'10404977844'),(45700,'10257605545'),(45701,'10062683215'),(45702,'10253025765'),(45703,'10416344740'),(45704,'10010150278'),(45705,'10075534227'),(45706,'10215681764'),(45707,'10433703095'),(45708,'10103173359'),(45709,'10277488260'),(45710,'10178748764'),(45711,'10095986868'),(45712,'10004967611'),(45713,'10214240811'),(45714,'10766279126'),(45715,'10406771739'),(45716,'10096788253'),(45717,'10091951695'),(45718,'10211388167'),(45719,'10074708973'),(45720,'10075809455'),(45721,'10194212416'),(45722,'10421113918'),(45723,'10066676141'),(45724,'10102230740'),(45725,'10178781591'),(45726,'10292894002'),(45727,'10310334681'),(45728,'10425884374'),(45729,'10459943086'),(45730,'10076258614'),(45731,'10224593240'),(45732,'10433702102'),(45733,'10026886037'),(45734,'10409019744'),(45735,'10165029009'),(45736,'10442785291'),(45737,'10108089160'),(45738,'10092998075'),(45739,'10473397353'),(45740,'10703806291'),(45741,'10001588210'),(45742,'10167066696'),(45743,'10105986799'),(45744,'10425654379'),(45745,'10106289188'),(45746,'10097415272'),(45747,'10001187282'),(45748,'10067148521'),(45749,'10104027704'),(45750,'10430971757'),(45751,'10482612127'),(45752,'10402999557'),(45753,'10400486676'),(45754,'10053486423'),(45755,'10436883281'),(45756,'10073759400'),(45757,'10434654250'),(45758,'10199178607'),(45759,'10106579712'),(45760,'10181902731'),(45761,'10414052814'),(45762,'10224084914'),(45763,'10712711782'),(45764,'10304255761'),(45765,'10179824219'),(45766,'10083252931'),(45767,'10423041116'),(45768,'10002473157'),(45769,'10055807677'),(45770,'10010690043'),(45771,'10105778355'),(45772,'10076563492'),(45773,'10083857574'),(45774,'10428696862'),(45775,'10008264061'),(45776,'10295776710'),(45777,'10000073933'),(45778,'10458928750'),(45779,'10053647168'),(45780,'10417816386'),(45781,'10239472449'),(45782,'10471986599'),(45783,'10404894698'),(45784,'10458343751'),(45785,'10156442670'),(45786,'10071331682'),(45787,'10084149743'),(45788,'10179536698'),(45789,'10421471130'),(45790,'10421608691'),(45791,'10082916127'),(45792,'10084672365'),(45793,'10072310107'),(45794,'10053842661'),(45795,'10292325059'),(45796,'10404745731'),(45797,'10707873634'),(45798,'10167373751'),(45799,'10194053539'),(45800,'10426412379'),(45801,'10463322339'),(45802,'10071675403'),(45803,'10095189461'),(45804,'10078214975'),(45805,'10100068309'),(45806,'10238088963'),(45807,'10295863043'),(45808,'10438357551'),(45809,'10103691651'),(45810,'10106140346'),(45811,'10329040734'),(45812,'10292279979'),(45813,'10034979567'),(45814,'10405628690'),(45815,'10069934329'),(45816,'10000440669'),(45817,'10178358826'),(45818,'10294995981'),(45819,'10413558447'),(45820,'10410841318'),(45821,'10230088999'),(45822,'10010716077'),(45823,'10011112400'),(45824,'10294083338'),(45825,'10700511257'),(45826,'10077721555'),(45827,'10083704506'),(45828,'10075387976'),(45829,'10090701857'),(45830,'10407127272'),(45831,'10004284076'),(45832,'10000197471'),(45833,'10409301342'),(45834,'10100947108'),(45835,'10105796809'),(45836,'10432287551'),(45837,'10038657343'),(45838,'10406516364'),(45839,'10090619930'),(45840,'10046291757'),(45841,'10224622819'),(45842,'10073146025'),(45843,'10198175337'),(45844,'10103197801'),(45845,'10224230635'),(45846,'10067379689'),(45847,'10181478956'),(45848,'10190327197'),(45849,'10410026819'),(45850,'10087993936'),(45851,'10190519797'),(45852,'10072229547'),(45853,'10249915179'),(45854,'10077552231'),(45855,'10243606531'),(45856,'10108860834'),(45857,'10181885934'),(45858,'10240071059'),(45859,'10459394058'),(45860,'10046266116'),(45861,'10459535654'),(45862,'10098300428'),(45863,'10404906530'),(45864,'10452598634'),(45865,'10257968915'),(45866,'10457579867'),(45867,'10067168432'),(45868,'10258308854'),(45869,'10094545710'),(45870,'10009618118'),(45871,'10292825019'),(45872,'10407166057'),(45873,'10212994982'),(45874,'10100484973'),(45875,'10100152679'),(45876,'10294467012'),(45877,'10295396445'),(45878,'10255697710'),(45879,'10097168381'),(45880,'10433313319'),(45881,'10086166572'),(45882,'10255039411'),(45883,'10065547959'),(45884,'10407307874'),(45885,'10085297886'),(45886,'10153465661'),(45887,'10087618892'),(45888,'10295441785'),(45889,'10456401134'),(45890,'10026126253'),(45891,'10181789315'),(45892,'10256993924'),(45893,'10254555911'),(45894,'10072229539'),(45895,'10316082268'),(45896,'10316198631'),(45897,'10070814795'),(45898,'10246703723'),(45899,'10067450481'),(45900,'10000122951'),(45901,'10000267525'),(45902,'10411766085'),(45903,'10239291533'),(45904,'10096968227'),(45905,'10071096985'),(45906,'10104237741'),(45907,'10224605337'),(45908,'10440402572'),(45909,'10321315611'),(45910,'10321031990'),(45911,'10066708522'),(45912,'10257549271'),(45913,'10414391287'),(45914,'10425258805'),(45915,'10091647767'),(45916,'10296695276'),(45917,'10218161338'),(45918,'10096958892'),(45919,'10159604638'),(45920,'10218629259'),(45921,'10230187512'),(45922,'10073011341'),(45923,'10078032494'),(45924,'10067840939'),(45925,'10400412397'),(45926,'10073699270'),(45927,'10405721631'),(45928,'10090213577'),(45929,'10077851076'),(45930,'10076950607'),(45931,'10239592215'),(45932,'10080549909'),(45933,'10075094529'),(45934,'10082134625'),(45935,'10181915612'),(45936,'10000616163'),(45937,'10166677942'),(45938,'10094504517'),(45939,'10086102981'),(45940,'10093101508'),(45941,'10084766394'),(45942,'10222974041'),(45943,'10414945657'),(45944,'10072174190'),(45945,'10805488692'),(45946,'10065328912'),(45947,'10075288846'),(45948,'10071257504'),(45949,'10069980304'),(45950,'10409911469'),(45951,'10100755551'),(45952,'10088652172'),(45953,'10104691078'),(45954,'10070973460'),(45955,'10441881393'),(45956,'10075826074'),(45957,'10224837637'),(45958,'10218607557'),(45959,'10160164650'),(45960,'10076681771'),(45961,'10080629511'),(45962,'10078177191'),(45963,'10408679449'),(45964,'10296079192'),(45965,'10093130010'),(45966,'10295685854'),(45967,'10005099230'),(45968,'10434054821'),(45969,'10107529883'),(45970,'10022625255'),(45971,'10084397364'),(45972,'10425944334'),(45973,'10004794554'),(45974,'10295016031'),(45975,'10015245749'),(45976,'10405090568'),(45977,'10415993591'),(45978,'10101050241'),(45979,'10104437317'),(45980,'10004167401'),(45981,'10293589572');
INSERT INTO `buencontribuyentesunat` VALUES (45982,'10249454538'),(45983,'10443840228'),(45984,'10296090552'),(45985,'10293789016'),(45986,'10294840724'),(45987,'10308604921'),(45988,'10719532603'),(45989,'10018512411'),(45990,'10246648412'),(45991,'10434392981'),(45992,'10418932894'),(45993,'10046302627'),(45994,'10247129214'),(45995,'10403823215'),(45996,'10462257649'),(45997,'10425283681'),(45998,'10100453261'),(45999,'10306631611'),(46000,'10238611739'),(46001,'10024262486'),(46002,'10105617335'),(46003,'10433838951'),(46004,'10101549602'),(46005,'10428289116'),(46006,'10445964609'),(46007,'10246928288'),(46008,'10415740498'),(46009,'10703751551'),(46010,'10025438634'),(46011,'10295792677'),(46012,'10097165624'),(46013,'10166514270'),(46014,'10167047012'),(46015,'10166704796'),(46016,'10044370790'),(46017,'10753312370'),(46018,'10077807450'),(46019,'10455197118'),(46020,'10238509047'),(46021,'10293240901'),(46022,'10292236811'),(46023,'10328375309'),(46024,'10294022932'),(46025,'10088331236'),(46026,'10292696324'),(46027,'10083161871'),(46028,'10455499769'),(46029,'10292190871'),(46030,'10098599563'),(46031,'10418661386'),(46032,'10295935630'),(46033,'10100429298'),(46034,'10178534152'),(46035,'10060310918'),(46036,'10329601850'),(46037,'10018474030'),(46038,'10425347191'),(46039,'10760890991'),(46040,'10401492963'),(46041,'10101812711'),(46042,'10472647330'),(46043,'10077373174'),(46044,'10098918936'),(46045,'10081616804'),(46046,'10077847443'),(46047,'10167085526'),(46048,'10161457189'),(46049,'10406408588'),(46050,'10327848319'),(46051,'10218829754'),(46052,'10415016226'),(46053,'10099124968'),(46054,'10414229846'),(46055,'10056454034'),(46056,'10052225464'),(46057,'10424455283'),(46058,'10292917649'),(46059,'10001134677'),(46060,'10434859510'),(46061,'10328335790'),(46062,'10328186484'),(46063,'10074675056'),(46064,'10097288882'),(46065,'10099485537'),(46066,'10004843016'),(46067,'10079463481'),(46068,'10460902725'),(46069,'10067644471'),(46070,'10153505484'),(46071,'10085417024'),(46072,'10222778005'),(46073,'10222932357'),(46074,'10410122915'),(46075,'10044256687'),(46076,'10401072468'),(46077,'10179080261'),(46078,'10292105971'),(46079,'10082995230'),(46080,'10106270495'),(46081,'10224685390'),(46082,'10416837878'),(46083,'10221849014'),(46084,'10455151011'),(46085,'10157055556'),(46086,'10103145142'),(46087,'10102243752'),(46088,'10101681829'),(46089,'10257213752'),(46090,'10077834732'),(46091,'10069786494'),(46092,'10082668930'),(46093,'10455388011'),(46094,'10410426914'),(46095,'10100778144'),(46096,'10408283588'),(46097,'10277293388'),(46098,'10033764630'),(46099,'10089798022'),(46100,'10430608458'),(46101,'10155957137'),(46102,'10402884458'),(46103,'10254751273'),(46104,'10087284668'),(46105,'10191012289'),(46106,'10803513525'),(46107,'10222930834'),(46108,'10075138917'),(46109,'10459600022'),(46110,'10434216694'),(46111,'10103780484'),(46112,'10230114027'),(46113,'10033669271'),(46114,'10090726329'),(46115,'10454995185'),(46116,'10296222629'),(46117,'10406467592'),(46118,'10270810158'),(46119,'10444598111'),(46120,'10096118878'),(46121,'10339544307'),(46122,'10704211894'),(46123,'10069346966'),(46124,'10218682885'),(46125,'10080363457'),(46126,'10215412321'),(46127,'10061893054'),(46128,'10077595932'),(46129,'10080851826'),(46130,'10218741415'),(46131,'10218513617'),(46132,'10413818821'),(46133,'10411993626'),(46134,'10081287886'),(46135,'10095323656'),(46136,'10093946737'),(46137,'10164992778'),(46138,'10166719254'),(46139,'10421430875'),(46140,'10105850552'),(46141,'10218615215'),(46142,'10215223243'),(46143,'10329426314'),(46144,'10311738831'),(46145,'10180885990'),(46146,'10189033368'),(46147,'10093330451'),(46148,'10040219868'),(46149,'10329491264'),(46150,'10040147484'),(46151,'10040038065'),(46152,'10103074881'),(46153,'10444671675'),(46154,'10214104852'),(46155,'10040813514'),(46156,'10475384542'),(46157,'10035930928'),(46158,'10456533723'),(46159,'10174360290'),(46160,'10046510459'),(46161,'10074279916'),(46162,'10460555341'),(46163,'10422423619'),(46164,'10426801103'),(46165,'10238810758'),(46166,'10295821456'),(46167,'10480778311'),(46168,'10469227788'),(46169,'10431435361'),(46170,'10083266444'),(46171,'10217950134'),(46172,'10176285287'),(46173,'10276636656'),(46174,'10450529147'),(46175,'10027935180'),(46176,'10473086960'),(46177,'10292800571'),(46178,'10304051219'),(46179,'10405445145'),(46180,'10167090678'),(46181,'10295859411'),(46182,'10461826780'),(46183,'10179130411'),(46184,'10274299229'),(46185,'10404583048'),(46186,'10223083477'),(46187,'10094452193'),(46188,'10472808881'),(46189,'10455298526'),(46190,'10165383660'),(46191,'10292144097'),(46192,'10418611362'),(46193,'10480516660'),(46194,'10703362511'),(46195,'10775380379'),(46196,'10296745486'),(46197,'10093638641'),(46198,'10093976563'),(46199,'10053886260'),(46200,'10193261430'),(46201,'10074862131'),(46202,'10418953646'),(46203,'10048023679'),(46204,'10406437634'),(46205,'10085477876'),(46206,'10161676131'),(46207,'10336410296'),(46208,'10466631731'),(46209,'10401355559'),(46210,'10212793022'),(46211,'10049633853'),(46212,'10102145076'),(46213,'10421305892'),(46214,'10008307160'),(46215,'10093785091'),(46216,'10446749698'),(46217,'10098683661'),(46218,'10166718827'),(46219,'10067906581'),(46220,'10158485660'),(46221,'10097662822'),(46222,'10406570083'),(46223,'10214755870'),(46224,'10214770119'),(46225,'10098327521'),(46226,'10257410825'),(46227,'10214066179'),(46228,'10066442298'),(46229,'10477302284'),(46230,'10415695239'),(46231,'10800677161'),(46232,'10010006541'),(46233,'10053108763'),(46234,'10464034507'),(46235,'10098243084'),(46236,'10417461740'),(46237,'10422756324'),(46238,'10083146023'),(46239,'10053736501'),(46240,'10339595891'),(46241,'10339488512'),(46242,'10439199089'),(46243,'10040190401'),(46244,'10083714544'),(46245,'10108824323'),(46246,'10010913492'),(46247,'10339591348'),(46248,'10334305771'),(46249,'10069303663'),(46250,'10089656465'),(46251,'10072788139'),(46252,'10427011564'),(46253,'10295630332'),(46254,'10255359148'),(46255,'10105559700'),(46256,'10422969212'),(46257,'10181817629'),(46258,'10070691561'),(46259,'10091617876'),(46260,'10000864281'),(46261,'10729644086'),(46262,'10475894923'),(46263,'10003719494'),(46264,'10070803807'),(46265,'10105612724'),(46266,'10419055013'),(46267,'10329897970'),(46268,'10427560517'),(46269,'10414117932'),(46270,'10414119013'),(46271,'10090979804'),(46272,'10060851668'),(46273,'10297354677'),(46274,'10444132511'),(46275,'10400770170'),(46276,'10024185759'),(46277,'10092557265'),(46278,'10066854499'),(46279,'10101252600'),(46280,'10439277616'),(46281,'10445724705'),(46282,'10084271824'),(46283,'10444121071'),(46284,'10404347018'),(46285,'10402169503'),(46286,'10098658390'),(46287,'10198230435'),(46288,'10069073871'),(46289,'10099805981'),(46290,'10164437910'),(46291,'10444245102'),(46292,'10011024667'),(46293,'10421792696'),(46294,'10008296907'),(46295,'10095544903'),(46296,'10294854831'),(46297,'10058433212'),(46298,'10214411224'),(46299,'10244703017'),(46300,'10437166230'),(46301,'10403560800'),(46302,'10458773250'),(46303,'10411264926'),(46304,'10439150829'),(46305,'10329564229'),(46306,'10174124197'),(46307,'10086712968'),(46308,'10463697855'),(46309,'10067898503'),(46310,'10090826552'),(46311,'10425952655'),(46312,'10295915701'),(46313,'10294125588'),(46314,'10406273747'),(46315,'10090982589'),(46316,'10472836698'),(46317,'10024066491'),(46318,'10067271012'),(46319,'10400407580'),(46320,'10167083167'),(46321,'10161483741'),(46322,'10180908892'),(46323,'10188585383'),(46324,'10454288683'),(46325,'10334295040'),(46326,'10412495557'),(46327,'10418741886'),(46328,'10088590657'),(46329,'10084575491'),(46330,'10002135511'),(46331,'10067163341'),(46332,'10476439430'),(46333,'10446381330'),(46334,'10462622711'),(46335,'10089452711'),(46336,'10153413334'),(46337,'10093560413'),(46338,'10043407002'),(46339,'10105150470'),(46340,'10485704481'),(46341,'10046246981'),(46342,'10081658795'),(46343,'10404744696'),(46344,'10084248679'),(46345,'10165698458'),(46346,'10000666799'),(46347,'10412552674'),(46348,'10294235367'),(46349,'10088797260'),(46350,'10258142212'),(46351,'10453364211'),(46352,'10422636531'),(46353,'10443545943'),(46354,'10061066271'),(46355,'10404701148'),(46356,'10426089705'),(46357,'10036780652'),(46358,'10406465581'),(46359,'10026595351'),(46360,'10437800991'),(46361,'10336725009'),(46362,'10086578536'),(46363,'10258312258'),(46364,'10403038780'),(46365,'10073300750'),(46366,'10017028826'),(46367,'10080866637'),(46368,'10295567525'),(46369,'10010276131'),(46370,'10077919410'),(46371,'10176331246'),(46372,'10103171453'),(46373,'10073512587'),(46374,'10444281681'),(46375,'10292584577'),(46376,'10073216759'),(46377,'10437625455'),(46378,'10244877228'),(46379,'10406092301'),(46380,'10712282814'),(46381,'10481003631'),(46382,'10408353276'),(46383,'10458047231'),(46384,'10421893247'),(46385,'10426716904'),(46386,'10181444881'),(46387,'10067408808'),(46388,'10473968792'),(46389,'10070333169'),(46390,'10435305615'),(46391,'10090880778'),(46392,'10033633241'),(46393,'10455680498'),(46394,'10036459765'),(46395,'10239042452'),(46396,'10070877886'),(46397,'10075992390'),(46398,'10415547035'),(46399,'10098701112'),(46400,'10074128675'),(46401,'10103462491'),(46402,'10407158763'),(46403,'10100622390'),(46404,'10413918966'),(46405,'10038344795'),(46406,'10253241719'),(46407,'10249536984'),(46408,'10074856824'),(46409,'10198791950'),(46410,'10292527301'),(46411,'10460115197'),(46412,'10295778097'),(46413,'10096131564'),(46414,'10052792784'),(46415,'10423813119'),(46416,'10405168231'),(46417,'10078086659'),(46418,'10106222989'),(46419,'10401311900'),(46420,'10010009826'),(46421,'10229805814'),(46422,'10089868161'),(46423,'10211193871'),(46424,'10078034527'),(46425,'10074618869'),(46426,'10077608856'),(46427,'10082486319'),(46428,'10103424670'),(46429,'10102845663'),(46430,'10447977376'),(46431,'10192537296'),(46432,'10406876387'),(46433,'10801463865'),(46434,'10036393888'),(46435,'10159876743'),(46436,'10026432427'),(46437,'10416031962'),(46438,'10308376732'),(46439,'10413941976'),(46440,'10418723772'),(46441,'10238749170'),(46442,'10436113540'),(46443,'10401321042'),(46444,'10085781443'),(46445,'10240026631'),(46446,'10771442850'),(46447,'10292477291'),(46448,'10155948006'),(46449,'10107553491'),(46450,'10180843448'),(46451,'10222777190'),(46452,'10082106583'),(46453,'10085223459'),(46454,'10403751664'),(46455,'10404537135'),(46456,'10164651334'),(46457,'10294431051'),(46458,'10052883950'),(46459,'10439945724'),(46460,'10166814982'),(46461,'10426883860'),(46462,'10053434784'),(46463,'10238432460'),(46464,'10405301071'),(46465,'10239780194'),(46466,'10741564519'),(46467,'10329587849'),(46468,'10255149038'),(46469,'10432641851'),(46470,'10415292533'),(46471,'10101717271'),(46472,'10246728831'),(46473,'10238267221'),(46474,'10294955408'),(46475,'10416065239'),(46476,'10083343287'),(46477,'10103880217'),(46478,'10096479307'),(46479,'10164168927'),(46480,'10028716911'),(46481,'10413362828'),(46482,'10166644904'),(46483,'10179159665'),(46484,'10336423681'),(46485,'10417988284'),(46486,'10096745449'),(46487,'10102802981'),(46488,'10033538613'),(46489,'10452283501'),(46490,'10445195907'),(46491,'10236947152'),(46492,'10092690801'),(46493,'10225144406'),(46494,'10099847871'),(46495,'10709748888'),(46496,'10065903011'),(46497,'10074226715'),(46498,'10724132524'),(46499,'10004878715'),(46500,'10011497484'),(46501,'10066325763'),(46502,'10425990476'),(46503,'10431470042'),(46504,'10087306106'),(46505,'10414770997'),(46506,'10404447888'),(46507,'10085740186'),(46508,'10475403288'),(46509,'10024431512'),(46510,'10087394676'),(46511,'10103211013'),(46512,'10082134927'),(46513,'10012849376'),(46514,'10106164199'),(46515,'10105154726'),(46516,'10049633934'),(46517,'10078771645'),(46518,'10239507927'),(46519,'10095358468'),(46520,'10444546340'),(46521,'10414709732'),(46522,'10062688144'),(46523,'10096679128'),(46524,'10239766809'),(46525,'10443024021'),(46526,'10723647598'),(46527,'10099531822'),(46528,'10189009530'),(46529,'10035949653'),(46530,'10036687555'),(46531,'10224982548'),(46532,'10329618701'),(46533,'10447312986'),(46534,'10436334961'),(46535,'10269560997'),(46536,'10453786761'),(46537,'10038759634'),(46538,'10038540730'),(46539,'10061121035'),(46540,'10256168061'),(46541,'10431677810'),(46542,'10414429314'),(46543,'10329692618'),(46544,'10005152165'),(46545,'10094912437'),(46546,'10065568603'),(46547,'10075657914'),(46548,'10257836032'),(46549,'10053657881'),(46550,'10067229571'),(46551,'10164815761'),(46552,'10460172689'),(46553,'10326478119'),(46554,'10294022649'),(46555,'10297251428'),(46556,'10722159841'),(46557,'10175567335'),(46558,'10293263847'),(46559,'10304927271'),(46560,'10071541610'),(46561,'10062768415'),(46562,'10077974003'),(46563,'10102128864'),(46564,'10038660514'),(46565,'10159767057'),(46566,'10429581716'),(46567,'10033588718'),(46568,'10256658050'),(46569,'10707641148'),(46570,'10074749238'),(46571,'10094970381'),(46572,'10180810604'),(46573,'10780091725'),(46574,'10451935050'),(46575,'10712826270'),(46576,'10474497645'),(46577,'10078757626'),(46578,'10747458061'),(46579,'10190965711'),(46580,'10081728459'),(46581,'10804100739'),(46582,'10254807155'),(46583,'10062685331'),(46584,'10428076309'),(46585,'10166751026'),(46586,'10211194877'),(46587,'10001092737'),(46588,'10258081108'),(46589,'10052115537'),(46590,'10258096733'),(46591,'10257368811'),(46592,'10067864765'),(46593,'10770653121'),(46594,'10071587121'),(46595,'10433982661'),(46596,'10470811302'),(46597,'10104941015'),(46598,'10432769866'),(46599,'10048035774'),(46600,'10062214185'),(46601,'10292504506'),(46602,'10105570231'),(46603,'10104030438'),(46604,'10222587323'),(46605,'10154091551'),(46606,'10294468973'),(46607,'10293116992'),(46608,'10098240263'),(46609,'10239300834'),(46610,'10463878795'),(46611,'10092963506'),(46612,'10436035425'),(46613,'10043052841'),(46614,'10804987393'),(46615,'10180215617'),(46616,'10480067288'),(46617,'10088662178'),(46618,'10093376001'),(46619,'10456827115'),(46620,'10417641811'),(46621,'10709481504'),(46622,'10101728523'),(46623,'10417797225'),(46624,'10104344084'),(46625,'10329433841'),(46626,'10067644994'),(46627,'10430219362'),(46628,'10025548235'),(46629,'10408502107'),(46630,'10067198536'),(46631,'10218498871'),(46632,'10166337327'),(46633,'10334317027'),(46634,'10167249961'),(46635,'10439325025'),(46636,'10179329269'),(46637,'10292937623'),(46638,'10455568477'),(46639,'10401873827'),(46640,'10308562111'),(46641,'10292866866'),(46642,'10411646608'),(46643,'10179153233'),(46644,'10254640692'),(46645,'10001274070'),(46646,'10164210346'),(46647,'10028223868'),(46648,'10011113431'),(46649,'10230142276'),(46650,'10192591363'),(46651,'10456198550'),(46652,'10048191253'),(46653,'10238575635'),(46654,'10270486521'),(46655,'10095168561'),(46656,'10105151832'),(46657,'10067233633'),(46658,'10419640641'),(46659,'10069930196'),(46660,'10329713267'),(46661,'10077954100'),(46662,'10069858916'),(46663,'10195210565'),(46664,'10192519913'),(46665,'10705254716'),(46666,'10449306851'),(46667,'10270800411'),(46668,'10306757500'),(46669,'10328350969'),(46670,'10408084992'),(46671,'10296875517'),(46672,'10001042721'),(46673,'10436423581'),(46674,'10180552290'),(46675,'10294486696'),(46676,'10098796725'),(46677,'10427160268'),(46678,'10073544055'),(46679,'10086837825'),(46680,'10073841246'),(46681,'10480649694'),(46682,'10089114573'),(46683,'10472560471'),(46684,'10458135041'),(46685,'10304072925'),(46686,'10416426240'),(46687,'10088392324'),(46688,'10078811159'),(46689,'10090933227'),(46690,'10400357175'),(46691,'10323872835'),(46692,'10402112358'),(46693,'10106837339'),(46694,'10099502431'),(46695,'10222911538'),(46696,'10028926966'),(46697,'10410783156'),(46698,'10435681978'),(46699,'10428519537'),(46700,'10214243992'),(46701,'10167962543'),(46702,'10804050073'),(46703,'10425984476'),(46704,'10095595761'),(46705,'10088015521'),(46706,'10165339873'),(46707,'10088726664'),(46708,'10413004000'),(46709,'10081539371'),(46710,'10411577991'),(46711,'10706028230'),(46712,'10256937676'),(46713,'10080418375'),(46714,'10304107834'),(46715,'10164377593'),(46716,'10069543087'),(46717,'10419525842'),(46718,'10090585652'),(46719,'10239627612'),(46720,'10075140245'),(46721,'10092850698'),(46722,'10085784833'),(46723,'10414884500'),(46724,'10465407072'),(46725,'10083907857'),(46726,'10095413311'),(46727,'10218568365'),(46728,'10409984458'),(46729,'10218069032'),(46730,'10293957369'),(46731,'10421586417'),(46732,'10406031441'),(46733,'10471773889'),(46734,'10164126787'),(46735,'10215632518'),(46736,'10239611449'),(46737,'10157629111'),(46738,'10078214550'),(46739,'10089117688'),(46740,'10429008421'),(46741,'10062598595'),(46742,'10423473903'),(46743,'10076178998'),(46744,'10452244549'),(46745,'10214324275'),(46746,'10214319549'),(46747,'10801526280'),(46748,'10071457074'),(46749,'10102373991'),(46750,'10459901308'),(46751,'10257501740'),(46752,'10103669109'),(46753,'10004913855'),(46754,'10000371560'),(46755,'10075436926'),(46756,'10102600261'),(46757,'10079169272'),(46758,'10403884991'),(46759,'10098879094'),(46760,'10402374352'),(46761,'10000852452'),(46762,'10415830331'),(46763,'10401014964'),(46764,'10445670494'),(46765,'10416339266'),(46766,'10102496928'),(46767,'10043186405'),(46768,'10098846668'),(46769,'10103883127'),(46770,'10107235677'),(46771,'10036440622'),(46772,'10421572149'),(46773,'10211405746'),(46774,'10008235461'),(46775,'10166655566'),(46776,'10805194800'),(46777,'15410959973'),(46778,'10078173853'),(46779,'10401912199'),(46780,'10082183286'),(46781,'10104345391'),(46782,'10292416593'),(46783,'10076237544'),(46784,'10077743265'),(46785,'10181414435'),(46786,'10414648407'),(46787,'10076597508'),(46788,'10060763670'),(46789,'10238297244'),(46790,'10224845737'),(46791,'10293546181'),(46792,'10458073941'),(46793,'10054014029'),(46794,'10450017332'),(46795,'10724129841'),(46796,'10078550029'),(46797,'10457834140'),(46798,'10103631403'),(46799,'10407469025'),(46800,'10273743672'),(46801,'10464329485'),(46802,'10075914542'),(46803,'10152826686'),(46804,'10073290819'),(46805,'10415105644'),(46806,'10167198533'),(46807,'10403993145'),(46808,'10101882590'),(46809,'10181972527'),(46810,'10295868649'),(46811,'10105223671'),(46812,'10067157929'),(46813,'10098519781'),(46814,'10043415145'),(46815,'10294762359'),(46816,'10178151491'),(46817,'10738106691'),(46818,'10054124151'),(46819,'10244905094'),(46820,'10295364241'),(46821,'10318835131'),(46822,'10086125442'),(46823,'10105079767'),(46824,'10282710591'),(46825,'10065432485'),(46826,'10723189484'),(46827,'10472712221'),(46828,'10008014006'),(46829,'10095470306'),(46830,'10026853350'),(46831,'10277117423'),(46832,'10094127349'),(46833,'10712152368'),(46834,'10404164584'),(46835,'10294255678'),(46836,'10416043219'),(46837,'10451534705'),(46838,'10091245243'),(46839,'10443099811'),(46840,'10083425640'),(46841,'10416554949'),(46842,'10075052222'),(46843,'10253301282'),(46844,'10079614144'),(46845,'10410451498'),(46846,'10293018621'),(46847,'10292891992'),(46848,'10094842129'),(46849,'10706141346'),(46850,'10425065446'),(46851,'10411102896'),(46852,'10176058043'),(46853,'10400541294'),(46854,'10415724115'),(46855,'10297122938'),(46856,'10091590251'),(46857,'10038224056'),(46858,'10094587072'),(46859,'10075980383'),(46860,'10400696221'),(46861,'10708038259'),(46862,'10238324551'),(46863,'10748186269'),(46864,'10002552987'),(46865,'10448814055'),(46866,'10405691561'),(46867,'10306509093'),(46868,'10071888768'),(46869,'10077651531'),(46870,'10077859981'),(46871,'10085187487'),(46872,'10404432970'),(46873,'10460833588'),(46874,'10408937651'),(46875,'10254766351'),(46876,'10092766930'),(46877,'10071966441'),(46878,'10190819251'),(46879,'10066069007'),(46880,'10228870621'),(46881,'10010607405'),(46882,'10082117739'),(46883,'10181996396'),(46884,'10008055811'),(46885,'10425024731'),(46886,'10098003253'),(46887,'10095184401'),(46888,'10427449136'),(46889,'10435768381'),(46890,'10105414523'),(46891,'10410189327'),(46892,'10238345681'),(46893,'10410735828'),(46894,'10023959092'),(46895,'10079130023'),(46896,'10408946650'),(46897,'10055813782'),(46898,'10470458491'),(46899,'10218426498'),(46900,'10422157455'),(46901,'10443981395'),(46902,'10194055370'),(46903,'10099634338'),(46904,'10088241865'),(46905,'10102688894'),(46906,'10153877454'),(46907,'10296673809'),(46908,'10447345370'),(46909,'10180877440'),(46910,'10076133731'),(46911,'10048010917'),(46912,'10106712471'),(46913,'10247181836'),(46914,'10026089544'),(46915,'10098587531'),(46916,'10044344713'),(46917,'10723299603'),(46918,'10413846540'),(46919,'10078672116'),(46920,'10402990053'),(46921,'10214193847'),(46922,'10073535471'),(46923,'10043190496'),(46924,'10075521125'),(46925,'10068880667'),(46926,'10084523700'),(46927,'10451051216'),(46928,'10438616891'),(46929,'10468871772'),(46930,'10199309124'),(46931,'10025285447'),(46932,'10101759844'),(46933,'10176231403'),(46934,'10238514776'),(46935,'10154294738'),(46936,'10073673441'),(46937,'10214219579'),(46938,'10100016945'),(46939,'10401684145'),(46940,'10440977745'),(46941,'10447751751'),(46942,'10435871076'),(46943,'10087937602'),(46944,'10442729382'),(46945,'10437662172'),(46946,'10719836742'),(46947,'10735095914'),(46948,'10286034140'),(46949,'10164309326'),(46950,'10103215434'),(46951,'10275515197'),(46952,'10276623473'),(46953,'10100377905'),(46954,'10088318248'),(46955,'10702983440'),(46956,'10412454621'),(46957,'10178979511'),(46958,'10166488911'),(46959,'10075829031'),(46960,'10083930841'),(46961,'10073636341'),(46962,'10102859567'),(46963,'10311603588'),(46964,'10079891474'),(46965,'10102629901'),(46966,'10090011079'),(46967,'10074494027'),(46968,'10304018599'),(46969,'10277021264'),(46970,'10238392336'),(46971,'10405863711'),(46972,'10072816442'),(46973,'10166083287'),(46974,'10103940805'),(46975,'10073376179'),(46976,'10010222678'),(46977,'10444874738'),(46978,'10438296064'),(46979,'10762134409'),(46980,'10082363063'),(46981,'10257317400'),(46982,'10295644040'),(46983,'10095887657'),(46984,'10091172343'),(46985,'10295442986'),(46986,'10415121127'),(46987,'10069013169'),(46988,'10475755982'),(46989,'10074954508'),(46990,'10075151778'),(46991,'10703049279'),(46992,'10400072979'),(46993,'10072915131'),(46994,'10073932179'),(46995,'10157538646'),(46996,'10074040565'),(46997,'10166814702'),(46998,'10483449246'),(46999,'10100053352'),(47000,'10048050749'),(47001,'10106854586'),(47002,'10042228465'),(47003,'10091330518'),(47004,'10082835445'),(47005,'10222738429'),(47006,'10477470608'),(47007,'10447779728'),(47008,'10702415808'),(47009,'10011115883'),(47010,'10441779262'),(47011,'10328656502'),(47012,'10401378257'),(47013,'10103151193'),(47014,'10157510440'),(47015,'10039003088'),(47016,'10103198874'),(47017,'10723908430'),(47018,'10418211526'),(47019,'10488665923'),(47020,'10166565214'),(47021,'15255110851'),(47022,'10292557031'),(47023,'10440845482'),(47024,'10254942737'),(47025,'10088893137'),(47026,'10421337905'),(47027,'10296089210'),(47028,'10097116135'),(47029,'10055823087'),(47030,'10079711671'),(47031,'10156117019'),(47032,'10215453290'),(47033,'10458046536'),(47034,'10409996294'),(47035,'10267296362'),(47036,'10488574812'),(47037,'10602178272'),(47038,'10455485661'),(47039,'10218805057'),(47040,'10257148870'),(47041,'10760612443'),(47042,'10410691341'),(47043,'10181686117'),(47044,'10198223323'),(47045,'10101765500'),(47046,'10421651987'),(47047,'10419260067'),(47048,'10238105108'),(47049,'10708743866'),(47050,'10102999903'),(47051,'10408106627'),(47052,'10154496322'),(47053,'10292218643'),(47054,'10304187927'),(47055,'10255816727'),(47056,'10304931821'),(47057,'10089952781'),(47058,'10076295625'),(47059,'10088600253'),(47060,'10476327658'),(47061,'10410010963'),(47062,'10308608404'),(47063,'10715854851'),(47064,'10103077317'),(47065,'10010441884'),(47066,'10070351001'),(47067,'10425077584'),(47068,'10311783152'),(47069,'10084885458'),(47070,'10448084588'),(47071,'10175608732'),(47072,'10094564927'),(47073,'10454929298'),(47074,'10296467141'),(47075,'10471483562'),(47076,'10266187101'),(47077,'10266169278'),(47078,'10308245417'),(47079,'10484944178'),(47080,'10100795022'),(47081,'10257785837'),(47082,'10036854834'),(47083,'10425186162'),(47084,'10164348330'),(47085,'10095635372'),(47086,'10106244036'),(47087,'10038949808'),(47088,'10402193609'),(47089,'10065597034'),(47090,'10409741032'),(47091,'10034847652'),(47092,'10088390518'),(47093,'10225170903'),(47094,'10098646812'),(47095,'10319274915'),(47096,'10422167965'),(47097,'10749717331'),(47098,'10089380656'),(47099,'10453057980'),(47100,'10801378612'),(47101,'10190964324'),(47102,'10042168586'),(47103,'10084356579'),(47104,'10239816385'),(47105,'10428161331'),(47106,'10292401260'),(47107,'10004222895'),(47108,'10406519894'),(47109,'10100433309'),(47110,'10282715037'),(47111,'10026800949'),(47112,'10026812734'),(47113,'10026694847'),(47114,'10402299890'),(47115,'10040038057'),(47116,'10093523429'),(47117,'10311824908'),(47118,'10310078064'),(47119,'10073576551'),(47120,'10224982297'),(47121,'10214283544'),(47122,'10214867147'),(47123,'10067490831'),(47124,'10448093714'),(47125,'10046454974'),(47126,'10435345234'),(47127,'10746976335'),(47128,'10100517502'),(47129,'10007936180'),(47130,'10253175902'),(47131,'10257154551'),(47132,'10065982701'),(47133,'10465329241'),(47134,'10311889864'),(47135,'10181604579'),(47136,'10256210792'),(47137,'10254294271'),(47138,'10075537307'),(47139,'10428088234'),(47140,'10071016027'),(47141,'10411578963'),(47142,'10418905072'),(47143,'10296168063'),(47144,'10413563564'),(47145,'10087317540'),(47146,'10427626038'),(47147,'10293604784'),(47148,'10067769606'),(47149,'10011125391'),(47150,'10096710955'),(47151,'10074034158'),(47152,'10093857912'),(47153,'10043389144'),(47154,'10040801427'),(47155,'10009069874'),(47156,'10009032288'),(47157,'10476626701'),(47158,'10070395725'),(47159,'10437955269'),(47160,'10091516760'),(47161,'10108086888'),(47162,'10004746843'),(47163,'10762650873'),(47164,'10092246553'),(47165,'10100927867'),(47166,'10027593343'),(47167,'10175239001'),(47168,'10411047585'),(47169,'10048225085'),(47170,'10727880882'),(47171,'10238775995'),(47172,'10080866807'),(47173,'10157574481'),(47174,'10401867371'),(47175,'10106007859'),(47176,'10466342713'),(47177,'10077290627'),(47178,'10091485309'),(47179,'10096956253'),(47180,'10417321191'),(47181,'10060718488'),(47182,'10214477616'),(47183,'10469433698'),(47184,'10061642736'),(47185,'10292841812'),(47186,'10210850029'),(47187,'10294142288'),(47188,'10179592971'),(47189,'10105161234'),(47190,'10239850192'),(47191,'10087372842'),(47192,'10438753716'),(47193,'10428436577'),(47194,'10460891804'),(47195,'10083264336'),(47196,'10294861705'),(47197,'10074115727'),(47198,'10215769815'),(47199,'10293470605'),(47200,'10087801794'),(47201,'10405157581'),(47202,'10095940981'),(47203,'10465003150'),(47204,'10071251026'),(47205,'10329616326'),(47206,'10718344862'),(47207,'10072696048'),(47208,'10033633951'),(47209,'10451573581'),(47210,'10415236412'),(47211,'10001703191'),(47212,'10441752909'),(47213,'10180936454'),(47214,'10466618441'),(47215,'10099391753'),(47216,'10416854233'),(47217,'10104253968'),(47218,'10405510699'),(47219,'10423939091'),(47220,'10417689503'),(47221,'10052897721'),(47222,'10071222760'),(47223,'10073863592'),(47224,'10419555962'),(47225,'10724816709'),(47226,'10416723368'),(47227,'10412905623'),(47228,'10306765481'),(47229,'10050641029'),(47230,'10004947865'),(47231,'10283064854'),(47232,'10402535844'),(47233,'10276777365'),(47234,'10086493913'),(47235,'10090905568'),(47236,'10703789426'),(47237,'10026801414'),(47238,'10108747655'),(47239,'10076827066'),(47240,'10078939121'),(47241,'10296047428'),(47242,'10456467178'),(47243,'10199109532'),(47244,'10086196544'),(47245,'10198255501'),(47246,'10026389947'),(47247,'10072790702'),(47248,'10214976574'),(47249,'10277534474'),(47250,'10087728621'),(47251,'10311808236'),(47252,'10181219055'),(47253,'10453766867'),(47254,'10295965881'),(47255,'10455865498'),(47256,'10405783458'),(47257,'10012965317'),(47258,'10210957249'),(47259,'10215631716'),(47260,'10215257296'),(47261,'10316680068'),(47262,'10048098784'),(47263,'10060655052'),(47264,'10084794231'),(47265,'10073991451'),(47266,'10099433723'),(47267,'10102937053'),(47268,'10238626507'),(47269,'10443717523'),(47270,'10238911481'),(47271,'10065712119'),(47272,'10076363655'),(47273,'10324050651'),(47274,'10048066700'),(47275,'10412609714'),(47276,'10218113414'),(47277,'10404043264'),(47278,'10081962222'),(47279,'10730734331'),(47280,'10239060370'),(47281,'10308378191'),(47282,'10181513697'),(47283,'10462144313'),(47284,'10091561145'),(47285,'10166923005'),(47286,'10028340121'),(47287,'10061416990'),(47288,'10105470199'),(47289,'10451528187'),(47290,'10106329643'),(47291,'10182135335'),(47292,'10010472101'),(47293,'10456667193'),(47294,'10086040471'),(47295,'10458072383'),(47296,'10154024684'),(47297,'10106125622'),(47298,'10166937928'),(47299,'10430187002'),(47300,'10077432685'),(47301,'10199678138'),(47302,'10102382451'),(47303,'10153462581'),(47304,'10273960631'),(47305,'10254177381'),(47306,'10074711290'),(47307,'10249493045'),(47308,'10296474636'),(47309,'10328049762'),(47310,'10292759164'),(47311,'10428748951'),(47312,'10211027644'),(47313,'10094224824'),(47314,'10426649484'),(47315,'10258103284'),(47316,'10105971881'),(47317,'10296245149'),(47318,'10022707791'),(47319,'10074187124'),(47320,'10417097541'),(47321,'10102365050'),(47322,'10089780077'),(47323,'10053548429'),(47324,'10011302489'),(47325,'10086850376'),(47326,'10011438291'),(47327,'10052594541'),(47328,'10296604971'),(47329,'10026536117'),(47330,'10010711971'),(47331,'10066098830'),(47332,'10095587793'),(47333,'10180946123'),(47334,'10102900915'),(47335,'10417239338'),(47336,'10066693843'),(47337,'10455718631'),(47338,'10096440231'),(47339,'10328880364'),(47340,'10462277879'),(47341,'10092413565'),(47342,'10181333702'),(47343,'10072687405'),(47344,'10457636232'),(47345,'10230085809'),(47346,'10093784966'),(47347,'10305855630'),(47348,'10073039750'),(47349,'10266247414'),(47350,'10083756468'),(47351,'10239910845'),(47352,'10179836284'),(47353,'10008211855'),(47354,'10074808901'),(47355,'10098883318'),(47356,'10060513452'),(47357,'10082895162'),(47358,'10068292391'),(47359,'10068347799'),(47360,'10000715633'),(47361,'10071298031'),(47362,'10719272521'),(47363,'10078921019'),(47364,'10005107593'),(47365,'10407855081'),(47366,'10416900774'),(47367,'10083681875'),(47368,'10001113173'),(47369,'10010613693'),(47370,'10758159031'),(47371,'10084229780'),(47372,'10188763486'),(47373,'10166808575'),(47374,'10011298601'),(47375,'10009825091'),(47376,'10198845952'),(47377,'10164255919'),(47378,'10461358328'),(47379,'10438492815'),(47380,'10336719882'),(47381,'10476176323'),(47382,'10277279504'),(47383,'10250008967'),(47384,'10452755373'),(47385,'10424077050'),(47386,'10011249910'),(47387,'10075855571'),(47388,'10166354922'),(47389,'10438686938'),(47390,'10088800783'),(47391,'10436068196'),(47392,'10081941683'),(47393,'10458364341'),(47394,'10101724706'),(47395,'10097627466'),(47396,'10038615616'),(47397,'10011221594'),(47398,'10072745294'),(47399,'10074652374'),(47400,'10449328332'),(47401,'10011093481'),(47402,'10010912593'),(47403,'10427514116'),(47404,'10011340534'),(47405,'10092542241'),(47406,'10257332743'),(47407,'10081383630'),(47408,'10435668831'),(47409,'10467329605'),(47410,'10430253889'),(47411,'10287001199'),(47412,'10465189369'),(47413,'10034735188'),(47414,'10025289159'),(47415,'10061066468'),(47416,'10010409549'),(47417,'10426613552'),(47418,'10254597827'),(47419,'10036974384'),(47420,'10060460952'),(47421,'10222571737'),(47422,'10428515221'),(47423,'10004415871'),(47424,'10229651787'),(47425,'10153491483'),(47426,'10100599088'),(47427,'10046496065'),(47428,'10164637714'),(47429,'10164071095'),(47430,'10306631425'),(47431,'10097995961'),(47432,'10104521164'),(47433,'10417213801'),(47434,'10434996371'),(47435,'10095607735'),(47436,'10096771261'),(47437,'10416850904'),(47438,'10024081970'),(47439,'10444683215'),(47440,'10067904066'),(47441,'10463670809'),(47442,'10445037309'),(47443,'10100090533'),(47444,'10088098051'),(47445,'10011076136'),(47446,'10067963461'),(47447,'10400770919'),(47448,'10419707177'),(47449,'10402316051'),(47450,'10010684523'),(47451,'10000051182'),(47452,'10438052157'),(47453,'10011479974'),(47454,'10461841134'),(47455,'10054135586'),(47456,'10458355954'),(47457,'10098008280'),(47458,'10000149921'),(47459,'10447726381'),(47460,'10277526404'),(47461,'10011125307'),(47462,'10060616197'),(47463,'10419777515'),(47464,'10095577038'),(47465,'10105044955'),(47466,'10440933217'),(47467,'10445535864'),(47468,'10096215067'),(47469,'10096861139'),(47470,'10455531051'),(47471,'10181923950'),(47472,'10304098754'),(47473,'10296430957'),(47474,'10077157790'),(47475,'10292803856'),(47476,'10064988951'),(47477,'10297070580'),(47478,'10156017090'),(47479,'10456332787'),(47480,'10098866146'),(47481,'10215353724'),(47482,'10215518570'),(47483,'10164305266'),(47484,'10164101369'),(47485,'10737045795'),(47486,'10458976240'),(47487,'10028045048'),(47488,'10738553921'),(47489,'10224904032'),(47490,'10211370764'),(47491,'10011443023'),(47492,'10010443259'),(47493,'10103609041'),(47494,'10028929370'),(47495,'10196753627'),(47496,'10108743838'),(47497,'10434543440'),(47498,'10083158935'),(47499,'10437363574'),(47500,'10461223350'),(47501,'10249861184'),(47502,'10198508433'),(47503,'10729512881'),(47504,'10097401581'),(47505,'10402268030'),(47506,'10076782119'),(47507,'10439380352'),(47508,'10483273296'),(47509,'10180953481'),(47510,'10078276369'),(47511,'10179236325'),(47512,'10190823399'),(47513,'10410877657'),(47514,'10406002816'),(47515,'10435378795'),(47516,'10101037296'),(47517,'10043416133'),(47518,'10321090147'),(47519,'10065655018'),(47520,'10218694221'),(47521,'10316182971'),(47522,'10084285655'),(47523,'10104738619'),(47524,'10107882702'),(47525,'10455529901'),(47526,'10460856154'),(47527,'10098082277'),(47528,'10102210846'),(47529,'10328535896'),(47530,'10441824608'),(47531,'10308374225'),(47532,'10036573185'),(47533,'10068082558'),(47534,'10081468147'),(47535,'10106882873'),(47536,'10100354310'),(47537,'10215211652'),(47538,'10214450360'),(47539,'10415886875'),(47540,'10198367414'),(47541,'10445675224'),(47542,'10040169461'),(47543,'10199319618'),(47544,'10210765854'),(47545,'10211255230'),(47546,'10094095366'),(47547,'10104070359'),(47548,'10154024692'),(47549,'10033836860'),(47550,'10063925158'),(47551,'10411104848'),(47552,'10255868417'),(47553,'10418018092'),(47554,'10215368721'),(47555,'10010336533'),(47556,'10088767140'),(47557,'10433655490'),(47558,'10052771264'),(47559,'10026554182'),(47560,'10334041650'),(47561,'10081839765'),(47562,'10238517813'),(47563,'10224076881'),(47564,'10428015491'),(47565,'10067675644'),(47566,'10079530153'),(47567,'10305629290'),(47568,'10095802198'),(47569,'10448419415'),(47570,'10198351054'),(47571,'10040661391'),(47572,'10074425343'),(47573,'10005084399'),(47574,'10426467441'),(47575,'10222855999'),(47576,'10222437291'),(47577,'10181492177'),(47578,'10267164466'),(47579,'10103191411'),(47580,'10423989306'),(47581,'10304036694'),(47582,'10304297773'),(47583,'10404753580'),(47584,'10296105711'),(47585,'10416225783'),(47586,'10104765110'),(47587,'10095764407'),(47588,'10097513860'),(47589,'10068256190'),(47590,'10074561531'),(47591,'10218060744'),(47592,'10410036181'),(47593,'10073540939'),(47594,'10437223128'),(47595,'10311356700'),(47596,'10401150833'),(47597,'10409284898'),(47598,'10166871684'),(47599,'10421115627'),(47600,'10093695777'),(47601,'10437322614'),(47602,'10405945423'),(47603,'10101478381'),(47604,'10065409335'),(47605,'10165516180'),(47606,'10095297264'),(47607,'10087040271'),(47608,'10308415690'),(47609,'10427488123'),(47610,'10214660437'),(47611,'10249848668'),(47612,'10102270296'),(47613,'10070937706'),(47614,'10239771527'),(47615,'10419672926'),(47616,'10293163753'),(47617,'10100822763'),(47618,'10071617586'),(47619,'10098247578'),(47620,'10015453074'),(47621,'10431153187'),(47622,'10415305775'),(47623,'10409485826'),(47624,'10175809100'),(47625,'10038934495'),(47626,'10167058618'),(47627,'10167185369'),(47628,'10454186376'),(47629,'10034746384'),(47630,'10192218000'),(47631,'10104733773'),(47632,'10032365944'),(47633,'10460919733'),(47634,'10745434661'),(47635,'10006839661'),(47636,'10429293931'),(47637,'10034642881'),(47638,'10402978134'),(47639,'10406758546'),(47640,'10441919358'),(47641,'10401536391'),(47642,'10402330762'),(47643,'10089130102'),(47644,'10010119125'),(47645,'10328051813'),(47646,'10101131250'),(47647,'10026446533'),(47648,'10727392772'),(47649,'10282696024'),(47650,'10309609960'),(47651,'10097214226'),(47652,'10434889338'),(47653,'10013152921'),(47654,'10022849048'),(47655,'10482514311'),(47656,'10211043861'),(47657,'10081393643'),(47658,'10418464165'),(47659,'10036633919'),(47660,'10338114627'),(47661,'10061400317'),(47662,'10027903351'),(47663,'10447776613'),(47664,'10000090251'),(47665,'10067708241'),(47666,'10770961578'),(47667,'10091588965'),(47668,'10100572996'),(47669,'10065702415'),(47670,'10294254906'),(47671,'10232695230'),(47672,'10406221275'),(47673,'10100645152'),(47674,'10412571687'),(47675,'10040776104'),(47676,'10027387425'),(47677,'10461622190'),(47678,'10257757965'),(47679,'10292378691'),(47680,'10304024173'),(47681,'10071521805'),(47682,'10447050213'),(47683,'10191911461'),(47684,'10095256959'),(47685,'10079479328'),(47686,'10152979776'),(47687,'10085845247'),(47688,'10293172612'),(47689,'10417490375'),(47690,'10174088379'),(47691,'10088427802'),(47692,'10414091038'),(47693,'10429780697'),(47694,'10418453716'),(47695,'10167488035'),(47696,'10238944657'),(47697,'10427052490'),(47698,'10422950597'),(47699,'10195613236'),(47700,'10403072635'),(47701,'10473424113'),(47702,'10703246431'),(47703,'10107325668'),(47704,'10411460717'),(47705,'10069833662'),(47706,'10423770754'),(47707,'10027470144'),(47708,'10431979239'),(47709,'10098414539'),(47710,'10238456881'),(47711,'10449227366'),(47712,'10295586155'),(47713,'10250121429'),(47714,'10103458051'),(47715,'10417807158'),(47716,'10022965170'),(47717,'10431348727'),(47718,'10096296989'),(47719,'10468385703'),(47720,'10238611836'),(47721,'10238737988'),(47722,'10048261880'),(47723,'10181158722'),(47724,'10256557334'),(47725,'10806812141'),(47726,'10407506087'),(47727,'10004273597'),(47728,'10251849817'),(47729,'10430485976'),(47730,'10308543248'),(47731,'10247108811'),(47732,'10083027067'),(47733,'10026531565'),(47734,'10211228054'),(47735,'10294666481'),(47736,'10000285574'),(47737,'10085746630'),(47738,'10426030905'),(47739,'10453527722'),(47740,'10105295788'),(47741,'10460346504'),(47742,'10409437261'),(47743,'10401562155'),(47744,'10425753661'),(47745,'10310400217'),(47746,'10087364858'),(47747,'10463280539'),(47748,'10311589178'),(47749,'10242891240'),(47750,'10406217553'),(47751,'10400058771'),(47752,'10410066462'),(47753,'10074194503'),(47754,'10327384924'),(47755,'10474808233'),(47756,'10004145823'),(47757,'10405244239'),(47758,'10429426711'),(47759,'10181109608'),(47760,'10004481084'),(47761,'10469159740'),(47762,'10007968006'),(47763,'10105544443'),(47764,'10444136001'),(47765,'10024227036'),(47766,'10048002540'),(47767,'10239836165'),(47768,'10103653199'),(47769,'10004904309'),(47770,'10043031037'),(47771,'10043157529'),(47772,'10232622119'),(47773,'10704181341'),(47774,'10292698696'),(47775,'10257248696'),(47776,'10455555731'),(47777,'10108143458'),(47778,'10160169066'),(47779,'10087864672'),(47780,'10097183088'),(47781,'10295728600'),(47782,'10048126133'),(47783,'10411544295'),(47784,'10071339985'),(47785,'10465685641'),(47786,'10180640598'),(47787,'10088661708'),(47788,'10401045711'),(47789,'10769823838'),(47790,'10423946062'),(47791,'10422904536'),(47792,'10017883041'),(47793,'10253053157'),(47794,'10296626282'),(47795,'10255749485'),(47796,'10025268771'),(47797,'10025500488'),(47798,'10437054377'),(47799,'10761479615'),(47800,'10448609931'),(47801,'10026811231'),(47802,'10105921891'),(47803,'10410588001'),(47804,'10256121773'),(47805,'10428306550'),(47806,'10423126154'),(47807,'10411524987'),(47808,'10211045430'),(47809,'10238594087'),(47810,'10424058357'),(47811,'10455995693'),(47812,'10295155162'),(47813,'10097890027'),(47814,'10105772306'),(47815,'10445334338'),(47816,'10434743376'),(47817,'10290816942'),(47818,'10238724410'),(47819,'10296281412'),(47820,'10418753841'),(47821,'10009669910'),(47822,'10154041503'),(47823,'10439782957'),(47824,'10294058180'),(47825,'10238580841'),(47826,'10404903298'),(47827,'10048136708'),(47828,'10296484682'),(47829,'10409896958'),(47830,'10238896814'),(47831,'10402775772'),(47832,'10444467245'),(47833,'10432596341'),(47834,'10443339324'),(47835,'10296329091'),(47836,'10277257624'),(47837,'10250718794'),(47838,'10411639610'),(47839,'10293821947'),(47840,'10224275663'),(47841,'10178313377'),(47842,'10327393010'),(47843,'10421452542'),(47844,'10107915341'),(47845,'10443830397'),(47846,'10335628115'),(47847,'10076393830'),(47848,'10076073215'),(47849,'10062562795'),(47850,'10296360843'),(47851,'10098275814'),(47852,'10194214559'),(47853,'10106312732'),(47854,'10408740865'),(47855,'10011171261'),(47856,'10070315624'),(47857,'10038596875'),(47858,'10081746058'),(47859,'10004957291'),(47860,'10188786869'),(47861,'10166296272'),(47862,'10093621951'),(47863,'10070631445'),(47864,'10418000703'),(47865,'10067832278'),(47866,'10256397566'),(47867,'10180880882'),(47868,'10706644640'),(47869,'10073418670'),(47870,'10424299613'),(47871,'10024454784'),(47872,'10218861364'),(47873,'10070124501'),(47874,'10254224893'),(47875,'10178052344'),(47876,'10105095738'),(47877,'10010632680'),(47878,'10215519541'),(47879,'10293048571'),(47880,'10406599456'),(47881,'10277006753'),(47882,'10418117813'),(47883,'10193313651'),(47884,'10450988991'),(47885,'10294547059'),(47886,'10467134863'),(47887,'10179269762'),(47888,'10215293217'),(47889,'10193328879'),(47890,'10084627793'),(47891,'10085296332'),(47892,'10454123714'),(47893,'10444089925'),(47894,'10412875627'),(47895,'10424424183'),(47896,'10011117541'),(47897,'10072323837'),(47898,'10010699563'),(47899,'10028840395'),(47900,'10224056830'),(47901,'10460328697'),(47902,'10406630931'),(47903,'10164696281'),(47904,'10105794377'),(47905,'10011329522'),(47906,'10087843225'),(47907,'10065636196'),(47908,'10156942397'),(47909,'10179138889'),(47910,'10410638423'),(47911,'10426228161'),(47912,'10089502549'),(47913,'10152832228'),(47914,'10026970097'),(47915,'10101315121'),(47916,'10160121080'),(47917,'10102669598'),(47918,'10164426781'),(47919,'10448700963'),(47920,'10296934343'),(47921,'10096331989'),(47922,'10179333690'),(47923,'10178287473'),(47924,'10102529761'),(47925,'10463892224'),(47926,'10293805640'),(47927,'10703556111'),(47928,'10164256737'),(47929,'10293378342'),(47930,'10295647871'),(47931,'10404664587'),(47932,'10293968018'),(47933,'10703141795'),(47934,'10221964352'),(47935,'10458475551'),(47936,'10466435959'),(47937,'10178468362'),(47938,'10025440809'),(47939,'10153673441'),(47940,'10447049738'),(47941,'10294595045'),(47942,'10700862343'),(47943,'10295549187'),(47944,'10449941476'),(47945,'10412564958'),(47946,'10296716869'),(47947,'10440275821'),(47948,'10055905083'),(47949,'10408548034'),(47950,'10025263508'),(47951,'10449907804'),(47952,'10296004486'),(47953,'10429572849'),(47954,'10408624831'),(47955,'10449958263'),(47956,'10470833004'),(47957,'10419978405'),(47958,'10104517230'),(47959,'10043021147'),(47960,'10443511739'),(47961,'10156328231'),(47962,'10234709882'),(47963,'10295186483'),(47964,'10412489867'),(47965,'10055918606'),(47966,'10408978411'),(47967,'10407781762'),(47968,'10214632727'),(47969,'10195678028'),(47970,'10210143683'),(47971,'10098453551'),(47972,'10800378040'),(47973,'15107318523'),(47974,'10076707184'),(47975,'10079608373'),(47976,'10067270997'),(47977,'10446733147'),(47978,'10049619877'),(47979,'10101974567'),(47980,'10447893792'),(47981,'10047454722'),(47982,'10044253521'),(47983,'10409957671'),(47984,'10009063256'),(47985,'10011244675'),(47986,'10428016110'),(47987,'10093784117'),(47988,'10053805863'),(47989,'10011250705'),(47990,'10103114671'),(47991,'10010740351'),(47992,'10000276389'),(47993,'10435759331'),(47994,'10002464077'),(47995,'10411176466'),(47996,'10431113428'),(47997,'10258335533'),(47998,'10179752706'),(47999,'10417793068'),(48000,'10324085586'),(48001,'10179449060'),(48002,'10107707838'),(48003,'10427161442'),(48004,'10105911365'),(48005,'10405014641'),(48006,'10078035787'),(48007,'10305643837'),(48008,'10000310676'),(48009,'10011573997'),(48010,'10446455651'),(48011,'10747795121'),(48012,'10211408630'),(48013,'10413486632'),(48014,'10180788358'),(48015,'10179904051'),(48016,'10072562653'),(48017,'10026862707'),(48018,'10095880377'),(48019,'10277376666'),(48020,'10093266914'),(48021,'10167638169'),(48022,'10166677403'),(48023,'10426315004'),(48024,'10165229539'),(48025,'10066722827'),(48026,'10403809671'),(48027,'10071753714'),(48028,'10400818628'),(48029,'10107895715'),(48030,'10402817777'),(48031,'10296552530'),(48032,'10091217118'),(48033,'10292171108'),(48034,'10403523271'),(48035,'10102222364'),(48036,'10036741321'),(48037,'10316043041'),(48038,'10062278817'),(48039,'10181254632'),(48040,'10008194756'),(48041,'10081462114'),(48042,'10180724619'),(48043,'10225156501'),(48044,'10224039242'),(48045,'10256705210'),(48046,'10070365311'),(48047,'10179657509'),(48048,'10767322891'),(48049,'10088326712'),(48050,'10167028263'),(48051,'10081711319'),(48052,'10089485211'),(48053,'10483328350'),(48054,'10178680078'),(48055,'10100372245'),(48056,'10406901161'),(48057,'10156559968'),(48058,'10068945114'),(48059,'10329167343'),(48060,'10091108564'),(48061,'10803336941'),(48062,'10435295229'),(48063,'10067892360'),(48064,'10445222131'),(48065,'10074115778'),(48066,'10069258421'),(48067,'10257541369'),(48068,'10295018769'),(48069,'10254058152'),(48070,'10198145314'),(48071,'10700721618'),(48072,'10095053292'),(48073,'10304012248'),(48074,'10453804459'),(48075,'10448526050'),(48076,'10065898867'),(48077,'10081765460'),(48078,'10239863804'),(48079,'10164021187'),(48080,'10435901960'),(48081,'10479846354'),(48082,'10107411661'),(48083,'10335627445'),(48084,'10164548479'),(48085,'10175493722'),(48086,'10108675034'),(48087,'10474155272'),(48088,'10712835813'),(48089,'10084599005'),(48090,'10426462503'),(48091,'10011117371'),(48092,'10103453734'),(48093,'10000864329'),(48094,'10327607354'),(48095,'10048165708'),(48096,'10472389535'),(48097,'10211441980'),(48098,'10155877109'),(48099,'10235608893'),(48100,'10446872104'),(48101,'10008077555'),(48102,'10266825388'),(48103,'10431816399'),(48104,'10099023975'),(48105,'10269624553'),(48106,'10715846387'),(48107,'10416889177'),(48108,'10043047162'),(48109,'10008070127'),(48110,'10090950458'),(48111,'10097431316'),(48112,'10214298941'),(48113,'10046283657'),(48114,'10048279487'),(48115,'10453511613'),(48116,'10072416631'),(48117,'10033347427'),(48118,'10727226457'),(48119,'10067619388'),(48120,'10407318213'),(48121,'10098040728'),(48122,'10411335645'),(48123,'10093759490'),(48124,'10434446622'),(48125,'10224841944'),(48126,'10329431580'),(48127,'10005061879'),(48128,'10292545211'),(48129,'10463801105'),(48130,'10004875929'),(48131,'10423483721'),(48132,'10293403657'),(48133,'10296439601'),(48134,'10400178262'),(48135,'10434144880'),(48136,'10072427268'),(48137,'10181575587'),(48138,'10283169940'),(48139,'10728640290'),(48140,'10089483153'),(48141,'10407754927'),(48142,'10727194164'),(48143,'10225141300'),(48144,'10068488074'),(48145,'10178651051'),(48146,'10297270660'),(48147,'10475562238'),(48148,'10401637953'),(48149,'10033436918'),(48150,'10707992218'),(48151,'10297194378'),(48152,'10083152911'),(48153,'10060957351'),(48154,'10078363300'),(48155,'10094680528'),(48156,'10105453561'),(48157,'10296836031'),(48158,'10433567116'),(48159,'10246685636'),(48160,'10093232173'),(48161,'10054096424'),(48162,'10001058946'),(48163,'10068765329'),(48164,'10257916168'),(48165,'10085624291'),(48166,'10106639260'),(48167,'10778791329'),(48168,'10195361938'),(48169,'10294085667'),(48170,'10040785341'),(48171,'10415141136'),(48172,'10294035686'),(48173,'10157466319'),(48174,'10104269902'),(48175,'10085309931'),(48176,'10413131745'),(48177,'10097095022'),(48178,'10105019268'),(48179,'10101515619'),(48180,'10095240815'),(48181,'10105500845'),(48182,'10407926442'),(48183,'10102495425'),(48184,'10405436651'),(48185,'10098254591'),(48186,'10292191664'),(48187,'10702439715'),(48188,'10166181386'),(48189,'10071612703'),(48190,'10182105177'),(48191,'10009546583'),(48192,'10067326666'),(48193,'10052521403'),(48194,'10414768984'),(48195,'10449693235'),(48196,'10046347736'),(48197,'10044324666'),(48198,'10400470214'),(48199,'10294118531'),(48200,'10182124449'),(48201,'10180775817'),(48202,'10423447309'),(48203,'10099848443'),(48204,'10404183074'),(48205,'10105737098'),(48206,'10432997583'),(48207,'10106322690'),(48208,'10062903649'),(48209,'10179927964'),(48210,'10190379006'),(48211,'10103466691'),(48212,'10160198562'),(48213,'10181017096'),(48214,'10453079754'),(48215,'10181591132'),(48216,'10297306664'),(48217,'10294518571'),(48218,'10084346131'),(48219,'10092491264'),(48220,'10254358172'),(48221,'10003623543'),(48222,'10010223445'),(48223,'10292613089'),(48224,'10456152878'),(48225,'10009653398'),(48226,'10751221733'),(48227,'10768467647'),(48228,'10090335052'),(48229,'10250008975'),(48230,'10076705866'),(48231,'10293405536'),(48232,'10440849658'),(48233,'10454388432'),(48234,'10161214936'),(48235,'10180906776'),(48236,'10011176114'),(48237,'10038497761'),(48238,'10036446892'),(48239,'10308281871'),(48240,'10304815944'),(48241,'10179427074'),(48242,'10419751087'),(48243,'10401476453'),(48244,'10181175732'),(48245,'10416350693'),(48246,'10103640071'),(48247,'10005141546'),(48248,'10099018696'),(48249,'10603498190'),(48250,'10433580180'),(48251,'10297187215'),(48252,'10066876140'),(48253,'10094024248'),(48254,'10180963184'),(48255,'10180655030'),(48256,'10294577438'),(48257,'10295721672'),(48258,'10105854108'),(48259,'10190329777'),(48260,'10182213433'),(48261,'10733123139'),(48262,'10000622627'),(48263,'10178609900'),(48264,'10098128013'),(48265,'10292652840'),(48266,'10702600231'),(48267,'10076858948'),(48268,'10094474847'),(48269,'10292356817'),(48270,'10455159585'),(48271,'10257906227'),(48272,'10024231572'),(48273,'10434095757'),(48274,'10087981547'),(48275,'10181450636'),(48276,'10052329626'),(48277,'10439772129'),(48278,'10091847758'),(48279,'10433695785'),(48280,'10707465676'),(48281,'10456931508'),(48282,'10704974693'),(48283,'10428612782'),(48284,'10164430559'),(48285,'10175821282'),(48286,'10419808496'),(48287,'10199968403'),(48288,'10004248479'),(48289,'10105356108'),(48290,'10218413841'),(48291,'10249477317'),(48292,'10188280493'),(48293,'10421990072'),(48294,'10239751666'),(48295,'10214595384'),(48296,'10080216829'),(48297,'10092580356'),(48298,'10292578151'),(48299,'10084402902'),(48300,'10433645915'),(48301,'10088034584'),(48302,'10095968347'),(48303,'10084355262'),(48304,'10326478810'),(48305,'10296906994'),(48306,'10008032152'),(48307,'10221902896'),(48308,'10100173021'),(48309,'10067501387'),(48310,'10167305186'),(48311,'10410666851'),(48312,'10752797523'),(48313,'10070871292'),(48314,'10439623956'),(48315,'10404247781'),(48316,'10403103689'),(48317,'10066738171'),(48318,'10416459601'),(48319,'10304000169'),(48320,'10065870369'),(48321,'10238939751'),(48322,'10028249824'),(48323,'10417337585'),(48324,'10166192116'),(48325,'10705246098'),(48326,'10087700009'),(48327,'10218518244'),(48328,'10442434749'),(48329,'10403709005'),(48330,'10098256631'),(48331,'10166979086'),(48332,'10175214904'),(48333,'10435864665'),(48334,'10218807483'),(48335,'10100667571'),(48336,'10229710821'),(48337,'10458572301'),(48338,'10081529103'),(48339,'10436080722'),(48340,'10181257160'),(48341,'10430685894'),(48342,'10104243041'),(48343,'10279934836'),(48344,'10485002630'),(48345,'10475754315'),(48346,'10409904837'),(48347,'10066839465'),(48348,'10803881486'),(48349,'10238173260'),(48350,'10004551881'),(48351,'10334363851'),(48352,'10107904641'),(48353,'10436928781'),(48354,'10311885044'),(48355,'10066791551'),(48356,'10296713185'),(48357,'10094714759'),(48358,'10089968599'),(48359,'10418191924'),(48360,'10093098141'),(48361,'10705568095'),(48362,'10222830040'),(48363,'10308291567'),(48364,'10028929582'),(48365,'10802819663'),(48366,'10238148931'),(48367,'10410247661'),(48368,'10074815923'),(48369,'10104516918'),(48370,'10090969353'),(48371,'10308434945'),(48372,'10077265584'),(48373,'10418135013'),(48374,'10256218491'),(48375,'10760344058'),(48376,'10093515914'),(48377,'10097012968'),(48378,'10456427125'),(48379,'10448473771'),(48380,'10419279981'),(48381,'10199152110'),(48382,'10483558070'),(48383,'10427512814'),(48384,'10078623808'),(48385,'10449683884'),(48386,'10414398605'),(48387,'10440569680'),(48388,'10061351367'),(48389,'10052749633'),(48390,'10409408058'),(48391,'10066129123'),(48392,'10473168516'),(48393,'10199472572'),(48394,'10257543426'),(48395,'10419197551'),(48396,'10103386956'),(48397,'10421895665'),(48398,'10297168890'),(48399,'10316339854'),(48400,'10407687995'),(48401,'10010881884'),(48402,'10074299526'),(48403,'10165469173'),(48404,'10181053904'),(48405,'10332643113'),(48406,'10083188176'),(48407,'10469783648'),(48408,'10421671228'),(48409,'10269632165'),(48410,'10423672191'),(48411,'10100657134'),(48412,'10444043909'),(48413,'10413132199'),(48414,'10074315823'),(48415,'10435230551'),(48416,'10095555514'),(48417,'10167192641'),(48418,'10458537190'),(48419,'10411095881'),(48420,'10409395452'),(48421,'10239360934'),(48422,'10227509398'),(48423,'10733398065'),(48424,'10076823648'),(48425,'10414607735'),(48426,'10103712705'),(48427,'10098553709'),(48428,'10224938387'),(48429,'10181350780'),(48430,'10441702367'),(48431,'10436271897'),(48432,'10073678892'),(48433,'10481372548'),(48434,'10426630562'),(48435,'10471313942'),(48436,'10296166389'),(48437,'10471364547'),(48438,'10215574054'),(48439,'10098759650'),(48440,'10329586486'),(48441,'10465679579'),(48442,'10033105334'),(48443,'10100108629'),(48444,'10191003026'),(48445,'10103106881'),(48446,'10092958391'),(48447,'10419040105'),(48448,'10257557702'),(48449,'10075029913'),(48450,'10442805925'),(48451,'10249981481'),(48452,'10084243855'),(48453,'10074773368'),(48454,'10086909541'),(48455,'10403333536'),(48456,'10098591805'),(48457,'10467277184'),(48458,'10180966884'),(48459,'10441966062'),(48460,'10085860360'),(48461,'10011888297'),(48462,'10179696296'),(48463,'10192397222'),(48464,'10700582898'),(48465,'10266027228'),(48466,'10473012249'),(48467,'10061932572'),(48468,'10061300363'),(48469,'10008391217'),(48470,'10167014351'),(48471,'10465170196'),(48472,'10274250301'),(48473,'10407504416'),(48474,'10224148017'),(48475,'10072116441'),(48476,'10282297391'),(48477,'10100583131'),(48478,'10027847841'),(48479,'10329490047'),(48480,'10077908132'),(48481,'10000051891'),(48482,'10036875424'),(48483,'10065507469'),(48484,'10103004875'),(48485,'10089070428'),(48486,'10180295629'),(48487,'10098055407'),(48488,'10257428651'),(48489,'10453966912'),(48490,'10254679530'),(48491,'10036141544'),(48492,'10166396846'),(48493,'10101445742'),(48494,'10104978903'),(48495,'10181952445'),(48496,'10077973449'),(48497,'10733386491'),(48498,'10026333909'),(48499,'10421869231'),(48500,'10036715052'),(48501,'10407077968'),(48502,'10418768741'),(48503,'10010607391'),(48504,'10481105370'),(48505,'10328226915'),(48506,'10421993501'),(48507,'10106740491'),(48508,'10415760847'),(48509,'10102434043'),(48510,'10276700281'),(48511,'10410349600'),(48512,'10178636222'),(48513,'10038383421'),(48514,'10238170171'),(48515,'10470459471'),(48516,'10027570076'),(48517,'10426672583'),(48518,'10212428898'),(48519,'10431059067'),(48520,'10466235895'),(48521,'10030919641'),(48522,'10010672428'),(48523,'10405616365'),(48524,'10402695922'),(48525,'10078213219'),(48526,'10321022931'),(48527,'10762755306'),(48528,'10094598686'),(48529,'10439301568'),(48530,'10011050111'),(48531,'10294115167'),(48532,'10407524662'),(48533,'10078283829'),(48534,'10413143441'),(48535,'10406278668'),(48536,'10036113087'),(48537,'10174485467'),(48538,'10011216612'),(48539,'10409125692'),(48540,'10277215981'),(48541,'10052490605'),(48542,'10168037347'),(48543,'10468268766'),(48544,'10222978624'),(48545,'10043383162'),(48546,'10466372523'),(48547,'10407377058'),(48548,'10293917901'),(48549,'10081119380'),(48550,'10451991251'),(48551,'10403180217'),(48552,'10257536969'),(48553,'10445607547'),(48554,'10418346600'),(48555,'10004016951'),(48556,'10294614252'),(48557,'10805563686'),(48558,'10296847025'),(48559,'10421323947'),(48560,'10085095396'),(48561,'10082978785'),(48562,'10407378682'),(48563,'10065815856'),(48564,'10102802107'),(48565,'10096762785'),(48566,'10005069519'),(48567,'10239801108'),(48568,'10010927493'),(48569,'10729644671'),(48570,'10475355283'),(48571,'10158488847'),(48572,'10072534030'),(48573,'10296646895'),(48574,'10086767240'),(48575,'10448674237'),(48576,'10211441394'),(48577,'10801863545'),(48578,'10081511646'),(48579,'10090119937'),(48580,'10043404739'),(48581,'10043074402'),(48582,'10440036975'),(48583,'10088717045'),(48584,'10238930265'),(48585,'10474148926'),(48586,'10082317002'),(48587,'10052541838'),(48588,'10167058472'),(48589,'10407791881'),(48590,'10238605151'),(48591,'10293323513'),(48592,'10084573987'),(48593,'10154412421'),(48594,'10408037137'),(48595,'10092652438'),(48596,'10222481967'),(48597,'10164846348'),(48598,'10452437576'),(48599,'10085452377'),(48600,'10414249031'),(48601,'10436434940'),(48602,'10412986836'),(48603,'10417082234'),(48604,'10434618873'),(48605,'10464094771'),(48606,'10214433821'),(48607,'10733528775'),(48608,'10178376191'),(48609,'10099036449'),(48610,'10224981312'),(48611,'10104466252'),(48612,'10744559664'),(48613,'10427515295'),(48614,'10001159513'),(48615,'10338124045'),(48616,'10409869853'),(48617,'10732577934'),(48618,'10296417942'),(48619,'10229954682'),(48620,'10099700535'),(48621,'10448917024'),(48622,'10471481349'),(48623,'10101695439'),(48624,'10295621341'),(48625,'10004552593'),(48626,'10028783987'),(48627,'10267070763'),(48628,'10210761107'),(48629,'10458282507'),(48630,'10293239881'),(48631,'10421719085'),(48632,'10238431528'),(48633,'10276611289'),(48634,'10036607268'),(48635,'10011275422'),(48636,'10097394593'),(48637,'10166605666'),(48638,'10104926539'),(48639,'10727411394'),(48640,'10000153937'),(48641,'10001900531'),(48642,'10726833830'),(48643,'10181397212'),(48644,'10461945011'),(48645,'10165634450'),(48646,'10012225658'),(48647,'10295698581'),(48648,'10427801409'),(48649,'10218190630'),(48650,'10436574903'),(48651,'10098900425'),(48652,'10248108482'),(48653,'10081806867'),(48654,'10440593599'),(48655,'10198353952'),(48656,'10410658670'),(48657,'10445192991'),(48658,'10075715493'),(48659,'10066278285'),(48660,'10325440177'),(48661,'10104712512'),(48662,'10081994795'),(48663,'10423315542'),(48664,'10292981266'),(48665,'10294786452'),(48666,'10328691570'),(48667,'10295268048'),(48668,'10700010177'),(48669,'10092228091'),(48670,'10107214386'),(48671,'10088908886'),(48672,'10404578842'),(48673,'10084739346'),(48674,'10407875937'),(48675,'10469871059'),(48676,'10232727271'),(48677,'10458584732'),(48678,'10093712981'),(48679,'10178340625'),(48680,'10077182379'),(48681,'10089198912'),(48682,'10093022292'),(48683,'10067525642'),(48684,'10088134911'),(48685,'10061283892'),(48686,'10225149106'),(48687,'10099530583'),(48688,'10079761139'),(48689,'10480516422'),(48690,'10068143824'),(48691,'10225147944'),(48692,'10439192751'),(48693,'10443939844'),(48694,'10770954113'),(48695,'10701846066'),(48696,'10426494910'),(48697,'10710461762'),(48698,'10276701504'),(48699,'10064619590'),(48700,'10075064051'),(48701,'10000655452'),(48702,'10199452407'),(48703,'10329103477'),(48704,'10254219466'),(48705,'10450377754'),(48706,'10011396408'),(48707,'10167116481'),(48708,'10419123523'),(48709,'10293455126'),(48710,'10043218595'),(48711,'10316743302'),(48712,'10441662314'),(48713,'10266109054'),(48714,'10401604915'),(48715,'10452114564'),(48716,'10458907094'),(48717,'10180138868'),(48718,'10004193372'),(48719,'10091214305'),(48720,'10408040634'),(48721,'10238186884'),(48722,'10181353771'),(48723,'10008068076'),(48724,'10434698931'),(48725,'10336460587'),(48726,'10081586131'),(48727,'10306586438'),(48728,'10402744621'),(48729,'10406612541'),(48730,'10218688042'),(48731,'10036053921'),(48732,'10090969892'),(48733,'10257024259'),(48734,'10101024895'),(48735,'10011721660'),(48736,'10407983888'),(48737,'10451457832'),(48738,'10481140752'),(48739,'10193245841'),(48740,'10335737666'),(48741,'10228639953'),(48742,'10100984402'),(48743,'10321388731'),(48744,'10480357863'),(48745,'10705062736'),(48746,'10336587617'),(48747,'10009315336'),(48748,'10086700251'),(48749,'10704404277'),(48750,'10075912485'),(48751,'10727503451'),(48752,'10153739388'),(48753,'10011177129'),(48754,'10071958138'),(48755,'10189815277'),(48756,'10222486331'),(48757,'10098933650'),(48758,'10270410621'),(48759,'10411336609'),(48760,'10079235011'),(48761,'10424468997'),(48762,'10178189919'),(48763,'10088457175'),(48764,'10434845071'),(48765,'10076305957'),(48766,'10068804090'),(48767,'10077609879'),(48768,'10069830493'),(48769,'10401986940'),(48770,'10800413261'),(48771,'10088462993'),(48772,'10463986661'),(48773,'10074536102'),(48774,'10442553926'),(48775,'10444470408'),(48776,'10181850146'),(48777,'10067787141'),(48778,'10059245118'),(48779,'10096238431'),(48780,'10430270627'),(48781,'10178856761'),(48782,'10437559029'),(48783,'10432438380'),(48784,'10751305881'),(48785,'10103499190'),(48786,'10726610741'),(48787,'10096784550'),(48788,'10406485086'),(48789,'10054016595'),(48790,'10101222654'),(48791,'10424357869'),(48792,'10008008693'),(48793,'10074451654'),(48794,'10174360508'),(48795,'10771641283'),(48796,'10108128335'),(48797,'10102970549'),(48798,'10481959051'),(48799,'10081637283'),(48800,'10427654813'),(48801,'10078654185'),(48802,'10806097905'),(48803,'10095906813'),(48804,'10078354271'),(48805,'10007990176'),(48806,'10443332371'),(48807,'10011740702'),(48808,'10068855450'),(48809,'10257926503'),(48810,'10026250361'),(48811,'10178467358'),(48812,'10010734377'),(48813,'10180788137'),(48814,'10036819494'),(48815,'10166373722'),(48816,'10417999561'),(48817,'10070419446'),(48818,'10435902940'),(48819,'10266211282'),(48820,'10002485511'),(48821,'10400686012'),(48822,'10167313766'),(48823,'10166634194'),(48824,'10164746459'),(48825,'10431306510'),(48826,'10451854017'),(48827,'10167998114'),(48828,'10451124060'),(48829,'10027710340'),(48830,'10294852340'),(48831,'10214722521'),(48832,'10066423111'),(48833,'10085055491'),(48834,'10089142798'),(48835,'10282259902'),(48836,'10180107679'),(48837,'10000277172'),(48838,'10335883476'),(48839,'10070541373'),(48840,'10416341902'),(48841,'10180498252'),(48842,'10103036068'),(48843,'10091586695'),(48844,'10094908162'),(48845,'10084899998'),(48846,'10012139344'),(48847,'10418219659'),(48848,'10096092445'),(48849,'10102259641'),(48850,'10419350791'),(48851,'10466549814'),(48852,'10069665751'),(48853,'10443803756'),(48854,'10743265390'),(48855,'10053905591'),(48856,'10407317365'),(48857,'10095731398'),(48858,'10218310821'),(48859,'10080255310'),(48860,'10295618073'),(48861,'10415148963'),(48862,'10007900819'),(48863,'10092559608'),(48864,'10257559403'),(48865,'10224974669'),(48866,'10404568791'),(48867,'10424998554'),(48868,'10435054540'),(48869,'10239511321'),(48870,'10436267377'),(48871,'10053876639'),(48872,'10328131051'),(48873,'10274229123'),(48874,'10726969464'),(48875,'10424782608'),(48876,'10043006954'),(48877,'10064529485'),(48878,'10043239959'),(48879,'10043063371'),(48880,'10477906970'),(48881,'10082225531'),(48882,'10166899503'),(48883,'10198036736'),(48884,'10451469121'),(48885,'10439370918'),(48886,'10404488011'),(48887,'10214825215'),(48888,'10100193812'),(48889,'10101831723'),(48890,'10411595132'),(48891,'10400134656'),(48892,'10087978864'),(48893,'10192583760'),(48894,'10178733490'),(48895,'10097326016'),(48896,'10725338851'),(48897,'10469797487'),(48898,'10028599701'),(48899,'10188440806'),(48900,'10026813803'),(48901,'10027714175'),(48902,'10088060046'),(48903,'10467670609'),(48904,'10418726381'),(48905,'10445566981'),(48906,'10455914821'),(48907,'10443605474'),(48908,'10249445377'),(48909,'10026881442'),(48910,'10167109760'),(48911,'10072661406'),(48912,'10101355191'),(48913,'10225113365'),(48914,'10415790223'),(48915,'10096539750'),(48916,'10424130121'),(48917,'10250051978'),(48918,'10446450901'),(48919,'10334030372'),(48920,'10436696791'),(48921,'10424019157'),(48922,'10453960345'),(48923,'10329763761'),(48924,'10296939736'),(48925,'10440784807'),(48926,'10455756885'),(48927,'10079651023'),(48928,'10105880915'),(48929,'10107223024'),(48930,'10434407031'),(48931,'10105870014'),(48932,'10428695637'),(48933,'10296775229'),(48934,'10410043918'),(48935,'10180192919'),(48936,'10296880464'),(48937,'10418894143'),(48938,'10077036267'),(48939,'10104786753'),(48940,'10445871821'),(48941,'10412421847'),(48942,'10239607671'),(48943,'10712598871'),(48944,'10098827434'),(48945,'10218707764'),(48946,'10806711727'),(48947,'10308265159'),(48948,'10466525826'),(48949,'10461984059'),(48950,'10445912242'),(48951,'10294597862'),(48952,'10452370676'),(48953,'10175944708'),(48954,'10027959771'),(48955,'10405234594'),(48956,'10450342691'),(48957,'10409214385'),(48958,'10703192357'),(48959,'10409142856'),(48960,'10156284071'),(48961,'10083385664'),(48962,'10166679261'),(48963,'10062677011'),(48964,'10296669739'),(48965,'10082751624'),(48966,'10178656894'),(48967,'10081585500'),(48968,'10011599732'),(48969,'10802912698'),(48970,'10806735430'),(48971,'10180280109'),(48972,'10066301112'),(48973,'10422612721'),(48974,'10063691815'),(48975,'10091535110'),(48976,'10403315295'),(48977,'10075919781'),(48978,'10438989833'),(48979,'10000461330'),(48980,'10008195957'),(48981,'10406504617'),(48982,'10003626241'),(48983,'10311844801'),(48984,'10155912826'),(48985,'10088660647'),(48986,'10003264098'),(48987,'10734691505'),(48988,'10104332396'),(48989,'10704982416'),(48990,'10225215460'),(48991,'10426982574'),(48992,'10180296188'),(48993,'10423754376'),(48994,'10077771447'),(48995,'10254992777'),(48996,'10470948391'),(48997,'10257104147'),(48998,'10327981396'),(48999,'10097982169'),(49000,'10078069941'),(49001,'10449158739'),(49002,'10460994832'),(49003,'10073941666'),(49004,'10087121700'),(49005,'10459044651'),(49006,'10403017928'),(49007,'10211227384'),(49008,'10043017212'),(49009,'10099269559'),(49010,'10210936501'),(49011,'10083628044'),(49012,'10068242946'),(49013,'10321090139'),(49014,'10412237663'),(49015,'10474258683'),(49016,'10178063672'),(49017,'10214526595'),(49018,'10082625408'),(49019,'10412702331'),(49020,'10215725818'),(49021,'10061292271'),(49022,'10430609942'),(49023,'10165025810'),(49024,'10406698870'),(49025,'10238161326'),(49026,'10457823636'),(49027,'10095704561'),(49028,'10076343514'),(49029,'10419662599'),(49030,'10175548772'),(49031,'10406811447'),(49032,'10700690178'),(49033,'10421184670'),(49034,'10480434710'),(49035,'10422682444'),(49036,'10329490896'),(49037,'10054178412'),(49038,'10010439081'),(49039,'10238105639'),(49040,'10437729102'),(49041,'10766506076'),(49042,'10703829380'),(49043,'10427233044'),(49044,'10245818501'),(49045,'10255627967'),(49046,'10008315073'),(49047,'10060529561'),(49048,'10239667061'),(49049,'10763363045'),(49050,'10011342570'),(49051,'10102881732'),(49052,'10215754575'),(49053,'10448454059'),(49054,'10165139190'),(49055,'10164260416'),(49056,'10175422787'),(49057,'10098933111'),(49058,'10079607768'),(49059,'10243880802'),(49060,'10060811976'),(49061,'10218705079'),(49062,'10417458081'),(49063,'10076234731'),(49064,'10756788031'),(49065,'10457590984'),(49066,'10084651937'),(49067,'10292590178'),(49068,'10236924284'),(49069,'10446130701'),(49070,'10453985151'),(49071,'10411847930'),(49072,'10429613634'),(49073,'10294589738'),(49074,'10404798486'),(49075,'10060544722'),(49076,'10413614312'),(49077,'10294805635'),(49078,'10239298929'),(49079,'10424597398'),(49080,'10157565911'),(49081,'10104170574'),(49082,'10295724728'),(49083,'10053447461'),(49084,'10295376959'),(49085,'10416085884'),(49086,'10103670638'),(49087,'10086542850'),(49088,'10316786613'),(49089,'10072674621'),(49090,'10179281959'),(49091,'10404864381'),(49092,'10293353854'),(49093,'10013048415'),(49094,'10459066727'),(49095,'10406304651'),(49096,'10414187710'),(49097,'10072222291'),(49098,'10417494516'),(49099,'10179088911'),(49100,'10026549545'),(49101,'10103742795'),(49102,'10400050045'),(49103,'10404808147'),(49104,'10067815756'),(49105,'10402324819'),(49106,'10087273399'),(49107,'10404076871'),(49108,'10297052280'),(49109,'10076618548'),(49110,'10161607865'),(49111,'10447631038'),(49112,'10292594921'),(49113,'10293143876'),(49114,'10413690175'),(49115,'10099045413'),(49116,'10024458160'),(49117,'10075895092'),(49118,'10214517588'),(49119,'10248600018'),(49120,'10217984861'),(49121,'10217929135'),(49122,'10153498828'),(49123,'10153423232'),(49124,'10159591251'),(49125,'10316497140'),(49126,'10155963901'),(49127,'10275628927'),(49128,'10107144493'),(49129,'10009930278'),(49130,'10198470754'),(49131,'10067227722'),(49132,'10198268343'),(49133,'10072829404'),(49134,'10008188543'),(49135,'10086290796'),(49136,'10091258396'),(49137,'10087598476'),(49138,'10165456853'),(49139,'10027336171'),(49140,'10084742959'),(49141,'15114188210'),(49142,'10023601198'),(49143,'10254934475'),(49144,'10004300489'),(49145,'10293950615'),(49146,'10098452732'),(49147,'10085544557'),(49148,'10096252353'),(49149,'10165248860'),(49150,'10256605941'),(49151,'10082100437'),(49152,'10043231435'),(49153,'10067945331'),(49154,'10316488833'),(49155,'10010614509'),(49156,'10178247790'),(49157,'10061831334'),(49158,'10060343735'),(49159,'10061985382'),(49160,'10083906923'),(49161,'10229645221'),(49162,'10065806725'),(49163,'10088383295'),(49164,'10316240238'),(49165,'10104585456'),(49166,'10085226393'),(49167,'10074099535'),(49168,'10159459786'),(49169,'10229707642'),(49170,'10295426131'),(49171,'10082815223'),(49172,'10046259403'),(49173,'10316491991'),(49174,'10084182325'),(49175,'10093085588'),(49176,'10082594294'),(49177,'15486168100'),(49178,'10079366761'),(49179,'10174100361'),(49180,'10224337685'),(49181,'10075451887'),(49182,'10077899052'),(49183,'10089128612'),(49184,'10083672744'),(49185,'10166475762'),(49186,'10164095369'),(49187,'10153467078'),(49188,'10217878786'),(49189,'15104771588'),(49190,'10214128514'),(49191,'10026941267'),(49192,'10293326008'),(49193,'15103567685'),(49194,'10071117702'),(49195,'15110047841'),(49196,'10294395054'),(49197,'10293184858'),(49198,'10156952635'),(49199,'10224038432'),(49200,'10327977402'),(49201,'10098640334'),(49202,'10036051367'),(49203,'10077166322'),(49204,'10292174336'),(49205,'10182138458'),(49206,'10328089772'),(49207,'10435225531'),(49208,'10460238728'),(49209,'10078509681'),(49210,'10075280730'),(49211,'10418001718'),(49212,'10092575590'),(49213,'10064697892'),(49214,'10400500628'),(49215,'10412101761'),(49216,'10467625999'),(49217,'10095581329'),(49218,'10293841328'),(49219,'10726828011'),(49220,'10310322119'),(49221,'10400151674'),(49222,'10075234550'),(49223,'10075102637'),(49224,'10406283661'),(49225,'10431937315'),(49226,'10082534143'),(49227,'10090536694'),(49228,'10308373679'),(49229,'10433866393'),(49230,'10442721675'),(49231,'10294717221'),(49232,'10412422827'),(49233,'10294157862'),(49234,'10407577502'),(49235,'10048253640'),(49236,'10403672403'),(49237,'10062761968'),(49238,'10066723009'),(49239,'10157484767'),(49240,'10294321603'),(49241,'10293080971'),(49242,'10091864539'),(49243,'10061582351'),(49244,'10093560391'),(49245,'10339545877'),(49246,'10339418506'),(49247,'10069306336'),(49248,'10406132523'),(49249,'10026984802'),(49250,'10065895248'),(49251,'10106108922'),(49252,'10297084939'),(49253,'10086561251'),(49254,'10073322630'),(49255,'10069966433'),(49256,'10099752888'),(49257,'10274160158'),(49258,'10155984754'),(49259,'10107197384'),(49260,'10454949558'),(49261,'10295748121'),(49262,'10311828504'),(49263,'10456141795'),(49264,'10078714099'),(49265,'10218077159'),(49266,'10217955578'),(49267,'10256310843'),(49268,'15109334631'),(49269,'10089030884'),(49270,'15504309107'),(49271,'10060968051'),(49272,'10292853110'),(49273,'10438275351'),(49274,'10181130674'),(49275,'10099678181'),(49276,'10028735486'),(49277,'10095422191'),(49278,'10159444517'),(49279,'10280664001'),(49280,'10413749960'),(49281,'10106826388'),(49282,'10335600857'),(49283,'10054165035'),(49284,'10327395781'),(49285,'10484013646'),(49286,'10310113617'),(49287,'10188770865'),(49288,'10305673914'),(49289,'10005095587'),(49290,'10403962452'),(49291,'10070277552'),(49292,'10277391151'),(49293,'10181573771'),(49294,'10225152255'),(49295,'10217997807'),(49296,'10424527799'),(49297,'10074435811'),(49298,'10409536617'),(49299,'10421726952'),(49300,'10075381919'),(49301,'10310073216'),(49302,'10103310054'),(49303,'10101916354'),(49304,'10225095405'),(49305,'10402831869'),(49306,'10225118243'),(49307,'10053831732'),(49308,'10294278171'),(49309,'10427102888'),(49310,'10274281150'),(49311,'10217915592'),(49312,'10218706962'),(49313,'10214289470'),(49314,'10028386821'),(49315,'10082558123'),(49316,'10093556262'),(49317,'10427212683'),(49318,'10428799360'),(49319,'10313593628'),(49320,'10421676670'),(49321,'10048041928'),(49322,'10403554109'),(49323,'10090854564'),(49324,'10099246281'),(49325,'10044388451'),(49326,'10436438929'),(49327,'10088297721'),(49328,'10179890637'),(49329,'10295673139'),(49330,'10334080124'),(49331,'10181905579'),(49332,'10435773317'),(49333,'10084559372'),(49334,'10400118171'),(49335,'10069224216'),(49336,'10086785418'),(49337,'10040139643'),(49338,'10094497286'),(49339,'10296886951'),(49340,'10293679253'),(49341,'10214079009'),(49342,'10707821618'),(49343,'10011549603'),(49344,'10089638432'),(49345,'10744102397'),(49346,'10293921577'),(49347,'10052284002'),(49348,'10010610601'),(49349,'10180894247'),(49350,'10093664081'),(49351,'10078368255'),(49352,'10010784005'),(49353,'10010757601'),(49354,'10451979987'),(49355,'10277024387'),(49356,'10468959025'),(49357,'10249489323'),(49358,'10097059301'),(49359,'10229931810'),(49360,'10095666995'),(49361,'10091012958'),(49362,'10450922787'),(49363,'10754882951'),(49364,'10011197839'),(49365,'10073854712'),(49366,'10280656572'),(49367,'10192378244'),(49368,'10413748106'),(49369,'10074828502'),(49370,'10279714259'),(49371,'10414796562'),(49372,'10405417303'),(49373,'10011190435'),(49374,'10000049633'),(49375,'10266819469'),(49376,'10077392900'),(49377,'10082736013'),(49378,'10467486654'),(49379,'10082721296'),(49380,'10406758198'),(49381,'10075844374'),(49382,'10224138577'),(49383,'10418773478'),(49384,'10100425535'),(49385,'10402383149'),(49386,'10413861468'),(49387,'10296895135'),(49388,'10077814227'),(49389,'10478444155'),(49390,'10295825826'),(49391,'10430361461'),(49392,'10048010500'),(49393,'10296370172'),(49394,'10103218948'),(49395,'10093591319'),(49396,'10018022937'),(49397,'10292912167'),(49398,'10034906225'),(49399,'10167559790'),(49400,'10048251442'),(49401,'10074386551'),(49402,'10028432114'),(49403,'10283067926'),(49404,'10414608545'),(49405,'10409687259'),(49406,'10212601867'),(49407,'10443594961'),(49408,'10297126402'),(49409,'10023990003'),(49410,'10100767827'),(49411,'10462769356'),(49412,'10328000950'),(49413,'10304088724'),(49414,'10154270260'),(49415,'10239003996'),(49416,'10088774219'),(49417,'10229686475'),(49418,'10062184251'),(49419,'10434308491'),(49420,'10311240094'),(49421,'10102682616'),(49422,'10215453427'),(49423,'10404641269'),(49424,'10224090612'),(49425,'10255178852'),(49426,'10482427869'),(49427,'10418258654'),(49428,'10010231626'),(49429,'10466779119'),(49430,'10423940781'),(49431,'10257770180'),(49432,'10166993321'),(49433,'10069008513'),(49434,'10229999911'),(49435,'10229936498'),(49436,'10472412430'),(49437,'10462849414'),(49438,'10180994799'),(49439,'10407658588'),(49440,'10411501359'),(49441,'10026553283'),(49442,'10052873555'),(49443,'10424237448'),(49444,'10083378064'),(49445,'10293014472'),(49446,'10293014456'),(49447,'10710686241'),(49448,'10072677477'),(49449,'10062195857'),(49450,'10010628275'),(49451,'10218799995'),(49452,'10218473062'),(49453,'10218464489'),(49454,'10106063562'),(49455,'10083621902'),(49456,'10469698802'),(49457,'10097742427'),(49458,'10182133031'),(49459,'10099272592'),(49460,'10046266175'),(49461,'10218490684'),(49462,'10434972162'),(49463,'10401126282'),(49464,'10292612414'),(49465,'10479192699'),(49466,'10215051957'),(49467,'10406492511'),(49468,'10010913395'),(49469,'10403999259'),(49470,'10413459864'),(49471,'10011305071'),(49472,'10267215133'),(49473,'10011266938'),(49474,'10058662149'),(49475,'10723123815'),(49476,'10485469074'),(49477,'10028912531'),(49478,'10405192441'),(49479,'10072900818'),(49480,'10806323280'),(49481,'10004214914'),(49482,'10294267285'),(49483,'10002427511'),(49484,'10296496851'),(49485,'10453223111'),(49486,'10408097253'),(49487,'10415483851'),(49488,'10405097431'),(49489,'10422756774'),(49490,'10222425994'),(49491,'10421914392'),(49492,'10440653371'),(49493,'10297130884'),(49494,'10292762335'),(49495,'10103930451'),(49496,'10073308955'),(49497,'10180806887'),(49498,'10094395378'),(49499,'10004952842'),(49500,'10415502422'),(49501,'10239755335'),(49502,'10294544921'),(49503,'10036813062'),(49504,'10106176855'),(49505,'10210105625'),(49506,'10167961156'),(49507,'10011489333'),(49508,'10091010823'),(49509,'10321390922'),(49510,'10154466679'),(49511,'10404495980'),(49512,'10105367436'),(49513,'10074490935'),(49514,'10324053030'),(49515,'10105367606'),(49516,'10441630137'),(49517,'10010630407'),(49518,'10297219095'),(49519,'10179362525'),(49520,'10070894934'),(49521,'10336717111'),(49522,'10181610293'),(49523,'10430883998'),(49524,'10007935400'),(49525,'10099911471'),(49526,'10239583496'),(49527,'10086339167'),(49528,'10040116554'),(49529,'10316548496'),(49530,'10099628745'),(49531,'10461066980'),(49532,'10004866857'),(49533,'10002234039'),(49534,'10473500821'),(49535,'10470978703'),(49536,'10409552582'),(49537,'10469334096'),(49538,'10427264659'),(49539,'10100075127'),(49540,'10753927676'),(49541,'10225151461'),(49542,'10224161111'),(49543,'10255523029'),(49544,'10224625800'),(49545,'10418056903'),(49546,'10103862715'),(49547,'10078704379'),(49548,'10323859464'),(49549,'10088526215'),(49550,'10400500334'),(49551,'10322853969'),(49552,'10329785870'),(49553,'10069516110'),(49554,'10075681319'),(49555,'10106422121'),(49556,'10105664767'),(49557,'10103983067'),(49558,'10459697051'),(49559,'10480060992'),(49560,'10004475238'),(49561,'10075627683'),(49562,'10729088060'),(49563,'10295821553'),(49564,'10154350921'),(49565,'10414031019'),(49566,'10056179572'),(49567,'10743117480'),(49568,'10425639779'),(49569,'10404795100'),(49570,'10105872921'),(49571,'10474714522'),(49572,'10452195157'),(49573,'10456358361'),(49574,'10098049971'),(49575,'10247924103'),(49576,'10409606119'),(49577,'10096260721'),(49578,'10248884750'),(49579,'10097876989'),(49580,'17227244101'),(49581,'10098722489'),(49582,'10175814685'),(49583,'10052509233'),(49584,'10403109831'),(49585,'10167651009'),(49586,'10218066572'),(49587,'10417472911'),(49588,'10422492912'),(49589,'10297122571'),(49590,'10258253677'),(49591,'10079271221'),(49592,'10099361617'),(49593,'10751483479'),(49594,'10164754613'),(49595,'10249416539'),(49596,'10437727011'),(49597,'10329269111'),(49598,'10181070817'),(49599,'10075048608'),(49600,'10414013819'),(49601,'10295535275'),(49602,'10458039980'),(49603,'10415742113'),(49604,'10703274485'),(49605,'10095615886'),(49606,'10067453501'),(49607,'10403589948'),(49608,'10108082190'),(49609,'10175873886'),(49610,'10055913469'),(49611,'10192552864'),(49612,'10008299621'),(49613,'10417996490'),(49614,'10296396759'),(49615,'10095683768'),(49616,'10440426382'),(49617,'10434358286'),(49618,'10106336976'),(49619,'10443050987'),(49620,'10296194218'),(49621,'10293522940'),(49622,'10060129032'),(49623,'10214558861'),(49624,'10414071886'),(49625,'10214487981'),(49626,'10093102491'),(49627,'10062688730'),(49628,'10024190639'),(49629,'10083151914'),(49630,'10081579895'),(49631,'10092703211'),(49632,'10196738733'),(49633,'10411943211'),(49634,'10428543918'),(49635,'10157645001'),(49636,'10406948990'),(49637,'10052864718'),(49638,'10430380015'),(49639,'10427358599'),(49640,'10069659298'),(49641,'10079738293'),(49642,'10431673539'),(49643,'10167228301'),(49644,'10476375431'),(49645,'10484889797'),(49646,'10178375658'),(49647,'10439300472'),(49648,'10068625063'),(49649,'10077309026'),(49650,'10292161676'),(49651,'10292529851'),(49652,'10328757139'),(49653,'10407160881'),(49654,'10062368891'),(49655,'10086329234'),(49656,'10308324481'),(49657,'10454956163'),(49658,'10038663491'),(49659,'10088685321'),(49660,'10334079975'),(49661,'10304031757'),(49662,'10294257301'),(49663,'10104901951'),(49664,'10293132882'),(49665,'10304073778'),(49666,'10292280764'),(49667,'10316768984'),(49668,'10294225272'),(49669,'10074484927'),(49670,'10412684627'),(49671,'10418785298'),(49672,'10238544128'),(49673,'10226728347'),(49674,'10038635374'),(49675,'10026028511'),(49676,'10036791255'),(49677,'10741680748'),(49678,'10028186458'),(49679,'10181810667'),(49680,'10292652815'),(49681,'10256927565'),(49682,'10304309771'),(49683,'10292926371'),(49684,'10401783003'),(49685,'10254981988'),(49686,'10421706692'),(49687,'10427527650'),(49688,'10296548231'),(49689,'10740753211'),(49690,'10296231849'),(49691,'10295095976'),(49692,'10410991085'),(49693,'10238848011'),(49694,'10295183085'),(49695,'10750774607'),(49696,'10071743051'),(49697,'10076385667'),(49698,'10700790750'),(49699,'10102469564'),(49700,'10040566754'),(49701,'10077180562'),(49702,'10060034261'),(49703,'10040190771'),(49704,'10104407027'),(49705,'10068869663'),(49706,'10736926992'),(49707,'10465124399'),(49708,'10425132119'),(49709,'10218061449'),(49710,'10292679764'),(49711,'10078443591'),(49712,'10242838551'),(49713,'10417095158'),(49714,'10310135564'),(49715,'10431063064'),(49716,'10053934680'),(49717,'10403743858'),(49718,'10010850113'),(49719,'10033047288'),(49720,'10033783944'),(49721,'10089110608'),(49722,'10105351173'),(49723,'10090227063'),(49724,'10028071481'),(49725,'10429496336'),(49726,'10167262835'),(49727,'10042212232'),(49728,'10075836088'),(49729,'10048223694'),(49730,'10414278162'),(49731,'10095800462'),(49732,'10435923912'),(49733,'10164425342'),(49734,'10239428008'),(49735,'10423903657'),(49736,'10089131184'),(49737,'10484074581'),(49738,'10806253109'),(49739,'10192294067'),(49740,'10181427812'),(49741,'10027895706'),(49742,'10158655301'),(49743,'10053938405'),(49744,'10701197149'),(49745,'10194260844'),(49746,'10084580401'),(49747,'10107966213'),(49748,'10073356151'),(49749,'10425367353'),(49750,'10430015571'),(49751,'10761902763'),(49752,'10036731279'),(49753,'10075289389'),(49754,'10009035619'),(49755,'10096142914'),(49756,'10004764906'),(49757,'10440967383'),(49758,'10008292626'),(49759,'10239623676'),(49760,'10100377115'),(49761,'10411561289'),(49762,'10329440287'),(49763,'10437362594'),(49764,'10011089696'),(49765,'10192473786'),(49766,'10413269968'),(49767,'10211421547'),(49768,'10101623152'),(49769,'10246648307'),(49770,'10247141028'),(49771,'10413077911'),(49772,'10048255448'),(49773,'10230154762'),(49774,'10052238523'),(49775,'10164349310'),(49776,'10406594632'),(49777,'10179479562'),(49778,'10803564294'),(49779,'10067894516'),(49780,'10296406061'),(49781,'10190298936'),(49782,'10295697224'),(49783,'10069357852'),(49784,'10464878756'),(49785,'10079499761'),(49786,'10027843498'),(49787,'10802522792'),(49788,'10160155707'),(49789,'10419123965'),(49790,'10307780386'),(49791,'10481644360'),(49792,'10070040561'),(49793,'10101223090'),(49794,'10224682617'),(49795,'10181880070'),(49796,'10026784838'),(49797,'10103968173'),(49798,'10180852803'),(49799,'10193215250'),(49800,'10090174814'),(49801,'10255891494'),(49802,'10336592530'),(49803,'10097088859'),(49804,'10247867703'),(49805,'10473559353'),(49806,'10093633054'),(49807,'10024254572'),(49808,'10416912667'),(49809,'10429664140'),(49810,'10102793507'),(49811,'10402943144'),(49812,'10085453659'),(49813,'10468523031'),(49814,'10034952596'),(49815,'10026391861'),(49816,'10258086258'),(49817,'10178438072'),(49818,'10403018487'),(49819,'10103494376'),(49820,'10167991578'),(49821,'10469144343'),(49822,'10164130822'),(49823,'10036610951'),(49824,'10178889732'),(49825,'10401679249'),(49826,'10103917722'),(49827,'10217925890'),(49828,'10194215407'),(49829,'10403226900'),(49830,'10454270881'),(49831,'10416505964'),(49832,'10273691869'),(49833,'10026764934'),(49834,'10304969933'),(49835,'10010663631'),(49836,'10408721143'),(49837,'10193210959'),(49838,'10007955885'),(49839,'10455700499'),(49840,'10181491715'),(49841,'10737626232'),(49842,'10479190050'),(49843,'10258597058'),(49844,'10088225797'),(49845,'10410145419'),(49846,'10104805146'),(49847,'10106103912'),(49848,'10046412708'),(49849,'10240069321'),(49850,'10770910248'),(49851,'10099507859'),(49852,'10060921348'),(49853,'10335627496'),(49854,'10000165838'),(49855,'10215603178'),(49856,'10455173537'),(49857,'10096769411'),(49858,'10231724091'),(49859,'10444064981'),(49860,'10803417836'),(49861,'10731870697'),(49862,'10052515659'),(49863,'10269433588'),(49864,'10164510528'),(49865,'10175289718'),(49866,'10426697471'),(49867,'10488192766'),(49868,'10480960594'),(49869,'10444288065'),(49870,'10416834445'),(49871,'10803751680'),(49872,'10717813940'),(49873,'10272858948'),(49874,'10167195674'),(49875,'10010218158'),(49876,'10701427799'),(49877,'10196861144'),(49878,'10327798303'),(49879,'10004028045'),(49880,'10222668307'),(49881,'10167519666'),(49882,'10093096083'),(49883,'10167257297'),(49884,'10455757776'),(49885,'10009906318'),(49886,'10430186022'),(49887,'10418192602'),(49888,'10468781749'),(49889,'10091869646'),(49890,'10408845861'),(49891,'10103725149'),(49892,'10044316400'),(49893,'10408646303'),(49894,'10215403365'),(49895,'10080425681'),(49896,'10073441451'),(49897,'10626647931'),(49898,'10101763302'),(49899,'10097290861'),(49900,'10417080363'),(49901,'10095142406'),(49902,'10195594568'),(49903,'10154378273'),(49904,'10256008462'),(49905,'10102400432'),(49906,'10083542824'),(49907,'10195699424'),(49908,'10092456469'),(49909,'10440230399'),(49910,'10446556865'),(49911,'10456049082'),(49912,'10440070090'),(49913,'10332432813'),(49914,'10167771985'),(49915,'10010350013'),(49916,'10295353541'),(49917,'10296919379'),(49918,'10048188015'),(49919,'10008692845'),(49920,'10009815941'),(49921,'10715640223'),(49922,'10000981261'),(49923,'10008317211'),(49924,'10400224841'),(49925,'10010444794'),(49926,'10105890571'),(49927,'10453947705'),(49928,'10292573915'),(49929,'10098917972'),(49930,'10434026551'),(49931,'10293139267'),(49932,'10104896630'),(49933,'10166478401'),(49934,'10436999645'),(49935,'10066325666'),(49936,'10406286555'),(49937,'10419568347'),(49938,'10094182226'),(49939,'10323876172'),(49940,'10101745029'),(49941,'10167068087'),(49942,'10279279439'),(49943,'10329193085'),(49944,'10084906137'),(49945,'10448849606'),(49946,'10266281388'),(49947,'10296796790'),(49948,'10164912731'),(49949,'10802588211'),(49950,'10048059118'),(49951,'10474071826'),(49952,'10043515808'),(49953,'10180468949'),(49954,'10089330462'),(49955,'10056421152'),(49956,'10099859046'),(49957,'10071333227'),(49958,'10090502251'),(49959,'10000075081'),(49960,'10477068443'),(49961,'10080867277'),(49962,'10455076141'),(49963,'10403887493'),(49964,'10090033684'),(49965,'10415574008'),(49966,'10304117848'),(49967,'10072953717'),(49968,'10214443690'),(49969,'10160000860'),(49970,'10078286178'),(49971,'10073409166'),(49972,'10294022541'),(49973,'10092421550'),(49974,'10070661913'),(49975,'10329741767'),(49976,'10061381606'),(49977,'10239806185'),(49978,'10239159147'),(49979,'10043006083'),(49980,'10062687083'),(49981,'10181655904'),(49982,'10180746795'),(49983,'10061497876'),(49984,'10027893541'),(49985,'10282442553'),(49986,'10005100157'),(49987,'10106454928'),(49988,'10709007021'),(49989,'10424396678'),(49990,'10073376489'),(49991,'10401948789'),(49992,'10223048523'),(49993,'10101985771'),(49994,'10418198651'),(49995,'10166642677'),(49996,'10067359971'),(49997,'10423330908'),(49998,'10402149847'),(49999,'10011540347'),(50000,'10179599487'),(50001,'10467301778'),(50002,'10426863770'),(50003,'10179435051'),(50004,'10704244211'),(50005,'10052416766'),(50006,'10416734718'),(50007,'10026439944'),(50008,'10447671439'),(50009,'10174140478'),(50010,'10192183737'),(50011,'10257258926'),(50012,'10409343878'),(50013,'10068287931'),(50014,'10449941841'),(50015,'10074501040'),(50016,'10080815978'),(50017,'10106050428'),(50018,'10082687349'),(50019,'10224867749'),(50020,'10181806040'),(50021,'10178299188'),(50022,'10230019148'),(50023,'10224612961'),(50024,'10455416103'),(50025,'10099783937'),(50026,'10072221970'),(50027,'10093063452'),(50028,'10080660982'),(50029,'10153581679'),(50030,'10080623408'),(50031,'10076216628'),(50032,'10188900441'),(50033,'10066449594'),(50034,'10442302702'),(50035,'10094397656'),(50036,'10476811797'),(50037,'10222677292'),(50038,'10100629823'),(50039,'10078570151'),(50040,'10718353942'),(50041,'10400093186'),(50042,'10408655027'),(50043,'10036591493'),(50044,'10224910270'),(50045,'10012325300'),(50046,'10164315172'),(50047,'10166999346'),(50048,'10086739491'),(50049,'10167723239'),(50050,'10010124285'),(50051,'10225106016'),(50052,'10026436961'),(50053,'10179857699'),(50054,'10413196936'),(50055,'10267164865'),(50056,'10294798744'),(50057,'10404483868'),(50058,'10093564371'),(50059,'10408931784'),(50060,'10293371640'),(50061,'10443909961'),(50062,'10075989151'),(50063,'10076090951'),(50064,'10421146417'),(50065,'10094374401'),(50066,'10467282935'),(50067,'10454408751'),(50068,'10038882452'),(50069,'10425173524'),(50070,'10413318683'),(50071,'10400594401'),(50072,'10292968821'),(50073,'10017001391'),(50074,'10016891849'),(50075,'10292187080'),(50076,'10438462291'),(50077,'10701829960'),(50078,'10082963061'),(50079,'10401135630'),(50080,'10218367271'),(50081,'10292544699'),(50082,'10416770617'),(50083,'10232731333'),(50084,'10014913632'),(50085,'10426191810'),(50086,'10011460483'),(50087,'10448539437'),(50088,'10458864115'),(50089,'10178974683'),(50090,'10002104551'),(50091,'10212618301'),(50092,'10224141144'),(50093,'10062574076'),(50094,'10084973187'),(50095,'10179180800'),(50096,'10106076079'),(50097,'10027156261'),(50098,'10255171921'),(50099,'10462231330'),(50100,'10065973460'),(50101,'10421131622'),(50102,'10090075549'),(50103,'10104578298'),(50104,'10405492658'),(50105,'10455321862'),(50106,'10447797513'),(50107,'10240048936'),(50108,'10077650739'),(50109,'10316744562'),(50110,'10239950081'),(50111,'10008128290'),(50112,'10078177034'),(50113,'10401484031'),(50114,'10178417482'),(50115,'10433678830'),(50116,'10053483084'),(50117,'10092178671'),(50118,'10092624540'),(50119,'10408733478'),(50120,'10305832508'),(50121,'10293750161'),(50122,'10068984349'),(50123,'10255325286'),(50124,'10423141412'),(50125,'10276749663'),(50126,'10075750949'),(50127,'10010371029'),(50128,'10179018956'),(50129,'10094051598'),(50130,'10424868782'),(50131,'10486262279'),(50132,'10035996732'),(50133,'10073094904'),(50134,'10081394950'),(50135,'10081562950'),(50136,'10277183477'),(50137,'10066410809'),(50138,'10178429898'),(50139,'10328410490'),(50140,'10004995975'),(50141,'10066769467'),(50142,'10097851170'),(50143,'10078084656'),(50144,'10412733890'),(50145,'10101152885'),(50146,'10104393719'),(50147,'10192277162'),(50148,'10771195488'),(50149,'10094558633'),(50150,'10400306317'),(50151,'10428138266'),(50152,'10085108137'),(50153,'10056306043'),(50154,'10068252984'),(50155,'10058624093'),(50156,'10323832426'),(50157,'10096412326'),(50158,'10247007542'),(50159,'10088297313'),(50160,'10334307145'),(50161,'10328377069'),(50162,'10215579650'),(50163,'10304263941'),(50164,'10043490929'),(50165,'10095649136'),(50166,'10103573641'),(50167,'10076716469'),(50168,'10258498122'),(50169,'10765360281'),(50170,'10478517560'),(50171,'10406471042'),(50172,'10405322892'),(50173,'10198495374'),(50174,'10077323304'),(50175,'10086590455'),(50176,'10101896515'),(50177,'10329899352'),(50178,'10738622907'),(50179,'10067733415'),(50180,'10101690763'),(50181,'10429649124'),(50182,'10071073322'),(50183,'10433312789'),(50184,'10459680921'),(50185,'10407943576'),(50186,'10086824561'),(50187,'10404943907'),(50188,'10087744006'),(50189,'10294759277'),(50190,'10410916164'),(50191,'10092700335'),(50192,'10402337791'),(50193,'10402133703'),(50194,'10747286332'),(50195,'10239991071'),(50196,'10224317412'),(50197,'10103539710'),(50198,'10428377279'),(50199,'10082239591'),(50200,'10038847096'),(50201,'10105234487'),(50202,'10296672390'),(50203,'10297149488'),(50204,'10297113289'),(50205,'10295500471'),(50206,'10098080495'),(50207,'10092781751'),(50208,'10294874246'),(50209,'10415269175'),(50210,'10248099866'),(50211,'10296035411'),(50212,'10106997093'),(50213,'10296641371'),(50214,'10308369132'),(50215,'10095955431'),(50216,'10254466170'),(50217,'10066955571'),(50218,'10072503037'),(50219,'10164188791'),(50220,'10166533533'),(50221,'10400579224'),(50222,'10215582316'),(50223,'10433255980'),(50224,'10308301058'),(50225,'10075633578'),(50226,'10214035885'),(50227,'10052551833'),(50228,'10403905033'),(50229,'10085592314'),(50230,'10052829084'),(50231,'10065957162'),(50232,'10087749563'),(50233,'10445857535'),(50234,'10457565114'),(50235,'10487739664'),(50236,'10461176068'),(50237,'10077999154'),(50238,'10096794091'),(50239,'10403457341'),(50240,'10096837343'),(50241,'10040562392'),(50242,'10075506568'),(50243,'10165946711'),(50244,'10417215099'),(50245,'10088883972'),(50246,'10089977491'),(50247,'10102918849'),(50248,'10212536305'),(50249,'10248106277'),(50250,'10430453713'),(50251,'10412888427'),(50252,'10069744228'),(50253,'10070770500'),(50254,'10728875548'),(50255,'10296214901'),(50256,'10103956353'),(50257,'10074516781'),(50258,'10296158785'),(50259,'10408878581'),(50260,'10080496341'),(50261,'10225073801'),(50262,'10479089502'),(50263,'10038922870'),(50264,'10758535300'),(50265,'10477327848'),(50266,'10061713544'),(50267,'10062630758'),(50268,'10088748285'),(50269,'10296673817'),(50270,'10084337990'),(50271,'10425976953'),(50272,'10096295800'),(50273,'10478871240'),(50274,'10066278111'),(50275,'10105215504'),(50276,'10297348880'),(50277,'10084423977'),(50278,'10410527362'),(50279,'10175822581'),(50280,'10433933601'),(50281,'10401271428'),(50282,'10430385904'),(50283,'10432891688'),(50284,'10741531173'),(50285,'10048075814'),(50286,'10095369931'),(50287,'10706656389'),(50288,'10408712748'),(50289,'15252500101'),(50290,'10082476674'),(50291,'10097527071'),(50292,'10448708590'),(50293,'10099245668'),(50294,'10107792291'),(50295,'10422509343'),(50296,'10706080908'),(50297,'10470588867'),(50298,'10101314281'),(50299,'10452884572'),(50300,'10015460666'),(50301,'10405086293'),(50302,'10405033131'),(50303,'10089299832'),(50304,'10803699386'),(50305,'10435457351'),(50306,'10730226638'),(50307,'10004497754'),(50308,'10455609858'),(50309,'10248882170'),(50310,'10195593014'),(50311,'10070892354'),(50312,'10013446259'),(50313,'10179148442'),(50314,'10435890062'),(50315,'10329796375'),(50316,'10070711881'),(50317,'10199682119'),(50318,'10212723644'),(50319,'10073725505'),(50320,'10181225047'),(50321,'10179052844'),(50322,'10058451504'),(50323,'10239298996'),(50324,'10085758557'),(50325,'10083858562'),(50326,'10161419147'),(50327,'10257167581'),(50328,'10182164629'),(50329,'10105878635'),(50330,'10215775866'),(50331,'10105127222'),(50332,'10282884858'),(50333,'10295819524'),(50334,'10092768533'),(50335,'10410048219'),(50336,'10801268523'),(50337,'10164685271'),(50338,'10010617028'),(50339,'10311784906'),(50340,'10473648437'),(50341,'10702399837'),(50342,'10702399845'),(50343,'10088774537'),(50344,'10418037313'),(50345,'10072735639'),(50346,'10104438143'),(50347,'10457403131'),(50348,'10416867149'),(50349,'10179887717'),(50350,'10179135251'),(50351,'10074618770'),(50352,'10091826807'),(50353,'10478289559'),(50354,'10028798771'),(50355,'10095415909'),(50356,'10412757969'),(50357,'10036138462'),(50358,'10421431936'),(50359,'10002512624'),(50360,'10425836337'),(50361,'10238313746'),(50362,'10075000478'),(50363,'10452227172'),(50364,'10285708902'),(50365,'10452764551'),(50366,'10106982223'),(50367,'10016872453'),(50368,'10070238336'),(50369,'10248625665'),(50370,'10254800118'),(50371,'10211335969'),(50372,'10402406955'),(50373,'10297100268'),(50374,'10728987966'),(50375,'10083168175'),(50376,'10238523716'),(50377,'10485806356'),(50378,'10079524005'),(50379,'10105023176'),(50380,'10449453331'),(50381,'10255853266'),(50382,'10095913216'),(50383,'10408343840'),(50384,'10283012706'),(50385,'10178603316'),(50386,'10094215531'),(50387,'10181502652'),(50388,'10179749021'),(50389,'10105779157'),(50390,'10292544362'),(50391,'10476718380'),(50392,'10304883770'),(50393,'10700053704'),(50394,'10700080591'),(50395,'10296969961'),(50396,'10093877301'),(50397,'10293427556'),(50398,'10086516034'),(50399,'10450179847'),(50400,'10104577810'),(50401,'10095613247'),(50402,'10400154274'),(50403,'10294075459'),(50404,'10292582159'),(50405,'10270467666'),(50406,'10296210906'),(50407,'10293189931'),(50408,'10409980169'),(50409,'10441779599'),(50410,'10327982601'),(50411,'10718272802'),(50412,'10098718252'),(50413,'10407178411'),(50414,'10100055614'),(50415,'10407017183'),(50416,'10460383701'),(50417,'10060273729'),(50418,'10703582856'),(50419,'10040534178'),(50420,'10218712539'),(50421,'10087981270'),(50422,'10048238721'),(50423,'10094262394'),(50424,'10293483227'),(50425,'10079412479'),(50426,'10411756730'),(50427,'10414663325'),(50428,'10800936786'),(50429,'10411787643'),(50430,'10249948191'),(50431,'10732344417'),(50432,'10054089282'),(50433,'10053848899'),(50434,'10043110751'),(50435,'10043384673'),(50436,'10418716245'),(50437,'10100485741'),(50438,'10224603164'),(50439,'10304076751'),(50440,'10419551037'),(50441,'10101643790'),(50442,'15510551441'),(50443,'15510755526'),(50444,'15510026524'),(50445,'10082529522'),(50446,'10082727596'),(50447,'10404676127'),(50448,'10411516593'),(50449,'10102164097'),(50450,'10214355286'),(50451,'10403056001'),(50452,'10175749077'),(50453,'10060453433'),(50454,'10416310390'),(50455,'10164400897'),(50456,'10409951193'),(50457,'10416326041'),(50458,'10721724579'),(50459,'10308373792'),(50460,'10727791405'),(50461,'10239869594'),(50462,'10292440257'),(50463,'10004781282'),(50464,'10028517403'),(50465,'10329195851'),(50466,'10297180199'),(50467,'10459491894'),(50468,'10090810567'),(50469,'10053382938'),(50470,'10706529034'),(50471,'10714060134'),(50472,'10292113141'),(50473,'10154353009'),(50474,'10095598787'),(50475,'10404163235'),(50476,'10244711605'),(50477,'10101165910'),(50478,'10070708502'),(50479,'10062464165'),(50480,'10316273373'),(50481,'10428290556'),(50482,'15124390599'),(50483,'15368385660'),(50484,'15530600561'),(50485,'15258702716'),(50486,'15131856030'),(50487,'15501834677'),(50488,'15337668078'),(50489,'15419366819'),(50490,'15253848143'),(50491,'15334178029'),(50492,'15522966921'),(50493,'15504153093'),(50494,'15136531350'),(50495,'15544478173'),(50496,'15600404005'),(50497,'15403280680'),(50498,'15602372411'),(50499,'15477251606'),(50500,'15504493943'),(50501,'15509067365'),(50502,'15600568377'),(50503,'15513639730'),(50504,'15512555427'),(50505,'15523784436'),(50506,'15557145688'),(50507,'15505541712'),(50508,'15512156646'),(50509,'15367557688'),(50510,'15459245216'),(50511,'15504286484'),(50512,'15318844035'),(50513,'15129849018'),(50514,'15503223519'),(50515,'15498066639'),(50516,'15344449942'),(50517,'15458671378'),(50518,'15557023906'),(50519,'15600935531'),(50520,'15535671777'),(50521,'15517928078'),(50522,'15536347451'),(50523,'15517059126'),(50524,'15603601740'),(50525,'15527006713'),(50526,'15409970670'),(50527,'15557161373'),(50528,'15325414887'),(50529,'15519606965'),(50530,'15364403337'),(50531,'15484313137'),(50532,'15602546800'),(50533,'15602400864'),(50534,'15501680181'),(50535,'15547280773'),(50536,'15487870703'),(50537,'15602818460'),(50538,'15603890059'),(50539,'15507079897'),(50540,'15516258974'),(50541,'15390944877'),(50542,'15515770191'),(50543,'15603928978'),(50544,'15511877251'),(50545,'15379270821'),(50546,'15377179916'),(50547,'15162876951'),(50548,'15127156091'),(50549,'15111513888'),(50550,'15603546889'),(50551,'15491126024'),(50552,'15312273214'),(50553,'15486190709'),(50554,'15553758286'),(50555,'15603598625'),(50556,'15502451879'),(50557,'15458427892'),(50558,'15259855915'),(50559,'15491349244'),(50560,'15602657695'),(50561,'15509548380'),(50562,'15507563608'),(50563,'15480146236'),(50564,'15504660866'),(50565,'15506430264'),(50566,'15493213412'),(50567,'15511650981'),(50568,'15449015018'),(50569,'15451419002'),(50570,'15541247677'),(50571,'15605538581'),(50572,'15514537515'),(50573,'15506700237'),(50574,'15602455391'),(50575,'15606337946'),(50576,'15526669611'),(50577,'15501886472'),(50578,'15393288792'),(50579,'15479536268'),(50580,'15434359063'),(50581,'15152548408'),(50582,'15151424055'),(50583,'15126367098'),(50584,'15602739489'),(50585,'15111352850'),(50586,'15600195571'),(50587,'15507633665'),(50588,'15342378592'),(50589,'17123247159'),(50590,'15453658918'),(50591,'15501745224'),(50592,'15457087303'),(50593,'15603388752'),(50594,'15523444091'),(50595,'15604772696'),(50596,'15117593352'),(50597,'15606043985'),(50598,'15521863584'),(50599,'15541600466'),(50600,'15414922527'),(50601,'15393849140'),(50602,'15513871551'),(50603,'15522425335'),(50604,'15289823481'),(50605,'15573269729'),(50606,'15605068470'),(50607,'15479372648'),(50608,'17154577831'),(50609,'15463556951'),(50610,'15412277292'),(50611,'15199326560'),(50612,'15603808611'),(50613,'15601974875'),(50614,'15501544911'),(50615,'15140729342'),(50616,'15603386164'),(50617,'15498594571'),(50618,'15563753843'),(50619,'15153829702'),(50620,'15392553247'),(50621,'15506005211'),(50622,'15502953629'),(50623,'15134723944'),(50624,'15131239260'),(50625,'15231215813'),(50626,'15124078234'),(50627,'17124181593'),(50628,'15123473326'),(50629,'15129572628'),(50630,'15122946549'),(50631,'15156462176'),(50632,'15125603111'),(50633,'15605784035'),(50634,'15506973713'),(50635,'15483923772'),(50636,'15601305116'),(50637,'15504516234'),(50638,'15260940462'),(50639,'15384857091'),(50640,'15551442818'),(50641,'15504411726'),(50642,'15604550715'),(50643,'15600898342'),(50644,'15112678741'),(50645,'15448066573'),(50646,'15405441435'),(50647,'15491311191'),(50648,'15600657159'),(50649,'15454472192'),(50650,'15516795040'),(50651,'15602968283'),(50652,'15518008347'),(50653,'15517431564'),(50654,'15530964091'),(50655,'15525907527'),(50656,'15601450434'),(50657,'15508061975'),(50658,'15457370714'),(50659,'15487399628'),(50660,'15518046869'),(50661,'15605994196'),(50662,'15512363609'),(50663,'15257481741'),(50664,'15603059198'),(50665,'15504676355'),(50666,'15533822409'),(50667,'15602845009'),(50668,'15493752984'),(50669,'15511263864'),(50670,'15125459088'),(50671,'15535607769'),(50672,'15504494915'),(50673,'17278160700'),(50674,'17264400686'),(50675,'17449335279'),(50676,'17124138230'),(50677,'17368557382'),(50678,'17501393525'),(50679,'17132435812'),(50680,'17193053092'),(50681,'17190813975'),(50682,'17278351475'),(50683,'17216577434'),(50684,'17321113605'),(50685,'17148993751'),(50686,'17285756375'),(50687,'17172334598'),(50688,'17337660843'),(50689,'17221273656'),(50690,'17295485876'),(50691,'17138996573'),(50692,'17284124448'),(50693,'17367571918'),(50694,'17122565742'),(50695,'17129325291'),(50696,'17309322851'),(50697,'17193028730'),(50698,'17112553886'),(50699,'17217387191'),(50700,'17342928412'),(50701,'17221748514'),(50702,'17269122706'),(50703,'17277817055'),(50704,'17162976311'),(50705,'17149598405'),(50706,'17116264323'),(50707,'17277721961'),(50708,'17169247251'),(50709,'17114752304'),(50710,'17124423431');

--
-- Table structure for table `comprobantepago`
--

CREATE TABLE `comprobantepago` (
  `codigocomprobantepago` int NOT NULL AUTO_INCREMENT,
  `codigoproveedor` int DEFAULT NULL,
  `fechaemision` date DEFAULT NULL,
  `serie` varchar(10) DEFAULT NULL,
  `numero` varchar(10) DEFAULT NULL,
  `nombrearchivocomprobantepagoxml` varchar(100) DEFAULT NULL,
  `nombrearchivocomprobantepagopdf` varchar(100) DEFAULT NULL,
  `fechacreacion` datetime DEFAULT NULL,
  `codigoestado` char(4) DEFAULT NULL,
  `fechavencimiento` date DEFAULT NULL,
  `comentario` varchar(250) DEFAULT NULL,
  `motivorechazo` varchar(250) DEFAULT NULL,
  `afectacion` varchar(25) DEFAULT NULL,
  `valorafectacion` decimal(10,2) DEFAULT NULL,
  `referenciaorden` varchar(25) DEFAULT NULL,
  `subtotal` decimal(10,2) DEFAULT NULL,
  `impuestos` decimal(10,2) DEFAULT NULL,
  `total` decimal(10,2) DEFAULT NULL,
  `numerofactura` varchar(10) DEFAULT NULL,
  `observacionrevisioninterna` varchar(250) DEFAULT NULL,
  `correoelectronicorevisioninterna` varchar(500) DEFAULT NULL,
  `codigoafectacion` varchar(25) DEFAULT NULL,
  `numerointernoordencompra` varchar(25) DEFAULT NULL,
  `fechacontabilizacion` date DEFAULT NULL,
  `fechahoracontabilizacion` datetime DEFAULT NULL,
  `codigousuariocreadorcontabilizacion` int DEFAULT NULL,
  `moneda` varchar(5) DEFAULT NULL,
  PRIMARY KEY (`codigocomprobantepago`),
  KEY `codigoproveedor` (`codigoproveedor`)
) ENGINE=InnoDB AUTO_INCREMENT=144 DEFAULT CHARSET=utf8mb4 COLLATE=utf8mb4_0900_ai_ci;

--
-- Dumping data for table `comprobantepago`
--

INSERT INTO `comprobantepago` VALUES (100,43,'2024-02-09','F001','73435','Comprobante pago_1708101056516.xml','Comprobante pago_1708101071739.pdf','2024-02-16 11:23:03','0302','2024-06-08',NULL,NULL,'Ninguna',0.00,'4619',2282.60,410.87,2693.47,'9688',NULL,NULL,'','10079','2024-02-19',NULL,20,'USD'),(101,44,'2024-02-06','F001','27596','Comprobante pago_1708360985867.xml','Comprobante pago_1708360949919.pdf','2024-02-19 11:42:55','0302','2024-05-06',NULL,NULL,'Ninguna',0.00,'4686',88.56,15.94,104.50,'9694',NULL,NULL,'','10191','2024-02-19',NULL,20,'USD'),(102,44,'2024-01-23','F001','27304','Comprobante pago_1708548907639.xml','Comprobante pago_1708548864361.pdf','2024-02-21 15:56:57','0302','2024-04-22',NULL,NULL,'Ninguna',0.00,'4474',588.39,105.91,694.30,'9752',NULL,NULL,'','9715','2024-02-22','2024-02-22 13:00:04',23,'USD'),(103,46,'2024-02-19','F001','39035','Comprobante pago_1708548751913.xml','Comprobante pago_1708548743689.pdf','2024-02-21 16:06:02','0302','2024-05-20',NULL,NULL,'Detracción',15.00,'4643',17764.80,3197.66,20962.46,'9740',NULL,NULL,'','10131','2024-02-22','2024-02-22 08:24:42',22,'SOL'),(104,44,'2024-01-26','F001','27381','Comprobante pago_1708550115469.xml','Comprobante pago_1708550103961.pdf','2024-02-21 16:15:23','0302','2024-04-25',NULL,NULL,'Ninguna',0.00,'4490',3656.44,658.16,4314.60,'9751',NULL,NULL,'','9752','2024-02-22','2024-02-22 12:53:59',23,'USD'),(105,44,'2024-02-09','F001','27661','Comprobante pago_1708550303655.xml','Comprobante pago_1708550313510.pdf','2024-02-21 16:18:37','0302','2024-05-09',NULL,NULL,'Ninguna',0.00,'4696',497.00,89.46,586.46,'9749',NULL,NULL,'','10228','2024-02-22','2024-02-22 12:45:45',23,'USD'),(106,68,'2024-02-20','E001','7798','Comprobante pago_1708617351489.xml','Comprobante pago_1708617899028.pdf','2024-02-22 11:19:21','0302',NULL,NULL,NULL,'Retención',3.00,'4737',105.00,18.90,123.90,'9822',NULL,NULL,'','10323','2024-02-26','2024-02-26 22:04:33',23,'SOL'),(107,68,'2024-02-20','E001','7795','Comprobante pago_1708620353497.xml','Comprobante pago_1708620302917.pdf','2024-02-22 11:54:40','0302',NULL,NULL,NULL,'Retención',3.00,'4753',80.00,14.40,94.40,'9944',NULL,NULL,'','10378','2024-02-29','2024-02-29 19:49:12',23,'SOL'),(114,68,'2024-02-20','E001','7794','Comprobante pago_1708622516553.xml','Comprobante pago_1708622529659.pdf','2024-02-22 12:27:17','0301',NULL,NULL,NULL,'Retención',3.00,'4750',724.40,130.39,854.79,NULL,NULL,NULL,'','10373',NULL,NULL,NULL,'SOL'),(115,68,'2024-02-20','E001','7799','Comprobante pago_1708622669850.xml','Comprobante pago_1708622682025.pdf','2024-02-22 12:29:38','0302',NULL,NULL,NULL,'Retención',3.00,'4726',1976.00,355.68,2331.68,'9945',NULL,NULL,'','10291','2024-02-29','2024-02-29 19:59:19',23,'SOL'),(116,68,'2024-02-20','E001','7800','Comprobante pago_1708623282971.xml','Comprobante pago_1708623297968.pdf','2024-02-22 12:39:55','0302',NULL,NULL,NULL,'Retención',3.00,'4738',252.00,45.36,297.36,'9946',NULL,NULL,'','10324','2024-02-29','2024-02-29 20:04:07',23,'SOL'),(117,68,'2024-02-20','E001','7801','Comprobante pago_1708623405805.xml','Comprobante pago_1708623420209.pdf','2024-02-22 12:41:57','0302',NULL,NULL,NULL,'Retención',3.00,'4738',1266.80,228.02,1494.82,'9947',NULL,NULL,'','10324','2024-02-29','2024-02-29 20:08:06',23,'SOL'),(118,68,'2024-02-20','E001','7793','Comprobante pago_1708623494948.xml','Comprobante pago_1708623506460.pdf','2024-02-22 12:43:27','0302',NULL,NULL,NULL,'Retención',3.00,'4738',178.00,32.04,210.04,'9818',NULL,NULL,'','10324','2024-02-26','2024-02-26 16:51:21',20,'SOL'),(119,54,'2024-02-16','E001','7776','Comprobante pago_1708627185577.xml','Comprobante pago_1708627199166.pdf','2024-02-22 13:45:35','0302',NULL,NULL,NULL,'Retención',3.00,'1153',325.00,58.50,383.50,'3433',NULL,NULL,'','4168','2024-02-27','2024-02-27 18:51:34',82,'SOL'),(120,46,'2024-02-13','F001','38961','Comprobante pago_1708698305928.xml','Comprobante pago_1708698296845.pdf','2024-02-23 09:37:18','0302','2024-05-14',NULL,NULL,'Detracción',15.00,'4643',19776.00,3559.68,23335.68,'9772',NULL,NULL,'','','2024-02-23','2024-02-23 12:07:33',22,'SOL'),(121,69,'2024-01-05','E001','10','Comprobante pago_1708719477827.xml','Comprobante pago_1708719346774.pdf','2024-02-23 15:17:11','0301','2023-10-31',NULL,NULL,'Ninguna',0.00,'3295',354.08,63.73,417.81,'7279',NULL,NULL,'','6539',NULL,'2024-02-23 15:19:40',82,'USD'),(122,69,'2024-01-05','E001','11','Comprobante pago_1708720206880.xml','Comprobante pago_1708720224443.pdf','2024-02-23 15:29:34','0302','2023-10-31',NULL,NULL,'Retención',3.00,'3296',411.17,74.01,485.18,'7280',NULL,NULL,'','6540','2024-01-18','2024-02-23 15:36:17',20,'USD'),(123,69,'2024-01-05','E001','12','Comprobante pago_1708720835320.xml','Comprobante pago_1708720920409.pdf','2024-02-23 15:41:10','0302','2023-10-31',NULL,NULL,'Retención',3.00,'2490',134.12,24.14,158.26,'7281',NULL,NULL,'','4606','2024-01-06','2024-02-23 15:59:15',20,'USD'),(124,69,'2024-01-05','E001','14','Comprobante pago_1708722296871.xml','Comprobante pago_1708722326693.pdf','2024-02-23 16:10:05','0301','2023-10-31',NULL,NULL,'Ninguna',0.00,'1542',481.82,86.73,568.55,NULL,NULL,NULL,'','2492',NULL,NULL,NULL,'USD'),(125,62,'2024-02-23','E001','7822','Comprobante pago_1708729646160.xml','Comprobante pago_1708729662276.pdf','2024-02-23 18:12:47','0301',NULL,NULL,NULL,'Retención',3.00,'2622',5026.00,904.68,5930.68,'5067',NULL,NULL,'','7010',NULL,'2024-02-27 16:24:35',21,'SOL'),(126,69,'2024-01-15','E001','15','Comprobante pago_1708793165362.xml','Comprobante pago_1708793204298.pdf','2024-02-24 11:45:54','0301','2023-10-31',NULL,NULL,'Ninguna',0.00,'1542',481.82,86.73,568.55,NULL,NULL,NULL,'','2492',NULL,NULL,NULL,'USD'),(127,68,'2024-02-22','E001','7817','Comprobante pago_1709047365507.xml','Comprobante pago_1709047379424.pdf','2024-02-27 10:28:05','0302',NULL,NULL,NULL,'Retención',3.00,'4764',1956.00,352.08,2308.08,'9948',NULL,NULL,'','10419','2024-02-29','2024-02-29 20:14:13',23,'SOL'),(128,69,'2024-01-15','E001','16','Comprobante pago_1709055696288.xml','Comprobante pago_1709055717643.pdf','2024-02-27 12:41:12','0301','2023-10-31',NULL,NULL,'Ninguna',0.00,'1542',481.82,86.73,568.55,NULL,NULL,NULL,'','2492',NULL,NULL,NULL,'USD'),(129,57,'2024-02-21','E001','38','Comprobante pago_1709122110648.xml','Comprobante pago_1709122091055.pdf','2024-02-28 07:09:41','0302',NULL,NULL,NULL,'Detracción',12.00,'1137',2800.00,504.00,3304.00,'3438',NULL,NULL,'03702','4127','2024-02-28','2024-02-28 15:46:55',21,'SOL'),(130,46,'2024-02-27','F001','39123','Comprobante pago_1709131664473.xml','Comprobante pago_1709131658505.pdf','2024-02-28 10:01:25','0302','2024-05-28',NULL,NULL,'Detracción',15.00,'4643',23860.80,4294.94,28155.74,'10023','Hola Pablo, De acuerdo a lo conversado estamos a la espera de la modificación de la OC, para proceder con el registro de la factura.','pablo.lazo@grupojlb.com oswaldo.gil@grupojlb.com david.lopez@sigma.pe angie.yparraguirre@grupojlb.com','01003','10131','2024-02-29','2024-03-05 11:03:03',22,'SOL'),(131,65,'2024-02-28','E001','72840','Comprobante pago_1709147047715.xml','Comprobante pago_1709147036385.pdf','2024-02-28 14:04:37','0302',NULL,NULL,NULL,'Detracción',12.00,'353',2726.00,490.68,3216.68,'1163',NULL,NULL,'03702','1921','2024-03-06','2024-03-06 22:42:10',23,'SOL'),(132,68,'2024-02-29','E001','7841','Comprobante pago_1709243203159.xml','Comprobante pago_1709243216666.pdf','2024-02-29 16:52:19','0304',NULL,NULL,NULL,'Retención',3.00,'4766',1608.00,289.44,1897.44,NULL,'Hola Pablo,\nDe acuerdo a lo conversado estamos a la espera de la modificación de la OC, para proceder con el registro de la factura.','pablo.lazo@grupojlb.com oswaldo.gil@grupojlb.com david.lopez@sigma.pe','','10421',NULL,NULL,NULL,'SOL'),(133,62,'2024-02-29','E001','7844','Comprobante pago_1709302930462.xml','Comprobante pago_1709302946750.pdf','2024-03-01 09:28:26','0303',NULL,NULL,'Debe adjuntar documento EM. Se adjunto copia de guia de remisión en el campo EM.','Retención',3.00,'2654',2027.10,364.88,2391.98,NULL,NULL,NULL,'','7104',NULL,NULL,NULL,'SOL'),(134,46,'2024-02-29','F001','39179','Comprobante pago_1709316295002.xml','Comprobante pago_1709316289148.pdf','2024-03-01 13:17:27','0302','2024-03-08',NULL,NULL,'Detracción',15.00,'4643',13604.40,2448.79,16053.19,'9973',NULL,NULL,'01003','10131','2024-02-29','2024-03-01 16:05:11',22,'SOL'),(135,62,'2024-02-29','E001','7844','Comprobante pago_1709318153920.xml','Comprobante pago_1709318165908.pdf','2024-03-01 13:41:54','0303',NULL,NULL,'EM no adjuntada.','Retención',3.00,'2654',2027.10,364.88,2391.98,NULL,NULL,NULL,'','7104',NULL,NULL,NULL,'SOL'),(136,62,'2024-02-29','E001','7844','Comprobante pago_1709322882596.xml','Comprobante pago_1709322896710.pdf','2024-03-01 14:54:37','0301',NULL,NULL,NULL,'Retención',3.00,'2654',2027.10,364.88,2391.98,NULL,NULL,NULL,'','7104',NULL,NULL,NULL,'SOL'),(137,57,'2024-03-04','E001','40','Comprobante pago_1709556632700.xml','Comprobante pago_1709556625545.pdf','2024-03-04 07:53:13','0304',NULL,NULL,NULL,'Detracción',12.00,'1040',464.00,83.52,547.52,'3468','Grupo de articulos mal asignado, se trato de corregir actualizando el grupo de articulos pero no se visualiza la actualizacion en sap despues de haber generado la contabilizacion desde el portal. Actualizar G.A previa consulta al area contable.','luz.ibanez@grupojlb.com; oswaldo.gil@grupojlb.com; henry.vargas@sigma.pe','','3736',NULL,'2024-03-05 14:50:35',21,'SOL'),(138,57,'2024-03-04','E001','41','Comprobante pago_1709557094394.xml','Comprobante pago_1709557088589.pdf','2024-03-04 07:58:10','0304',NULL,NULL,NULL,'Detracción',12.00,'1041',174.00,31.32,205.32,NULL,'Grupo de articulos mal asignado, se trato de corregir actualizando el grupo de articulos pero no se visualiza la actualizacion en sap despues de haber generado la contabilizacion desde el portal. Actualizar G.A previa consulta al area contable.','henry.vargas@sigma.pe; oswaldo.gil@grupojlb.com; luz.ibanez@grupojlb.com','','3737',NULL,NULL,NULL,'SOL'),(139,57,'2024-03-04','E001','42','Comprobante pago_1709557486366.xml','Comprobante pago_1709557478825.pdf','2024-03-04 08:04:28','0304',NULL,NULL,NULL,'Detracción',12.00,'1039',485.50,87.39,572.89,NULL,'Grupo de artículos mal asignado, se trato de corregir actualizando el grupo de artículos pero no se visualiza la actualización en sap después de haber generado la contabilización desde el portal. Actualizar G.A previa consulta al área contable.','luz.ibanez@grupojlb.com; oswaldo.gil@grupojlb.com; pilar.fajardo@sigma.pe; henry.vargas@sigma.pe; jhonn448@gmail.com','','3735',NULL,NULL,NULL,'SOL'),(140,57,'2024-03-04','E001','43','Comprobante pago_1709557753060.xml','Comprobante pago_1709557747935.pdf','2024-03-04 08:08:45','0304',NULL,NULL,NULL,'Detracción',12.00,'1038',480.00,86.40,566.40,NULL,'Grupo de articulos mal asignado, se trato de corregir actualizando el grupo de articulos pero no se visualiza la actualizacion en sap despues de haber generado la contabilizacion desde el portal. Actualizar G.A previa consulta al area contable.','henry.vargas@sigma.pe; pilar.fajardo@sigma.pe; luz.ibanez@grupojlb.com; oswaldo.gil@grupojlb.com','','3734',NULL,NULL,NULL,'SOL'),(141,57,'2024-03-04','E001','44','Comprobante pago_1709558032347.xml','Comprobante pago_1709558026975.pdf','2024-03-04 08:13:22','0304',NULL,NULL,NULL,'Detracción',12.00,'1037',472.50,85.05,557.55,NULL,'Grupo de articulos mal asignado, se trato de corregir actualizando el grupo de articulos pero no se visualiza la actualizacion en sap despues de haber generado la contabilizacion desde el portal. Actualizar G.A previa consulta al area contable.','oswaldo.gil@grupojlb.com; luz.ibanez@grupojlb.com; pilar.fajardo@sigma.pe; henry.vargas@sigma.pe','','3733',NULL,NULL,NULL,'SOL'),(142,43,'2024-02-27','F001','74229','Comprobante pago_1709659213308.xml','Comprobante pago_1709659204734.pdf','2024-03-05 12:17:42','0301','2024-06-26',NULL,NULL,'Ninguna',0.00,'4619',1656.40,298.15,1954.55,NULL,NULL,NULL,'','10079',NULL,NULL,NULL,'USD'),(143,65,'2024-03-06','E001','73119','Comprobante pago_1709737458073.xml','Comprobante pago_1709737451789.pdf','2024-03-06 10:04:23','0302',NULL,NULL,NULL,'Ninguno',0.00,'350',79.00,14.22,93.22,'1164',NULL,NULL,'','1897','2024-03-06','2024-03-06 22:48:47',23,'SOL');

--
-- Table structure for table `condicionpago`
--

CREATE TABLE `condicionpago` (
  `codigocondicionpago` varchar(4) NOT NULL,
  `descripcioncondicionpago` varchar(100) DEFAULT NULL,
  `estadocondicionpago` bit(1) NOT NULL,
  `codigosociedad` varchar(4) NOT NULL,
  PRIMARY KEY (`codigocondicionpago`,`codigosociedad`) USING BTREE,
  KEY `FK_SociedadCondicionPago` (`codigosociedad`)
) ENGINE=InnoDB DEFAULT CHARSET=utf8mb4 COLLATE=utf8mb4_0900_ai_ci;

--
-- Dumping data for table `condicionpago`
--

INSERT INTO `condicionpago` VALUES ('-1','Contado',_binary '','1000'),('1','30 días precio contado',_binary '','1000'),('10','Boleta contado',_binary '','1000'),('11','Factura 15 días',_binary '','1000'),('12','Factura 30 días',_binary '','1000'),('13','Factura 45 días',_binary '','1000'),('14','Factura 60 días',_binary '','1000'),('15','Factura 90 días',_binary '','1000'),('16','Factura 120 días',_binary '','1000'),('17','Cheque diferido 30 días',_binary '','1000'),('18','Letra 15 días',_binary '','1000'),('19','Letra 30 días',_binary '','1000'),('2','60 días sin intereses',_binary '','1000'),('20','Letra 45 días',_binary '','1000'),('21','Letra 60 días',_binary '','1000'),('22','Letra 75 días',_binary '','1000'),('23','Letra 90 días',_binary '','1000'),('24','Letra 120 días',_binary '','1000'),('25','Letra 180 días',_binary '','1000'),('26','Letras 30 y 45 días',_binary '','1000'),('27','Letras 30, 45 y 60 días',_binary '','1000'),('28','Letras 45 y 60 días',_binary '','1000'),('29','Letras 30, 45, 60 y 75 días',_binary '','1000'),('3','90 días sin intereses',_binary '','1000'),('30','Adelanto al 100%',_binary '','1000'),('31','50% con cheque contra entrega de mercadería, saldo con letra a 30 días.',_binary '','1000'),('32','50% adelanto Y 50% contra entrega',_binary '','1000'),('33','Transferencia a título gratuito',_binary '','1000'),('34','Canje',_binary '','1000'),('35','Factura exportación',_binary '','1000'),('36','Factura anticipo',_binary '','1000'),('37','Venta interna',_binary '','1000'),('38','Transferencia anticipada',_binary '','1000'),('39','50% antes emb. / 50%a 30 días f/emb.',_binary '','1000'),('4','Cuotas 30, 60, 90 s/intereses',_binary '','1000'),('40','Transf. a 30 días f/ entregada',_binary '','1000'),('41','Factura 7 días',_binary '','1000'),('42','75% adelanto, 25% contra entrega',_binary '','1000'),('43','60 % adelanto 40%',_binary '','1000'),('44','Inicial y 04 cuotas mensuales',_binary '','1000'),('45','30% adelantado Y 70 % al finalizar el servicio',_binary '','1000'),('46','Por avance de proyecto',_binary '','1000'),('47','Factoring 90 días',_binary '','1000'),('48','Factoring 75 días',_binary '','1000'),('49','Factoring 120 días',_binary '','1000'),('50','Factura 75 días',_binary '','1000'),('55','40% adelanto y 60% 30 días',_binary '','1000'),('56','45% adelanto,15% inicio planta, 40% a 30 días',_binary '','1000'),('57','40% de adelanto y 60% contra embarque',_binary '','1000'),('58','40% adelanto y 60% contra entrega',_binary '','1000'),('59','50% adelanto 35% a la entrega, 15% factura 30 días',_binary '','1000'),('9','Factura contado',_binary '','1000'),('CO','Contado',_binary '\0','1000');

--
-- Table structure for table `contactoproveedor`
--

CREATE TABLE `contactoproveedor` (
  `codigocontactoproveedor` int NOT NULL AUTO_INCREMENT,
  `codigoproveedor` int DEFAULT NULL,
  `posicioncontacto` int DEFAULT NULL,
  `codigotratamiento` int DEFAULT NULL,
  `nombrecontacto` varchar(100) DEFAULT NULL,
  `segundonombrecontacto` varchar(100) NOT NULL,
  `apellidocontacto` varchar(100) DEFAULT NULL,
  `correocontacto` varchar(100) DEFAULT NULL,
  `telefono` varchar(15) NOT NULL,
  `telefonomovil` varchar(15) DEFAULT NULL,
  `codigodepartamentolaboral` int DEFAULT NULL,
  `codigofuncionlaboral` int DEFAULT NULL,
  PRIMARY KEY (`codigocontactoproveedor`),
  KEY `codigoproveedor` (`codigoproveedor`),
  KEY `codigotratamiento` (`codigotratamiento`),
  KEY `codigodepartamentolaboral` (`codigodepartamentolaboral`),
  KEY `codigofuncionlaboral` (`codigofuncionlaboral`)
) ENGINE=InnoDB DEFAULT CHARSET=utf8mb4 COLLATE=utf8mb4_0900_ai_ci;

--
-- Dumping data for table `contactoproveedor`
--


--
-- Table structure for table `cuentaasociada`
--

CREATE TABLE `cuentaasociada` (
  `codigocuentaasociada` varchar(4) NOT NULL,
  `descripcioncuentaasociada` varchar(100) DEFAULT NULL,
  `estadocuentaasociada` bit(1) NOT NULL,
  PRIMARY KEY (`codigocuentaasociada`)
) ENGINE=InnoDB DEFAULT CHARSET=utf8mb4 COLLATE=utf8mb4_0900_ai_ci;

--
-- Dumping data for table `cuentaasociada`
--

INSERT INTO `cuentaasociada` VALUES ('01','Cuenta asociada',_binary '');

--
-- Table structure for table `departamento`
--

CREATE TABLE `departamento` (
  `codigodepartamento` char(4) NOT NULL,
  `codigopais` char(2) NOT NULL,
  `descripciondepartamento` varchar(50) DEFAULT NULL,
  `estadodepartamento` bit(1) NOT NULL,
  PRIMARY KEY (`codigodepartamento`,`codigopais`) USING BTREE,
  KEY `pais` (`codigopais`)
) ENGINE=InnoDB DEFAULT CHARSET=utf8mb4 COLLATE=utf8mb4_0900_ai_ci;

--
-- Dumping data for table `departamento`
--

INSERT INTO `departamento` VALUES ('01','PE','Amazonas',_binary ''),('01','PP','DEPARTAMENTO NUEVO ACTUALIZAR',_binary '\0'),('02','PE','Áncash',_binary ''),('03','PE','Apurímac',_binary ''),('04','PE','Arequipa',_binary ''),('05','PE','Ayacucho',_binary ''),('06','PE','Cajamarca',_binary ''),('07','PE','Callao',_binary ''),('08','PE','Cusco',_binary ''),('09','PE','Huancavelica',_binary ''),('10','PE','Huánuco',_binary ''),('11','PE','Ica',_binary ''),('12','PE','Junín',_binary ''),('13','PE','La Libertad',_binary ''),('14','PE','Lambayeque',_binary ''),('15','PE','Lima',_binary ''),('16','PE','Loreto',_binary ''),('17','PE','Madre de Dios',_binary ''),('18','PE','Moquegua',_binary ''),('19','PE','Pasco',_binary ''),('20','PE','Piura',_binary ''),('21','PE','Puno',_binary ''),('22','PE','San Martín',_binary ''),('23','PE','Tacna',_binary ''),('24','PE','Tumbes',_binary ''),('25','PE','Ucayali',_binary '');

--
-- Table structure for table `departamentolaboral`
--

CREATE TABLE `departamentolaboral` (
  `codigodepartamentolaboral` int NOT NULL,
  `descripciondepartamentolaboral` varchar(100) DEFAULT NULL,
  `estadodepartamentolaboral` bit(1) NOT NULL,
  PRIMARY KEY (`codigodepartamentolaboral`)
) ENGINE=InnoDB DEFAULT CHARSET=utf8mb4 COLLATE=utf8mb4_0900_ai_ci;

--
-- Dumping data for table `departamentolaboral`
--

INSERT INTO `departamentolaboral` VALUES (1,'Sistemas',_binary '');

--
-- Table structure for table `distrito`
--

CREATE TABLE `distrito` (
  `codigodistrito` char(4) NOT NULL,
  `codigodepartamento` char(4) NOT NULL,
  `codigoprovincia` char(4) NOT NULL,
  `codigopais` char(2) NOT NULL,
  `descripciondistrito` varchar(50) DEFAULT NULL,
  `estadodistrito` bit(1) NOT NULL,
  PRIMARY KEY (`codigodistrito`,`codigopais`,`codigodepartamento`,`codigoprovincia`) USING BTREE,
  KEY `pais` (`codigopais`),
  KEY `departamento` (`codigodepartamento`),
  KEY `provincia` (`codigoprovincia`)
) ENGINE=InnoDB DEFAULT CHARSET=utf8mb4 COLLATE=utf8mb4_0900_ai_ci;

--
-- Dumping data for table `distrito`
--

INSERT INTO `distrito` VALUES ('01','15','1501','PE','San Martin de Porres',_binary '');

--
-- Table structure for table `documento`
--

CREATE TABLE `documento` (
  `codigodocumento` int NOT NULL,
  `descripciondocumento` varchar(100) DEFAULT NULL,
  `obligatoriedaddocumento` bit(1) DEFAULT NULL,
  `estadodocumento` bit(1) DEFAULT NULL,
  PRIMARY KEY (`codigodocumento`)
) ENGINE=InnoDB DEFAULT CHARSET=utf8mb4 COLLATE=utf8mb4_0900_ai_ci;

--
-- Dumping data for table `documento`
--

INSERT INTO `documento` VALUES (1,'Reporte de Infocorp',_binary '',_binary ''),(2,'Formato de evaluación inicial de proveedores',_binary '',_binary ''),(3,'Formato de compromiso antisoborno',_binary '',_binary ''),(4,'Certificado de cuentas bancarias',_binary '',_binary ''),(5,'Certificado de cuenta de detracción',_binary '\0',_binary ''),(6,'Ficha RUC',_binary '',_binary ''),(7,'Vigencia de poder',_binary '',_binary ''),(8,'Brochure',_binary '\0',_binary ''),(9,'Carta de presentación',_binary '\0',_binary ''),(10,'Carta de recomendación de clientes',_binary '\0',_binary ''),(11,'Carta de recomendación de proveedores',_binary '\0',_binary '');

--
-- Table structure for table `documentocomprobantepago`
--

CREATE TABLE `documentocomprobantepago` (
  `codigodocumentocomprobantepago` int NOT NULL AUTO_INCREMENT,
  `descripciondocumentocomprobantepago` varchar(100) DEFAULT NULL,
  `obligatoriedaddocumentocomprobantepago` bit(1) DEFAULT NULL,
  `estadodocumentocomprobantepago` bit(1) DEFAULT NULL,
  PRIMARY KEY (`codigodocumentocomprobantepago`)
) ENGINE=InnoDB AUTO_INCREMENT=5 DEFAULT CHARSET=utf8mb4 COLLATE=utf8mb4_0900_ai_ci;

--
-- Dumping data for table `documentocomprobantepago`
--

INSERT INTO `documentocomprobantepago` VALUES (1,'Guía de remisión',_binary '\0',_binary ''),(2,'Acta de servicio',_binary '\0',_binary ''),(3,'Orden de compra',_binary '\0',_binary ''),(4,'Nota de Entrada',_binary '\0',_binary '');

--
-- Table structure for table `documentoproveedor`
--

CREATE TABLE `documentoproveedor` (
  `codigodocumento` int NOT NULL,
  `codigoproveedor` int NOT NULL,
  `nombrearchivo` varchar(100) DEFAULT NULL,
  KEY `codigodocumento` (`codigodocumento`),
  KEY `codigoproveedor` (`codigoproveedor`)
) ENGINE=InnoDB DEFAULT CHARSET=utf8mb4 COLLATE=utf8mb4_0900_ai_ci;

--
-- Dumping data for table `documentoproveedor`
--


--
-- Table structure for table `documentoscomprobantepago`
--

CREATE TABLE `documentoscomprobantepago` (
  `codigodocumentocomprobantepago` int DEFAULT NULL,
  `codigocomprobantepago` int DEFAULT NULL,
  `nombrearchivo` varchar(100) DEFAULT NULL,
  KEY `codigodocumentocomprobantepago` (`codigodocumentocomprobantepago`),
  KEY `codigocomprobantepago` (`codigocomprobantepago`)
) ENGINE=InnoDB DEFAULT CHARSET=utf8mb4 COLLATE=utf8mb4_0900_ai_ci;

--
-- Dumping data for table `documentoscomprobantepago`
--

INSERT INTO `documentoscomprobantepago` VALUES (1,100,'Guía de remisión_1708101086843.pdf'),(3,100,'Orden de compra_1708101096993.pdf'),(4,100,'Nota de Entrada_1708101105775.pdf'),(1,101,'Guía de remisión_1708357862595.pdf'),(3,101,'Orden de compra_1708360515134.pdf'),(4,101,'Nota de Entrada_1708360901501.pdf'),(1,102,'Guía de remisión_1708549005288.pdf'),(3,102,'Orden de compra_1708549055507.pdf'),(4,102,'Nota de Entrada_1708549065457.pdf'),(1,103,'Guía de remisión_1708548881352.pdf'),(3,103,'Orden de compra_1708548902373.pdf'),(4,103,'Nota de Entrada_1708548890245.pdf'),(1,104,'Guía de remisión_1708550151925.pdf'),(3,104,'Orden de compra_1708550158890.pdf'),(4,104,'Nota de Entrada_1708550171406.pdf'),(1,105,'Guía de remisión_1708550336543.pdf'),(3,105,'Orden de compra_1708550357446.pdf'),(4,105,'Nota de Entrada_1708550365155.pdf'),(1,106,'Guía de remisión_1708618146294.pdf'),(3,106,'Orden de compra_1708618173509.pdf'),(4,106,'Nota de Entrada_1708618206116.pdf'),(1,107,'Guía de remisión_1708620382200.pdf'),(3,107,'Orden de compra_1708620596160.pdf'),(4,107,'Nota de Entrada_1708620610747.pdf'),(1,114,'Guía de remisión_1708622548541.pdf'),(3,114,'Orden de compra_1708622560917.pdf'),(4,114,'Nota de Entrada_1708622571605.pdf'),(1,115,'Guía de remisión_1708622696348.pdf'),(3,115,'Orden de compra_1708622706627.pdf'),(4,115,'Nota de Entrada_1708622716116.pdf'),(1,116,'Guía de remisión_1708623310553.pdf'),(3,116,'Orden de compra_1708623321681.pdf'),(4,116,'Nota de Entrada_1708623332884.pdf'),(1,117,'Guía de remisión_1708623433687.pdf'),(3,117,'Orden de compra_1708623443734.pdf'),(4,117,'Nota de Entrada_1708623452375.pdf'),(1,118,'Guía de remisión_1708623524589.pdf'),(3,118,'Orden de compra_1708623536019.pdf'),(4,118,'Nota de Entrada_1708623545351.pdf'),(1,119,'Guía de remisión_1708627212110.pdf'),(3,119,'Orden de compra_1708627221937.pdf'),(4,119,'Nota de Entrada_1708627272725.pdf'),(1,120,'Guía de remisión_1708698353707.pdf'),(3,120,'Orden de compra_1708698364298.pdf'),(4,120,'Nota de Entrada_1708698416122.pdf'),(1,121,'Guía de remisión_1708719446846.pdf'),(1,125,'Guía de remisión_1708729682348.pdf'),(3,125,'Orden de compra_1708729693525.pdf'),(4,125,'Nota de Entrada_1708729702700.pdf'),(1,127,'Guía de remisión_1709047395187.pdf'),(3,127,'Orden de compra_1709047407320.pdf'),(4,127,'Nota de Entrada_1709047416304.pdf'),(3,129,'Orden de compra_1709122149562.pdf'),(4,129,'Nota de Entrada_1709122159236.pdf'),(1,130,'Guía de remisión_1709131714904.pdf'),(3,130,'Orden de compra_1709131772290.pdf'),(4,130,'Nota de Entrada_1709131837134.pdf'),(2,131,'Acta de servicio_1709147080187.pdf'),(3,131,'Orden de compra_1709147089273.pdf'),(4,131,'Nota de Entrada_1709147094772.pdf'),(1,132,'Guía de remisión_1709243232847.pdf'),(3,132,'Orden de compra_1709243245329.pdf'),(4,132,'Nota de Entrada_1709243259422.pdf'),(1,133,'Guía de remisión_1709302965439.pdf'),(3,133,'Orden de compra_1709302980144.pdf'),(4,133,'Nota de Entrada_1709303031760.pdf'),(1,134,'Guía de remisión_1709316334574.pdf'),(3,134,'Orden de compra_1709316343740.pdf'),(4,134,'Nota de Entrada_1709316395275.pdf'),(1,135,'Guía de remisión_1709318194357.pdf'),(3,135,'Orden de compra_1709318215432.pdf'),(4,135,'Nota de Entrada_1709318232300.pdf'),(1,136,'Guía de remisión_1709322906063.pdf'),(3,136,'Orden de compra_1709322911764.pdf'),(4,136,'Nota de Entrada_1709322918773.pdf'),(2,137,'Acta de servicio_1709556827220.pdf'),(3,137,'Orden de compra_1709556645610.pdf'),(4,137,'Nota de Entrada_1709556679004.pdf'),(2,138,'Acta de servicio_1709557138489.pdf'),(3,138,'Orden de compra_1709557109409.pdf'),(4,138,'Nota de Entrada_1709557128637.pdf'),(2,139,'Acta de servicio_1709557514571.pdf'),(3,139,'Orden de compra_1709557505247.pdf'),(4,139,'Nota de Entrada_1709557499339.pdf'),(2,140,'Acta de servicio_1709557762037.pdf'),(3,140,'Orden de compra_1709557767737.pdf'),(4,140,'Nota de Entrada_1709557771791.pdf'),(2,141,'Acta de servicio_1709558041507.pdf'),(3,141,'Orden de compra_1709558046128.pdf'),(4,141,'Nota de Entrada_1709558051223.pdf'),(1,142,'Guía de remisión_1709659280673.pdf'),(3,142,'Orden de compra_1709659375139.pdf'),(2,143,'Acta de servicio_1709737490753.pdf'),(3,143,'Orden de compra_1709737495910.pdf'),(4,143,'Nota de Entrada_1709737500511.pdf');

--
-- Table structure for table `estado`
--

CREATE TABLE `estado` (
  `codigoestado` char(4) NOT NULL,
  `codigomaestroestado` char(2) NOT NULL,
  `descripcionestado` varchar(50) DEFAULT NULL,
  `estilocss` varchar(50) NOT NULL,
  PRIMARY KEY (`codigoestado`,`codigomaestroestado`),
  KEY `codigomaestroestado` (`codigomaestroestado`)
) ENGINE=InnoDB DEFAULT CHARSET=utf8mb4 COLLATE=utf8mb4_0900_ai_ci;

--
-- Dumping data for table `estado`
--

INSERT INTO `estado` VALUES ('0101','01','Solicitud Enviada','item-state-solicitud-enviada'),('0102','01','Pendiente Aprobación','item-state-pendiente-aprobacion'),('0103','01','Rechazado','item-state-rechazado'),('0104','01','Aprobado','item-state-aprobado'),('0201','02','Pendiente',''),('0202','02','Aprobado',''),('0203','02','Rechazado',''),('0204','02','Estado modificado por otro usuario',''),('0301','03','Pendiente','item-state-pending'),('0302','03','Contabilizado','item-state-active'),('0303','03','Rechazado','item-state-inactive'),('0304','03','Revisión Interna','item-state-revision-interna');

--
-- Table structure for table `flujoaprobacion`
--

CREATE TABLE `flujoaprobacion` (
  `codigoflujoaprobacion` char(4) NOT NULL,
  `codigomaestroflujoaprobacion` char(2) DEFAULT NULL,
  `nivelaprobacion` int DEFAULT NULL,
  `codigousuario` int DEFAULT NULL,
  PRIMARY KEY (`codigoflujoaprobacion`),
  KEY `codigomaestroflujoaprobacion` (`codigomaestroflujoaprobacion`),
  KEY `codigousuario` (`codigousuario`)
) ENGINE=InnoDB DEFAULT CHARSET=utf8mb4 COLLATE=utf8mb4_0900_ai_ci;

--
-- Dumping data for table `flujoaprobacion`
--

INSERT INTO `flujoaprobacion` VALUES ('0101','01',1,7),('0102','01',1,16),('0103','01',1,12),('0104','01',1,10),('0105','01',1,14),('0107','01',2,5),('0110','01',1,51),('0111','01',2,65);

--
-- Table structure for table `funcionlaboral`
--

CREATE TABLE `funcionlaboral` (
  `codigofuncionlaboral` int NOT NULL,
  `descripcionfuncionlaboral` varchar(100) DEFAULT NULL,
  `estadofuncionlaboral` bit(1) NOT NULL,
  PRIMARY KEY (`codigofuncionlaboral`)
) ENGINE=InnoDB DEFAULT CHARSET=utf8mb4 COLLATE=utf8mb4_0900_ai_ci;

--
-- Dumping data for table `funcionlaboral`
--

INSERT INTO `funcionlaboral` VALUES (1,'Analista Funcional',_binary ''),(2,'Desarollador Full - Stack',_binary '');

--
-- Table structure for table `grupocompra`
--

CREATE TABLE `grupocompra` (
  `codigogrupocompra` varchar(4) NOT NULL,
  `descripciongrupocompra` varchar(100) DEFAULT NULL,
  `estadogrupocompra` bit(1) NOT NULL,
  PRIMARY KEY (`codigogrupocompra`)
) ENGINE=InnoDB DEFAULT CHARSET=utf8mb4 COLLATE=utf8mb4_0900_ai_ci;

--
-- Dumping data for table `grupocompra`
--

INSERT INTO `grupocompra` VALUES ('01','Grupo de compra',_binary '');

--
-- Table structure for table `grupoesquemaproveedor`
--

CREATE TABLE `grupoesquemaproveedor` (
  `codigogrupoesquemaproveedor` varchar(4) NOT NULL,
  `descripciongrupoesquemaproveedor` varchar(100) DEFAULT NULL,
  `estadogrupoesquemaproveedor` bit(1) NOT NULL,
  `codigosociedad` varchar(4) NOT NULL,
  PRIMARY KEY (`codigogrupoesquemaproveedor`,`codigosociedad`) USING BTREE,
  KEY `FK_SociedadGrupoEsquemaProveedor` (`codigosociedad`)
) ENGINE=InnoDB DEFAULT CHARSET=utf8mb4 COLLATE=utf8mb4_0900_ai_ci;

--
-- Dumping data for table `grupoesquemaproveedor`
--

INSERT INTO `grupoesquemaproveedor` VALUES ('01','Grupo esquema proveedor',_binary '\0','1000'),('101','Proveedores',_binary '','1000'),('104','Prov. Locales',_binary '','1000'),('105','Prov. Locales MP',_binary '','1000'),('106','Prov. Extranjero',_binary '\0','1000'),('107','Prov. Extranjero MP',_binary '\0','1000');

--
-- Table structure for table `idioma`
--

CREATE TABLE `idioma` (
  `codigoidioma` varchar(3) NOT NULL,
  `descripcionidioma` varchar(50) DEFAULT NULL,
  `estadoidioma` bit(1) NOT NULL,
  PRIMARY KEY (`codigoidioma`)
) ENGINE=InnoDB DEFAULT CHARSET=utf8mb4 COLLATE=utf8mb4_0900_ai_ci;

--
-- Dumping data for table `idioma`
--

INSERT INTO `idioma` VALUES ('EN','Inglés',_binary ''),('ES','Español',_binary '');

--
-- Table structure for table `indicadordetraccion`
--

CREATE TABLE `indicadordetraccion` (
  `codigoindicadordetraccion` varchar(10) NOT NULL,
  `codigotipodetraccion` char(2) NOT NULL,
  `descripcionindicadordetraccion` varchar(100) DEFAULT NULL,
  `estadoindicadordetraccion` bit(1) NOT NULL,
  `valorafectacion` int DEFAULT NULL,
  PRIMARY KEY (`codigoindicadordetraccion`,`codigotipodetraccion`) USING BTREE,
  KEY `tipodetraccion` (`codigotipodetraccion`)
) ENGINE=InnoDB DEFAULT CHARSET=utf8mb4 COLLATE=utf8mb4_0900_ai_ci;

--
-- Dumping data for table `indicadordetraccion`
--

INSERT INTO `indicadordetraccion` VALUES ('00101','01','AZUCAR ',_binary '',10),('00102','01','AZUCAR ',_binary '',9),('00201','01','ARROZ',_binary '',10),('00301','01','ALCOHOL ETILICO',_binary '',10),('00302','01','ALCOHOL ETILICO',_binary '',9),('00401','01','RECURSOS HIDROBIOLOGICOS ',_binary '',9),('00402','01','RECURSOS HIDROBIOLOGICOS ',_binary '',15),('00501','01','MAIZ AMARILLO DURO ',_binary '',7),('00502','01','MAIZ AMARILLO DURO ',_binary '',10),('00503','01','MAIZ AMARILLO DURO ',_binary '',9),('00601','01','ALGODON',_binary '',10),('00602','01','ALGODON',_binary '',11),('00603','01','ALGODON',_binary '',15),('00604','01','ALGODON',_binary '',12),('00605','01','ALGODON',_binary '',9),('00701','01','CAÑA DE AZUCAR ',_binary '',10),('00702','01','CAÑA DE AZUCAR ',_binary '',12),('00703','01','CAÑA DE AZUCAR ',_binary '',9),('00801','01','MADERA ',_binary '',9),('00901','01','ARENA Y PIEDRA ',_binary '',10),('00902','01','ARENA Y PIEDRA ',_binary '',12),('00903','01','ARENA Y PIEDRA ',_binary '',12),('01001','01','RESIDUOS-DESPERDICIOS Y DERIVADAS',_binary '',10),('01002','01','RESIDUOS-DESPERDICIOS Y DERIVADAS',_binary '',14),('01003','01','RESIDUOS-DESPERDICIOS Y DERIVADAS',_binary '',15),('01101','01','BIENES CON RENUNCIA A EXONERACION DE IGV ',_binary '',10),('01102','01','BIENES GRAVADOS CON EL IGV, POR RENUNCIA A LA EXONERACIÓN',_binary '',9),('01201','01','SERVICIOS DE INTERMEDIACIÓN LABORAL GRAV CON EL IGV Y TERCERIZ.',_binary '',12),('01202','01','SERVICIOS DE INTERMEDIACIÓN LABORAL GRAV CON EL IGV Y TERCERIZ.',_binary '',14),('01301','01','ANIMALES VIVOS ',_binary '',4),('01302','01','ANIMALES VIVOS ',_binary '',10),('01401','01','CARNES Y DESPOJOS COMESTIBLES',_binary '',4),('01402','01','CARNES Y DESPOJOS COMESTIBLES',_binary '',10),('01501','01','ABONOS-CUEROS Y PIELES DE ORIGEN ANIMAL',_binary '',4),('01502','01','ABONOS-CUEROS Y PIELES DE ORIGEN ANIMAL',_binary '',10),('01601','01','ACEITE DE PESCADO',_binary '',9),('01701','01','HARINA - POLVO Y PELLETS DE PESCADO - CRUST. MOLUS DEMAS INV. AC.',_binary '',9),('01801','01','EMBARCACIONES PESQUERAS',_binary '',9),('01901','01','ARRENDAMIENTO DE BIENES MUEBLES',_binary '',9),('01902','01','ARRENDAMIENTO DE BIENES MUEBLES',_binary '',12),('01903','01','ARRENDAMIENTO DE BIENES MUEBLES',_binary '',10),('02001','01','MANTENIMIENTO Y REPARACIÓN DE BIENES MUEBLES ',_binary '',9),('02002','01','MANTENIMIENTO Y REPARACIÓN DE BIENES MUEBLES ',_binary '',12),('02101','01','MOVIMIENTO DE CARGA',_binary '',12),('02102','01','MOVIMIENTO DE CARGA',_binary '',14),('02103','01','MOVIMIENTO DE CARGA',_binary '',10),('02201','01','OTROS SERVICIOS EMPRESARIALES',_binary '',12),('02202','01','OTROS SERVICIOS EMPRESARIALES',_binary '',14),('02203','01','OTROS SERVICIOS EMPRESARIALES',_binary '',10),('02301','01','LECHE',_binary '',4),('02401','01','COMISIÓN MERCANTIL ',_binary '',12),('02501','01','FABRICACIÓN DE BIENES POR ENCARGO',_binary '',12),('02601','01','SERVICIO DE TRANSPORTE DE PERSONAS ',_binary '',12),('02602','01','SERVICIO DE TRANSPORTE DE PERSONAS ',_binary '',10),('02701','01','SERVICIO DE TRANSPORTE DE BIENES ',_binary '',8),('02702','01','SERVICIO DE TRANSPORTE DE BIENES ',_binary '',4),('02901','01','ALGODÓN EN RAMA SIN DESMOTAR ',_binary '',9),('03001','01','CONTRATOS DE CONSTRUCCION',_binary '',5),('03002','01','CONTRATOS DE CONSTRUCCION',_binary '',4),('03101','01','ORO GRAVADO CON EL IGV ',_binary '',12),('03201','01','PAPRIKA Y OTROS FRUTOS CAPSICUM',_binary '',12),('03202','01','PAPRIKA Y OTROS FRUTOS CAPSICUM',_binary '',9),('03301','01','ESPARRAGOS ',_binary '',12),('03302','01','ESPARRAGOS ',_binary '',9),('03401','01','MINERALES METALICOS NO AURIFEROS ',_binary '',12),('03501','01','BIENES EXONERADOS DEL IGV',_binary '',15),('03601','01','ORO Y MINERALES METÁLICOS EXONERADOS IGV ',_binary '',5),('03602','01','ORO Y MINERALES METÁLICOS EXONERADOS IGV ',_binary '',4),('03701','01','DEMÁS SERVICIOS GRAVADOS CON EL IGV',_binary '',9),('03702','01','DEMÁS SERVICIOS GRAVADOS CON EL IGV',_binary '',12),('03703','01','DEMÁS SERVICIOS GRAVADOS CON EL IGV',_binary '',10),('03801','01','ESPECTÁCULOS PÚBLICOS NO DEPORTIVOS',_binary '',9),('03802','01','ESPECTÁCULOS PÚBLICOSA NO DEPORTIVOS',_binary '',4),('03901','01','MINERALES NO METÁLICOS ',_binary '',6),('03902','01','MINERALES NO METÁLICOS ',_binary '',12),('04101','01','PLOMO REFINADO Y ALEACION DE PLOMO ',_binary '',15);

--
-- Table structure for table `indicadorretencion`
--

CREATE TABLE `indicadorretencion` (
  `codigoindicadorretencion` char(2) NOT NULL,
  `codigotiporetencion` char(2) NOT NULL,
  `descripcionindicadorretencion` varchar(100) DEFAULT NULL,
  `estadoindicadorretencion` bit(1) NOT NULL,
  PRIMARY KEY (`codigoindicadorretencion`,`codigotiporetencion`) USING BTREE,
  KEY `tiporetencion` (`codigotiporetencion`)
) ENGINE=InnoDB DEFAULT CHARSET=utf8mb4 COLLATE=utf8mb4_0900_ai_ci;

--
-- Dumping data for table `indicadorretencion`
--

INSERT INTO `indicadorretencion` VALUES ('01','01','Indicador de retención',_binary '');

--
-- Table structure for table `logflujoaprobacion`
--

CREATE TABLE `logflujoaprobacion` (
  `codigologflujoaprobacion` int NOT NULL AUTO_INCREMENT,
  `codigoproveedor` int DEFAULT NULL,
  `nivelaprobacion` int DEFAULT NULL,
  `codigousuario` int DEFAULT NULL,
  `codigoestado` char(4) DEFAULT NULL,
  `fechahoraevento` datetime DEFAULT NULL,
  `observacion` varchar(250) DEFAULT NULL,
  `version` int NOT NULL,
  PRIMARY KEY (`codigologflujoaprobacion`),
  KEY `codigoproveedor` (`codigoproveedor`),
  KEY `codigousuario` (`codigousuario`),
  KEY `codigoestado` (`codigoestado`)
) ENGINE=InnoDB DEFAULT CHARSET=utf8mb4 COLLATE=utf8mb4_0900_ai_ci;

--
-- Dumping data for table `logflujoaprobacion`
--


--
-- Table structure for table `maestroestado`
--

CREATE TABLE `maestroestado` (
  `codigomaestroestado` char(2) NOT NULL,
  `descripcionmaestroestado` varchar(50) DEFAULT NULL,
  PRIMARY KEY (`codigomaestroestado`)
) ENGINE=InnoDB DEFAULT CHARSET=utf8mb4 COLLATE=utf8mb4_0900_ai_ci;

--
-- Dumping data for table `maestroestado`
--

INSERT INTO `maestroestado` VALUES ('01','Estado Proveedor'),('02','Estado Flujo de Aprobación'),('03','Estado Prefactura');

--
-- Table structure for table `maestroflujoaprobacion`
--

CREATE TABLE `maestroflujoaprobacion` (
  `codigomaestroflujoaprobacion` char(2) NOT NULL,
  `descripcionmaestroflujoaprobacion` varchar(50) DEFAULT NULL,
  PRIMARY KEY (`codigomaestroflujoaprobacion`)
) ENGINE=InnoDB DEFAULT CHARSET=utf8mb4 COLLATE=utf8mb4_0900_ai_ci;

--
-- Dumping data for table `maestroflujoaprobacion`
--

INSERT INTO `maestroflujoaprobacion` VALUES ('01','Creación de Proveedor');

--
-- Table structure for table `moneda`
--

CREATE TABLE `moneda` (
  `codigomoneda` char(3) NOT NULL,
  `descripcionmoneda` varchar(100) DEFAULT NULL,
  `estadomoneda` bit(1) NOT NULL,
  PRIMARY KEY (`codigomoneda`)
) ENGINE=InnoDB DEFAULT CHARSET=utf8mb4 COLLATE=utf8mb4_0900_ai_ci;

--
-- Dumping data for table `moneda`
--

INSERT INTO `moneda` VALUES ('##','Monedas todas',_binary ''),('EUR','Euro',_binary ''),('PEN','Soles',_binary '\0'),('SOL','Soles',_binary ''),('USD','Dólar americano',_binary '');

--
-- Table structure for table `organizacioncompra`
--

CREATE TABLE `organizacioncompra` (
  `codigoorganizacioncompra` varchar(4) NOT NULL,
  `descripcionorganizacioncompra` varchar(100) DEFAULT NULL,
  `estadoorganizacioncompra` bit(1) NOT NULL,
  PRIMARY KEY (`codigoorganizacioncompra`)
) ENGINE=InnoDB DEFAULT CHARSET=utf8mb4 COLLATE=utf8mb4_0900_ai_ci;

--
-- Dumping data for table `organizacioncompra`
--

INSERT INTO `organizacioncompra` VALUES ('01','Organización de compra',_binary '');

--
-- Table structure for table `pais`
--

CREATE TABLE `pais` (
  `codigopais` varchar(2) NOT NULL,
  `descripcionpais` varchar(50) DEFAULT NULL,
  `estadopais` bit(1) NOT NULL,
  PRIMARY KEY (`codigopais`)
) ENGINE=InnoDB DEFAULT CHARSET=utf8mb4 COLLATE=utf8mb4_0900_ai_ci;

--
-- Dumping data for table `pais`
--

INSERT INTO `pais` VALUES ('AR','Argentina',_binary ''),('AT','Austria',_binary ''),('AU','Australia',_binary ''),('BE','Bélgica',_binary ''),('BO','Bolivia',_binary ''),('BR','Brasil',_binary ''),('CA','Canadá',_binary ''),('CH','Suiza',_binary ''),('CL','Chile',_binary ''),('CN','China',_binary ''),('CO','Colombia',_binary ''),('CR','Costa Rica',_binary ''),('DE','Alemania',_binary ''),('DK','Dinamarca',_binary ''),('DM','Dominica',_binary ''),('DO','Rep.Dominicana',_binary ''),('EC','Ecuador',_binary ''),('ES','España',_binary ''),('FR','Francia',_binary ''),('GB','Reino Unido',_binary ''),('GT','Guatemala',_binary ''),('HK','Hong Kong',_binary ''),('IL','Israel',_binary ''),('IN','India',_binary ''),('IT','Italia',_binary ''),('JP','Japón',_binary ''),('KR','Corea del Sur',_binary ''),('LU','Luxemburgo',_binary ''),('MX','México',_binary ''),('NI','Nicaragua',_binary ''),('NZ','Nueva Zelanda',_binary ''),('PE','Perú',_binary ''),('PP','PAIS NUEVO',_binary '\0'),('PR','Puerto Rico',_binary ''),('PT','Portugal',_binary ''),('PW','PAIS ELIMINADO',_binary '\0'),('PY','Paraguay',_binary ''),('QA','Qatar',_binary ''),('RU','Federación Rusa',_binary ''),('SE','Suecia',_binary ''),('SV','El Salvador',_binary ''),('TW','Taiwan',_binary ''),('UA','Ucrania',_binary ''),('US','EE.UU.',_binary ''),('UY','Uruguay',_binary ''),('VE','Venezuela',_binary '');

--
-- Table structure for table `perfilusuario`
--

CREATE TABLE `perfilusuario` (
  `codigoperfilusuario` int NOT NULL AUTO_INCREMENT,
  `descripcionperfilusuario` varchar(50) DEFAULT NULL,
  PRIMARY KEY (`codigoperfilusuario`)
) ENGINE=InnoDB AUTO_INCREMENT=4 DEFAULT CHARSET=utf8mb4 COLLATE=utf8mb4_0900_ai_ci;

--
-- Dumping data for table `perfilusuario`
--

INSERT INTO `perfilusuario` VALUES (1,'Administrador'),(2,'Proveedor'),(3,'Empresa');

--
-- Table structure for table `posicionescomprobantepago`
--

CREATE TABLE `posicionescomprobantepago` (
  `codigocomprobantepago` int NOT NULL,
  `codigoposicioncomprobantepago` int NOT NULL,
  `codigoproducto` varchar(100) DEFAULT NULL,
  `descripcionproducto` varchar(500) DEFAULT NULL,
  `cantidad` int DEFAULT NULL,
  `unidadmedida` varchar(100) DEFAULT NULL,
  `valorunitario` decimal(10,2) DEFAULT NULL,
  `impuesto` decimal(10,2) DEFAULT NULL,
  `preciounitario` decimal(10,2) DEFAULT NULL,
  `numerointernoentradamercaderia` varchar(10) DEFAULT NULL,
  `entradamercaderia` varchar(10) DEFAULT NULL,
  `referenciaentradamercaderia` varchar(25) DEFAULT NULL,
  `preciototal` decimal(10,2) DEFAULT NULL
) ENGINE=InnoDB DEFAULT CHARSET=utf8mb4 COLLATE=utf8mb4_0900_ai_ci;

--
-- Dumping data for table `posicionescomprobantepago`
--

INSERT INTO `posicionescomprobantepago` VALUES (100,1,'ALMPRO10008','STRETCH FILM DE 20 MICRAS X 20&quot; X 3.00',452,'UND',2282.60,410.87,5.05,'9910','6597','09T001-21440',2693.46),(101,1,'ROD10000128','RODAMIENTO 6308 2RS/C3',6,'UND',88.56,15.94,14.76,'9818','6541','09T001-3210',104.50),(102,1,'REPMEC10438','FAJA SPC 5300',10,'UND',578.70,104.17,57.87,'9440','6311','09T001-2977',682.86),(102,2,'REPVEH90082','FAJA DE VENTILADOR A-46',3,'UND',9.69,1.74,3.23,'9440','6311','09T001-2977',11.43),(103,1,'2411151','REFILE 1RA FARDOS',29380,'KGS',17628.00,3173.04,0.60,'10075','6696','09T001-2692',20801.04),(103,2,'2411170','TUCOS SUELTO',380,'KGS',136.80,24.62,0.36,'10075','6696','09T001-2692',161.42),(104,1,'ROD10000211','RODAMIENTO 74550 ASSY 090220 MCA. TIMKEN',2,'UND',3219.82,579.57,1609.91,'9542','6371','09T001-3052',3799.38),(104,2,'ROD10000732','TUERCA DE SEGURIDAD AN 28',2,'UND',319.24,57.46,159.62,'9542','6371','09T001-3052',376.70),(104,3,'ROD10000733','ARANDELA DE RETENCION W 28',2,'UND',117.38,21.13,58.69,'9542','6371','09T001-3052',138.50),(105,1,'EQUMAQ00133','MOTO REDUCTOR COAXIAL 2 HP, 1780 RPM, 230/460 V, 60 HZ, REDUCCION: 15',1,'UND',497.00,89.46,497.00,'9937','6611','09T001-3272',586.46),(106,1,'SIMMED00015','BOLSA COLOR ROJO PARA RESIDUOS 2 L',30,'UND',105.00,18.90,3.50,'10051','6685','09EG07-276',123.90),(107,1,'PERNO00160','AUTORROSCANTE 1/4&quot; X 1 1/2&quot; NC FIERRO GALVANIZADO',200,'UND',80.00,14.40,0.40,'10113','6727','09EG07-319',94.40),(114,1,'CONMAT10593','PINTURA AMARILLO PARA TRAFICO X GLN',10,'UND',435.00,78.30,43.50,'10109','6723','09EG07-318',513.30),(114,2,'THI0851','THINNER STANDAR  MCA. ANYPSA (GLN)',10,'UND',167.00,30.06,16.70,'10109','6723','09EG07-318',197.06),(114,3,'CONMAT10829','RODILLOS DE PINTURA 15CM',6,'UND',58.80,10.58,9.80,'10109','6723','09EG07-318',69.38),(114,4,'CONMAT10495','CINTA MASKING TAPE DE 1\\&quot;',24,'UND',63.60,11.45,2.65,'10109','6723','09EG07-318',75.04),(115,1,'EQUMAQ00130','ELECTROBOMBA CENTRIFUGA AUTOCEBANTE 1HP-220V AC ENTRADA Y SALIDA DE 1&quot;  CON REGULADOR DE PRESION O EASY PRESSINCORPORADO 220V-60-HZ IP-65 100PSI ENTRADA Y SALIDA DE 1&quot;PEDROLLO',1,'UND',1976.00,355.68,1976.00,'9998','6655','09EG07-277',2331.68),(116,1,'MATEST.00277','ANGULO T 1 1/2&quot; x 1 1/2&quot; x 1/8&quot;',4,'UND',252.00,45.36,63.00,'9997','6654','09EG07-281',297.36),(117,1,'CONMAT10372','ANGULO 1/4\\&quot; X 1.1/2\\&quot; X 1.1/2\\&quot; X 6 M  ASTM A36',5,'UND',345.00,62.10,69.00,'10111','6725','09EG07-282',407.10),(117,2,'HER.MEC.00284','ESCUADRA DE PLANCHA METALICA DE 24&quot;',1,'UND',29.80,5.36,29.80,'10111','6725','09EG07-282',35.16),(117,3,'CONMAT10017','ELECTRODO CELLOCORD AP 6011 DE 1/8&quot;',2,'KGS',32.00,5.76,16.00,'10111','6725','09EG07-282',37.76),(117,4,'MATEST.00276','RIEL UNICANAL 2&quot; x 2&quot; x 1/8&quot; x 6MT',1,'UND',278.00,50.04,278.00,'10111','6725','09EG07-282',328.04),(117,5,'MATEST.00272','RUEDA PARA PUERTA CORREDIZA',3,'UND',108.00,19.44,36.00,'10111','6725','09EG07-282',127.44),(117,6,'HERELE00034','PORTA ELECTRODO 500 AMP - TRUPER',2,'UND',98.00,17.64,49.00,'10111','6725','09EG07-282',115.64),(117,7,'REP.ELE.00197','CABLE CON TENAZA A TIERRA PARA MAQUIAN DE SOLDAR WARC CON TERMINALES',2,'UND',376.00,67.68,188.00,'10111','6725','09EG07-282',443.68),(118,1,'MATEST.00199','GARRUCHA DE 5&quot; NYLON GIRATORIA',3,'UND',60.00,10.80,20.00,'10112','6726','09EG07-317',70.80),(118,2,'MATEST.00278','GARRUCHA INDUSTRIAL FIJA DE PLATAFORMA DE GOMA DE 3 1/2&quot; KAMASA',2,'UND',58.00,10.44,29.00,'10112','6726','09EG07-317',68.44),(118,3,'MATEST.00200','GARRUCHA DE 5&quot; NYLON FIJAS',2,'UND',60.00,10.80,30.00,'10112','6726','09EG07-317',70.80),(119,1,'SUMTI0010','KIT DESTORINILLADORES PARA COMPUTADORA SHOWPIN 122',1,'UND',325.00,58.50,383.50,'3549','1892','0907-291',383.50),(120,1,'2411151','REFILE 1RA FARDOS',32960,'KGS',19776.00,3559.68,0.60,'9978','6643','09T001-2631',23335.68),(121,1,'ROD10000316','RODAMIENTO 22219 K C3',2,'UND',306.80,55.22,362.02,'6884','4714','09T001-1440',362.02),(121,2,'ROD10000144','MANGUITO DE FIJACION H319',2,'UND',47.28,8.51,55.79,'6884','4714','09T001-1440',55.79),(122,1,'ROD10000087','RODAMIENTO 7314 B MCA. FAG',2,'UND',185.50,33.39,218.89,'6886','4716','09T001-1441',218.89),(122,2,'ROD10000017','RODAMIENTO NJ220 E',1,'UND',134.38,24.19,158.57,'6886','4716','09T001-1441',158.56),(122,3,'ROD10000082','RODAMIENTO NJ 2214 E',1,'UND',81.80,14.72,96.52,'6886','4716','09T001-1441',96.52),(122,4,'PERNO00114','TUERCA KM 14',1,'UND',1.93,0.35,2.28,'6886','4716','09T001-1441',2.27),(122,5,'REP.MEC.00430','CRUCETA MB14',1,'UND',0.40,0.07,0.47,'6886','4716','09T001-1441',0.47),(122,6,'RET10000110','RETEN 100 X 120 X 13 MM',2,'UND',7.16,1.29,8.45,'6886','4716','09T001-1441',8.44),(123,1,'ROD10000070','RODAMIENTO 3310 A/C3',1,'UND',67.84,12.20,80.04,'4503','3199','09002-98761',80.05),(123,2,'ROD10000393','RODAMIENTO 7310 B',1,'UND',59.90,10.78,70.68,'4503','3199','09002-98761',70.68),(123,3,'RET1000167','RETEN 48 X 70 X 10 MM',2,'UND',2.54,0.46,3.00,'4503','3199','09002-98761',2.99),(123,4,'RET1000176','RETEN 2.25 X 1.50 X 0.51 PULG',2,'UND',1.92,0.35,2.27,'4503','3199','09002-98761',2.26),(123,5,'RET1000177','RETEN 38.1 X 57.15 X 7.95 MM',2,'UND',1.92,0.35,2.27,'4503','3199','09002-98761',2.26),(124,1,'ROD10000030','RODILLO DE APOYO NUTR 35 = MCYRD 35 MCA. MC GI',6,'UND',445.14,80.13,525.27,'2853','2122','09002-97253',525.26),(124,2,'ROD0809','RODAMIENTO HR30206 J MCA. NSK',4,'UND',36.68,6.60,43.28,'2853','2122','09002-97253',43.28),(125,1,'MATEST00182','CORTINA PVC FLEXIBLE TRANSPARENTE RIBETEADA ESTILO PVC-TC-RIB, 20CMS DE ANCHO X 3MM DE ESPESOR',7,'UND',5026.00,904.68,5930.68,'6173','3731','09EG07-329',5930.68),(126,1,'ROD10000030','RODILLO DE APOYO NUTR 35 = MCYRD 35 MCA. MC GI',6,'UND',445.14,80.13,525.27,'2853','2122','09002-97253',525.26),(126,2,'ROD0809','RODAMIENTO HR30206 J MCA. NSK',4,'UND',36.68,6.60,43.28,'2853','2122','09002-97253',43.28),(127,1,'HER.MEC.00121','JUEGO DE LLAVES ALLEN MILIMETRICAS',11,'UND',363.00,65.34,33.00,'10167','6752','09EG07-337',428.34),(127,2,'HER.MEC.00122','JUEGO DE LLAVES ALLEN EN PULGADAS',11,'UND',363.00,65.34,33.00,'10167','6752','09EG07-337',428.34),(127,3,'HER.MEC.00126','LLAVE MIXTA 33 MM MCA. STANLEY',6,'UND',756.00,136.08,126.00,'10167','6752','09EG07-337',892.08),(127,4,'HER.MEC.00134','LLAVE MIXTA 1 5/16\\&quot; MCA. STANLEY',6,'UND',474.00,85.32,79.00,'10167','6752','09EG07-337',559.32),(128,1,'ROD10000030','RODILLO DE APOYO NUTR 35 = MCYRD 35 MCA. MC GI',6,'UND',445.14,80.13,525.27,'2853','2122','09002-97253',525.26),(128,2,'ROD0809','RODAMIENTO HR30206 J MCA. NSK',4,'UND',36.68,6.60,43.28,'2853','2122','09002-97253',43.28),(129,1,'SERV00004','CERTIFICADO DE OPERATIVIDAD DE HORNOS TUBOS 1-2-3-4',1,'UND',2800.00,504.00,3304.00,'3566','1899','99001-1137',3304.00),(130,1,'2411151','REFILE 1RA FARDOS',38910,'KGS',23346.00,4202.28,0.60,'10305','6840','09T001-2797',27548.28),(130,2,'2411170','TUCOS SUELTO',1430,'KGS',514.80,92.66,0.36,'10305','6840','09T001-2797',607.46),(131,1,'SERV29','EXAMEN MEDICO PREOCUPACIONAL SEGUN PROTOCOLO',3,'UND',618.00,111.24,729.24,'1245','556','ene-2024',729.24),(131,2,'SERV29','EXAMEN MEDICO PREOCUPACIONAL SEGUN PROTOCOLO',2,'UND',398.00,71.64,469.64,'1245','556','ene-2024',469.64),(131,3,'SERV29','EXAMEN MEDICO PREOCUPACIONAL SEGUN PROTOCOLO',3,'UND',723.00,130.14,853.14,'1245','556','ene-2024',853.14),(131,4,'SERV29','EXAMEN MEDICO PREOCUPACIONAL SEGUN PROTOCOLO',1,'UND',253.00,45.54,298.54,'1245','556','ene-2024',298.54),(131,5,'SERV29','EXAMEN MEDICO PREOCUPACIONAL SEGUN PROTOCOLO',1,'UND',192.00,34.56,226.56,'1245','556','ene-2024',226.56),(131,6,'SERV29','EXAMEN MEDICO PREOCUPACIONAL SEGUN PROTOCOLO',2,'UND',384.00,69.12,453.12,'1245','556','ene-2024',453.12),(131,7,'SERV29','EXAMEN MEDICO PREOCUPACIONAL SEGUN PROTOCOLO',2,'UND',158.00,28.44,186.44,'1245','556','ene-2024',186.44),(132,1,'CONMAT10301','SEALON JOINT SEALANT 20MM X 7MM X 5M (100% VIRGEN PTFE)',5,'UND',995.00,179.10,199.00,'10166','6751','09EG07-336',1174.10),(132,2,'MATEST.00112','VARILLA ROSCADA DE 5/8&quot; X 1M SAE 1045',3,'UND',174.00,31.32,58.00,'10166','6751','09EG07-336',205.32),(132,3,'RED0693','REDUCCION CAMPANA GALV. DE 2 1/2\\&quot; A 1 1/4\\&quot;',10,'UND',180.00,32.40,18.00,'10166','6751','09EG07-336',212.40),(132,4,'INS.CON.00173','FORMADOR DE EMPAQUETADURA ADEX 143 GR',3,'UND',39.00,7.02,13.00,'10166','6751','09EG07-336',46.02),(132,5,'CONMAT10011','SILICONA ABRO 2400 X 10 ONZAS (ALTA TEMPERATURA)',5,'UND',132.50,23.85,26.50,'10166','6751','09EG07-336',156.35),(132,6,'REP.EFL.00485','NIPLE 1&quot; X 2&quot; NPT SCH 40 SAE 1045',5,'UND',9.50,1.71,1.90,'10166','6751','09EG07-336',11.21),(132,7,'CONMAT10130','PERNO 1/2&quot; X 2&quot; NC GRADO 8 (COMPLETO)',30,'UND',24.00,4.32,0.80,'10166','6751','09EG07-336',28.32),(132,8,'CONMAT10124','PERNO 5/8&quot; X 2&quot; NC GRADO 8 (COMPLETO)',30,'UND',54.00,9.72,1.80,'10166','6751','09EG07-336',63.72),(133,1,'INSCON00133','DISCO POLIFAN GRADO 60  1 1/2&quot; X 7/8&quot;',12,'UND',153.60,27.65,181.25,NULL,NULL,'09EG07-353',181.24),(133,2,'INSCON00012','TRAPO INDUSTRIAL SUELTO (NO COCIDO)',50,'KGS',207.50,37.35,244.85,NULL,NULL,'09EG07-353',244.85),(133,3,'MI00435','CARBON PARA AMOLADORA BOSCH 4 1/2 BOSCH',6,'UND',234.00,42.12,276.12,NULL,NULL,'09EG07-353',276.12),(133,4,'REPPER00151','TIRAFON 1/4&quot; X 3/4&quot; ZINCADO',50,'UND',5.00,0.90,5.90,NULL,NULL,'09EG07-353',5.90),(133,5,'REPELE00103','TOMACORRIENTE DOBLE C/LINEA A TIERRA BTICINO AP122',8,'UND',100.00,18.00,118.00,NULL,NULL,'09EG07-352',118.00),(133,6,'INSCON00023','ELECTRODO PUNTO AZUL E6011 X 1/8&quot;',15,'KGS',240.00,43.20,283.20,NULL,NULL,'09EG07-352',283.20),(133,7,'HERMEC00146','BROCA COBALTADA 5 MM',2,'UND',16.00,2.88,18.88,NULL,NULL,'09EG07-352',18.88),(133,8,'HERMEC00150','BROCA COBALTADA 7 MM',2,'UND',20.00,3.60,23.60,NULL,NULL,'09EG07-352',23.60),(133,9,'HERMEC00152','BROCA COBALTADA 8 MM',2,'UND',24.00,4.32,28.32,NULL,NULL,'09EG07-352',28.32),(133,10,'HERMEC00156','BROCA COBALTADA 10 MM',2,'UND',38.00,6.84,44.84,NULL,NULL,'09EG07-352',44.84),(134,1,'2411151','REFILE 1RA FARDOS',22500,'KGS',13500.00,2430.00,0.60,'10409','6897','09T001-2853',15930.00),(134,2,'2411170','TUCOS SUELTO',290,'KGS',104.40,18.79,0.36,'10409','6897','09T001-2853',123.19),(135,1,'REPELE00103','TOMACORRIENTE DOBLE C/LINEA A TIERRA BTICINO AP122',8,'UND',100.00,18.00,118.00,NULL,NULL,'09EG07-352',118.00),(135,2,'INSCON00023','ELECTRODO PUNTO AZUL E6011 X 1/8&quot;',15,'KGS',240.00,43.20,283.20,NULL,NULL,'09EG07-352',283.20),(135,3,'HERMEC00146','BROCA COBALTADA 5 MM',2,'UND',16.00,2.88,18.88,NULL,NULL,'09EG07-352',18.88),(135,4,'HERMEC00150','BROCA COBALTADA 7 MM',2,'UND',20.00,3.60,23.60,NULL,NULL,'09EG07-352',23.60),(135,5,'HERMEC00152','BROCA COBALTADA 8 MM',2,'UND',24.00,4.32,28.32,NULL,NULL,'09EG07-352',28.32),(135,6,'HERMEC00156','BROCA COBALTADA 10 MM',2,'UND',38.00,6.84,44.84,NULL,NULL,'09EG07-352',44.84),(135,7,'PERNO34','PERNO SOCKET M8 X 15 MM',50,'UND',25.00,4.50,29.50,NULL,NULL,'09EG07-352',29.50),(135,8,'PERNO124','PERNO SOCKET M10 X 16MM',50,'UND',24.50,4.41,28.91,NULL,NULL,'09EG07-352',28.91),(135,9,'MI00083','CINTA TEFLON 1/2 X 12MT',10,'UND',4.90,0.88,5.78,NULL,NULL,'09EG07-352',5.78),(135,10,'MI01103','MACHO M6',1,'UND',70.00,12.60,82.60,NULL,NULL,'09EG07-352',82.60),(136,1,'INSCON00133','DISCO POLIFAN GRADO 60  1 1/2&quot; X 7/8&quot;',12,'UND',153.60,27.65,181.25,'6224','3758','09EG07-353',181.24),(136,2,'INSCON00012','TRAPO INDUSTRIAL SUELTO (NO COCIDO)',50,'KGS',207.50,37.35,244.85,'6224','3758','09EG07-353',244.85),(136,3,'MI00435','CARBON PARA AMOLADORA BOSCH 4 1/2 BOSCH',6,'UND',234.00,42.12,276.12,'6224','3758','09EG07-353',276.12),(136,4,'REPPER00151','TIRAFON 1/4&quot; X 3/4&quot; ZINCADO',50,'UND',5.00,0.90,5.90,'6224','3758','09EG07-353',5.90),(136,5,'REPELE00103','TOMACORRIENTE DOBLE C/LINEA A TIERRA BTICINO AP122',8,'UND',100.00,18.00,118.00,'6223','3757','09EG07-352',118.00),(136,6,'INSCON00023','ELECTRODO PUNTO AZUL E6011 X 1/8&quot;',15,'KGS',240.00,43.20,283.20,'6223','3757','09EG07-352',283.20),(136,7,'HERMEC00146','BROCA COBALTADA 5 MM',2,'UND',16.00,2.88,18.88,'6223','3757','09EG07-352',18.88),(136,8,'HERMEC00150','BROCA COBALTADA 7 MM',2,'UND',20.00,3.60,23.60,'6223','3757','09EG07-352',23.60),(136,9,'HERMEC00152','BROCA COBALTADA 8 MM',2,'UND',24.00,4.32,28.32,'6223','3757','09EG07-352',28.32),(136,10,'HERMEC00156','BROCA COBALTADA 10 MM',2,'UND',38.00,6.84,44.84,'6223','3757','09EG07-352',44.84),(137,1,'SAT00355','SERVICIO DE FABRICADO Y CERTIFICACION ESPATULA GRANDE',8,'UND',464.00,83.52,547.52,'3667','1949','99001-1040',547.52),(138,1,'SAT00355','SERVICIO DE FABRICADO Y CERTIFICACION ESPATULA GRANDE',3,'UND',174.00,31.32,205.32,'3668','1950','99001-1041',205.32),(139,1,'SAT00349','SERVICIO DE FABRICADO Y CERTIFICACION EN ESPATULA PEQUEÑA',9,'UND',427.50,76.95,504.45,'3669','1951','99001-1039',504.45),(139,2,'SAT00355','SERVICIO DE FABRICADO Y CERTIFICACION ESPATULA GRANDE',1,'UND',58.00,10.44,68.44,'3669','1951','99001-1039',68.44),(140,1,'SAT00350','SERVICIO DE FABRICADO Y CERTIFICACION EN PALANCA GRANDE',5,'UND',337.50,60.75,398.25,'3670','1952','99001-1038',398.25),(140,2,'SAT00349','SERVICIO DE FABRICADO Y CERTIFICACION EN ESPATULA PEQUEÑA',3,'UND',142.50,25.65,168.15,'3670','1952','99001-1038',168.15),(141,1,'SAT00350','SERVICIO DE FABRICADO Y CERTIFICACION EN PALANCA GRANDE',7,'UND',472.50,85.05,557.55,'3671','1953','99001-1037',557.55),(142,1,'ALMPRO10008','STRETCH FILM DE 20 MICRAS X 20&quot; X 3.00',328,'UND',1656.40,298.15,5.05,'10250','6797','09T001-22293',1954.55),(143,1,'SERGHUM0008','EXAMEN MEDICO ANUAL SEGUN PROTOCOLO',1,'UND',79.00,14.22,93.22,'1263','563','ene-24',93.22);

--
-- Table structure for table `proceso`
--

CREATE TABLE `proceso` (
  `codigoproceso` int NOT NULL AUTO_INCREMENT,
  `descripcionproceso` varchar(50) DEFAULT NULL,
  `nivelproceso` int DEFAULT NULL,
  `codigoprocesopadre` int DEFAULT NULL,
  `iconoproceso` varchar(50) DEFAULT NULL,
  `rutaproceso` varchar(50) DEFAULT NULL,
  `ordenproceso` int DEFAULT NULL,
  PRIMARY KEY (`codigoproceso`)
) ENGINE=InnoDB AUTO_INCREMENT=50 DEFAULT CHARSET=utf8mb4 COLLATE=utf8mb4_0900_ai_ci;

--
-- Dumping data for table `proceso`
--

INSERT INTO `proceso` VALUES (1,'Principal',1,NULL,NULL,NULL,1),(2,'Inicio',2,1,'home','/dashboard',NULL),(3,'Proveedor',1,NULL,NULL,NULL,5),(4,'Registrar datos de proveedor',2,3,'user-plus','/proveedor/crear/nuevo',NULL),(5,'Configuraciones',1,NULL,NULL,NULL,2),(6,'Sociedad',2,5,'settings','/configuraciones/sociedad',NULL),(7,'Tipo de cuenta',2,5,'settings','/configuraciones/tipocuenta',NULL),(8,'Tipo de agente',2,5,'settings','/configuraciones/tipoagente',NULL),(9,'Distrito',2,5,'settings','/configuraciones/distrito',NULL),(10,'Sociedad',2,5,'settings','/configuraciones/sociedad',NULL),(11,'Idioma',2,5,'settings','/configuraciones/idioma',NULL),(12,'Tratamiento',2,5,'settings','/configuraciones/tratamiento',NULL),(13,'Departamento laboral',2,5,'settings','/configuraciones/departamentolaboral',NULL),(14,'Función laboral',2,5,'settings','/configuraciones/funcionlaboral',NULL),(15,'Moneda',2,5,'settings','/configuraciones/moneda',NULL),(16,'Tipo de cuenta',2,5,'settings','/configuraciones/tipocuenta',NULL),(17,'Banco',2,5,'settings','/configuraciones/banco',NULL),(18,'Tipo de retención',2,5,'settings','/configuraciones/tiporetencion',NULL),(19,'Indicador de retención',2,5,'settings','/configuraciones/indicadorretencion',NULL),(20,'Tipo de detracción',2,5,'settings','/configuraciones/tipodetraccion',NULL),(21,'Indicador de detracción',2,5,'settings','/configuraciones/indicadordetraccion',NULL),(22,'Vías de pago',2,5,'settings','/configuraciones/viapago',NULL),(23,'Cuenta asociada',2,5,'settings','/configuraciones/cuentaasociada',NULL),(24,'Organización de compra',2,5,'settings','/configuraciones/organizacioncompra',NULL),(25,'Grupo de compra',2,5,'settings','/configuraciones/grupocompra',NULL),(26,'Condición de pago',2,5,'settings','/configuraciones/condicionpago',NULL),(27,'Grupo esquema proveedor',2,5,'settings','/configuraciones/grupoesquemaproveedor',NULL),(28,'Órdenes de Compra',1,NULL,NULL,NULL,4),(29,'Ver: Órdenes de compra',2,28,'file-text','/ordencompra/ordencompralista',NULL),(30,'Solicitud de creación',2,3,'file-plus','/proveedor/evaluacion/solicitud',NULL),(31,'Aprobación',2,3,'user-check','/proveedor/evaluacion/aprobacion',NULL),(32,'Usuario',1,NULL,NULL,NULL,3),(33,'Documentos Electrónicos',1,NULL,NULL,NULL,6),(34,'Mi Perfil',1,NULL,NULL,NULL,7),(35,'Gestionar',2,32,'user-plus','/administracion/usuario/listar',NULL),(36,'Cargar documento',2,33,'file-plus','/documentoselectronicos/listadocumentos/registro',NULL),(37,'Reporte documentos',2,33,'file-text','/documentoselectronicos/listadocumentos/reporte',NULL),(38,'Comprobantes de pago',2,33,'file-text','/comprobantespago/listacomprobantes',NULL),(39,'Perfil',2,34,'user','/administracion/usuario/detalle/perfil',NULL),(41,'Notas Contables',2,33,'file-text','/notascontables/listanotascontables',NULL),(42,'Contabilización de Facturas',2,33,'file-text','/documentoselectronicos/contabilizacion',NULL),(43,'Ver: Entr. merc. / Acept. serv.',2,28,'file-text','/entradamercaderia/entradamercaderiaservicio',NULL),(44,'Cambio ID validación SUNAT',2,5,'settings','/configuraciones/sociedadsunat',NULL),(45,'Gestión documental',2,34,'folder','/gestiondocumental',NULL),(46,'Flujo de aprobación',2,5,'settings','/configuraciones/flujoaprobacion',NULL),(47,'Rol',2,32,'user','/administracion/usuario/rolusuario',NULL),(48,'Perfil',2,32,'user','/administracion/usuario/perfilusuario',NULL),(49,'Proceso por rol',2,32,'user','/administracion/usuario/procesorolusuario',NULL);

--
-- Table structure for table `procesorolsuario`
--

CREATE TABLE `procesorolsuario` (
  `codigoprocesorolsuario` int NOT NULL AUTO_INCREMENT,
  `codigoproceso` int DEFAULT NULL,
  `codigorolusuario` int DEFAULT NULL,
  PRIMARY KEY (`codigoprocesorolsuario`),
  KEY `FK_CodigoProceso` (`codigoproceso`),
  KEY `FK_RolUsuario` (`codigorolusuario`),
  CONSTRAINT `FK_CodigoProceso` FOREIGN KEY (`codigoproceso`) REFERENCES `proceso` (`codigoproceso`),
  CONSTRAINT `FK_RolUsuario` FOREIGN KEY (`codigorolusuario`) REFERENCES `rolusuario` (`codigorolusuario`)
) ENGINE=InnoDB AUTO_INCREMENT=129 DEFAULT CHARSET=utf8mb4 COLLATE=utf8mb4_0900_ai_ci;

--
-- Dumping data for table `procesorolsuario`
--

INSERT INTO `procesorolsuario` VALUES (1,1,1),(2,2,1),(3,3,1),(4,4,1),(5,5,1),(6,6,1),(8,8,1),(28,28,1),(29,29,1),(30,30,1),(31,31,1),(32,30,3),(33,3,3),(34,3,2),(35,4,2),(36,31,5),(37,3,5),(38,32,1),(39,33,1),(40,34,1),(41,35,1),(42,36,1),(43,37,1),(45,39,1),(47,34,2),(48,39,2),(50,34,3),(51,39,3),(53,34,5),(54,39,5),(59,34,6),(60,39,6),(61,28,6),(62,29,6),(63,33,6),(64,36,6),(65,37,6),(67,1,2),(68,2,2),(69,1,3),(70,2,3),(71,1,5),(72,2,5),(73,1,6),(74,2,6),(76,42,4),(78,1,4),(79,2,4),(80,34,4),(81,39,4),(83,33,4),(84,28,3),(85,29,3),(86,43,3),(87,33,3),(88,38,3),(89,1,7),(90,2,7),(91,3,7),(92,28,7),(93,29,7),(94,30,7),(95,33,7),(96,34,7),(97,38,7),(98,39,7),(100,43,7),(101,31,7),(102,38,4),(103,38,6),(104,1,8),(105,2,8),(106,5,8),(107,44,8),(108,45,3),(109,45,4),(110,45,5),(111,45,6),(112,45,7),(113,46,1),(114,28,4),(115,29,4),(116,43,4),(117,28,5),(118,29,5),(119,33,5),(120,38,5),(121,45,1),(122,47,1),(123,48,1),(124,16,1),(125,43,1),(126,42,1),(127,36,8),(128,37,7);

--
-- Table structure for table `proveedor`
--

CREATE TABLE `proveedor` (
  `codigoproveedor` int NOT NULL AUTO_INCREMENT,
  `nif` varchar(20) DEFAULT NULL,
  `razonsocial` varchar(100) DEFAULT NULL,
  `nombrecomercial` varchar(100) DEFAULT NULL,
  `direcciondomiciliofiscal` varchar(200) DEFAULT NULL,
  `codigopais` varchar(2) DEFAULT NULL,
  `codigopaissunat` varchar(4) DEFAULT NULL,
  `codigodepartamento` varchar(4) DEFAULT NULL,
  `codigoprovincia` varchar(25) DEFAULT NULL,
  `codigodistrito` varchar(25) DEFAULT NULL,
  `codigopostal` varchar(4) DEFAULT NULL,
  `codigoubigeo` varchar(6) DEFAULT NULL,
  `correoelectronico` varchar(150) DEFAULT NULL,
  `correoelectronicojefatura` varchar(150) DEFAULT NULL,
  `codigoidioma` varchar(3) DEFAULT NULL,
  `estadoproveedor` varchar(10) DEFAULT NULL,
  `codigoviapago` varchar(4) DEFAULT NULL,
  `codigotiporetencion` char(2) DEFAULT NULL,
  `codigoindicadorretencion` char(2) DEFAULT NULL,
  `codigotipodetraccion` char(2) DEFAULT NULL,
  `codigoindicadordetraccion` char(2) DEFAULT NULL,
  `codigocuentaasociada` varchar(4) DEFAULT NULL,
  `verificacionfracciondoble` bit(1) DEFAULT NULL,
  `codigoorganizacioncompra` varchar(4) DEFAULT NULL,
  `codigomoneda` char(3) DEFAULT NULL,
  `codigogrupocompra` varchar(4) DEFAULT NULL,
  `codigocondicionpago` varchar(4) DEFAULT NULL,
  `codigogrupoesquemaproveedor` varchar(4) DEFAULT NULL,
  `afectodetraccion` bit(1) DEFAULT b'0',
  `agenteretencion` bit(1) DEFAULT b'0',
  `agentepercepcion` bit(1) DEFAULT b'0',
  `buencontribuyente` bit(1) DEFAULT b'0',
  `fechacreacion` date DEFAULT NULL,
  `codigotipoagente` char(1) DEFAULT NULL,
  `apellidopaterno` varchar(100) DEFAULT NULL,
  `apellidomaterno` varchar(100) DEFAULT NULL,
  `nombre` varchar(100) DEFAULT NULL,
  `segundonombre` varchar(100) DEFAULT NULL,
  `tienenegocio` bit(1) DEFAULT NULL,
  PRIMARY KEY (`codigoproveedor`)
) ENGINE=InnoDB AUTO_INCREMENT=100 DEFAULT CHARSET=utf8mb4 COLLATE=utf8mb4_0900_ai_ci;

--
-- Dumping data for table `proveedor`
--

INSERT INTO `proveedor` VALUES (43,'20507939580','SOLPACK SOCIEDAD ANONIMA CERRADA - SOLPACK S.A.C.','SOLPACK SOCIEDAD ANONIMA CERRADA - SOLPACK S.A.C.','AV. PRINCIPAL-1 MZA. A-2 LOTE 1-2 Z.I. LOTIZACION INDUSTRIAL HUA ',NULL,NULL,NULL,NULL,NULL,NULL,NULL,'kvillafuerte@solpack.com.pe',NULL,NULL,'0104',NULL,NULL,NULL,NULL,NULL,NULL,NULL,NULL,NULL,NULL,NULL,NULL,_binary '\0',_binary '\0',_binary '\0',_binary '\0','2024-02-09',NULL,NULL,NULL,NULL,NULL,NULL),(44,'20386659959','DUCASSE COMERCIAL S.A.','DUCASSE COMERCIAL S.A.','AV. ROOSEVELT - ANTES REPUBLI NRO 6426 URB. SAN ANTONIO ',NULL,NULL,NULL,NULL,NULL,NULL,NULL,'caja@ducasse.com.pe',NULL,NULL,'0104',NULL,NULL,NULL,NULL,NULL,NULL,NULL,NULL,NULL,NULL,NULL,NULL,_binary '\0',_binary '\0',_binary '\0',_binary '\0','2024-02-09',NULL,NULL,NULL,NULL,NULL,NULL),(45,'20510910517','VENTURA SOLUCIONES S.A.C.','VENTURA SOLUCIONES S.A.C.','AV. JOSE PARDO NRO 575 DEP. 301 ',NULL,NULL,NULL,NULL,NULL,NULL,NULL,'ogallegos@vsperu.com',NULL,NULL,'0104',NULL,NULL,NULL,NULL,NULL,NULL,NULL,NULL,NULL,NULL,NULL,NULL,_binary '\0',_binary '\0',_binary '\0',_binary '\0','2024-02-09',NULL,NULL,NULL,NULL,NULL,NULL),(46,'20100172624','CERUTI FABRICA DE ENVASES DE CARTON S A','CERUTI FABRICA DE ENVASES DE CARTON S A','CAR. CENTRAL Z.I. ÑAÑA KM. 18.5 ',NULL,NULL,NULL,NULL,NULL,NULL,NULL,'lizeth.jimenez@ceruti-sa.com',NULL,NULL,'0104',NULL,NULL,NULL,NULL,NULL,NULL,NULL,NULL,NULL,NULL,NULL,NULL,_binary '\0',_binary '\0',_binary '\0',_binary '\0','2024-02-09',NULL,NULL,NULL,NULL,NULL,NULL),(47,'20329652379','AUCCAPIÑA HERMANOS SOCIEDAD ANONIMA - AUCCAPIÑA HNOS S.A.','AUCCAPIÑA HERMANOS SOCIEDAD ANONIMA - AUCCAPIÑA HNOS S.A.','CAR. PANAMERICANA SUR MZA. C LOTE 41 A.V. MUTUAL AYACUCHO KM. 17.8 ',NULL,NULL,NULL,NULL,NULL,NULL,NULL,'administracionsur@auccapinahnos.com.pe',NULL,NULL,'0104',NULL,NULL,NULL,NULL,NULL,NULL,NULL,NULL,NULL,NULL,NULL,NULL,_binary '\0',_binary '\0',_binary '\0',_binary '\0','2024-02-09',NULL,NULL,NULL,NULL,NULL,NULL),(48,'20544813651','CMYK SMART SOLUTIONS  E.I.R.L','CMYK SMART SOLUTIONS  E.I.R.L','AV. BERNARDO BALAGUER NRO 166 URB. ÑAÑA ',NULL,NULL,NULL,NULL,NULL,NULL,NULL,'Je.Munoz@cmyk.pe',NULL,NULL,'0104',NULL,NULL,NULL,NULL,NULL,NULL,NULL,NULL,NULL,NULL,NULL,NULL,_binary '\0',_binary '\0',_binary '\0',_binary '\0','2024-02-09',NULL,NULL,NULL,NULL,NULL,NULL),(49,'20544813651','CMYK SMART SOLUTIONS  E.I.R.L','CMYK SMART SOLUTIONS  E.I.R.L','AV. BERNARDO BALAGUER NRO 166 URB. ÑAÑA ',NULL,NULL,NULL,NULL,NULL,NULL,NULL,'Je.Munoz@cmyk.pe',NULL,NULL,'0104',NULL,NULL,NULL,NULL,NULL,NULL,NULL,NULL,NULL,NULL,NULL,NULL,_binary '\0',_binary '\0',_binary '\0',_binary '\0','2024-02-11',NULL,NULL,NULL,NULL,NULL,NULL),(50,'20544813651','CMYK SMART SOLUTIONS  E.I.R.L','CMYK SMART SOLUTIONS  E.I.R.L','AV. BERNARDO BALAGUER NRO 166 URB. ÑAÑA ',NULL,NULL,NULL,NULL,NULL,NULL,NULL,'Je.Munoz@cmyk.pe',NULL,NULL,'0104',NULL,NULL,NULL,NULL,NULL,NULL,NULL,NULL,NULL,NULL,NULL,NULL,_binary '\0',_binary '\0',_binary '\0',_binary '\0','2024-02-11',NULL,NULL,NULL,NULL,NULL,NULL),(51,'20544813651','CMYK SMART SOLUTIONS  E.I.R.L','CMYK SMART SOLUTIONS  E.I.R.L','AV. BERNARDO BALAGUER NRO 166 URB. ÑAÑA ',NULL,NULL,NULL,NULL,NULL,NULL,NULL,'Je.Munoz@cmyk.pe',NULL,NULL,'0104',NULL,NULL,NULL,NULL,NULL,NULL,NULL,NULL,NULL,NULL,NULL,NULL,_binary '\0',_binary '\0',_binary '\0',_binary '\0','2024-02-11',NULL,NULL,NULL,NULL,NULL,NULL),(52,'20544813651','CMYK SMART SOLUTIONS  E.I.R.L','CMYK SMART SOLUTIONS  E.I.R.L','AV. BERNARDO BALAGUER NRO 166 URB. ÑAÑA ',NULL,NULL,NULL,NULL,NULL,NULL,NULL,'Je.Munoz@cmyk.pe',NULL,NULL,'0104',NULL,NULL,NULL,NULL,NULL,NULL,NULL,NULL,NULL,NULL,NULL,NULL,_binary '\0',_binary '\0',_binary '\0',_binary '\0','2024-02-11',NULL,NULL,NULL,NULL,NULL,NULL),(53,'20555113731','MEDICINA EMPRESARIAL DE PREVENCION EN SALUD OCUPACIONAL S.A.C.','MEDICINA EMPRESARIAL DE PREVENCION EN SALUD OCUPACIONAL S.A.C.','AV. JOSE FAUSTINO SANCHEZ CAR NRO 154 URB. PERSHING ',NULL,NULL,NULL,NULL,NULL,NULL,NULL,'hlanda@mepso.com.pe',NULL,NULL,'0104',NULL,NULL,NULL,NULL,NULL,NULL,NULL,NULL,NULL,NULL,NULL,NULL,_binary '\0',_binary '\0',_binary '\0',_binary '\0','2024-02-19',NULL,NULL,NULL,NULL,NULL,NULL),(54,'20566588821','RVM CORPORACION S.A.C.','RVM CORPORACION S.A.C.','JR. LOS PETIROJOS NRO 376 DEP. 101 ',NULL,NULL,NULL,NULL,NULL,NULL,NULL,'VENTAS@RVMCORPORACION.COM.PE',NULL,NULL,'0104',NULL,NULL,NULL,NULL,NULL,NULL,NULL,NULL,NULL,NULL,NULL,NULL,_binary '\0',_binary '\0',_binary '\0',_binary '\0','2024-02-19',NULL,NULL,NULL,NULL,NULL,NULL),(55,'20544405536','COMERCIAL FERRETERA ORION S.A.C','COMERCIAL FERRETERA ORION S.A.C','JR. ORTIGAS MZA. B LOTE 3 A.V. MONTERREY ',NULL,NULL,NULL,NULL,NULL,NULL,NULL,'comercialorionsac@hotmail.com',NULL,NULL,'0104',NULL,NULL,NULL,NULL,NULL,NULL,NULL,NULL,NULL,NULL,NULL,NULL,_binary '\0',_binary '\0',_binary '\0',_binary '\0','2024-02-19',NULL,NULL,NULL,NULL,NULL,NULL),(56,'20552555806','BAFER ENERGY ECONOMIC S.A.C.','BAFER ENERGY ECONOMIC S.A.C.','CAL. LEON PINELO NRO 118 URB. COLONIAL ',NULL,NULL,NULL,NULL,NULL,NULL,NULL,'contabilidad@bafer.com.pe',NULL,NULL,'0104',NULL,NULL,NULL,NULL,NULL,NULL,NULL,NULL,NULL,NULL,NULL,NULL,_binary '\0',_binary '\0',_binary '\0',_binary '\0','2024-02-19',NULL,NULL,NULL,NULL,NULL,NULL),(57,'20607342432','SSIMA - TECH PERU S.R.L.','SSIMA - TECH PERU S.R.L.','AV. SAN LUIS NRO 3084 A.H. TODOS LOS SANTOS ',NULL,NULL,NULL,NULL,NULL,NULL,NULL,'moisespichardo@hotmail.com',NULL,NULL,'0104',NULL,NULL,NULL,NULL,NULL,NULL,NULL,NULL,NULL,NULL,NULL,NULL,_binary '\0',_binary '\0',_binary '\0',_binary '\0','2024-02-19',NULL,NULL,NULL,NULL,NULL,NULL),(58,'20610354239','CONSORCIO HIZA S.A.C.','CONSORCIO HIZA S.A.C.','CAL. LOS LAURELES NRO 298 ASC. HUERTIZACIÓN PROGRESO LA ',NULL,NULL,NULL,NULL,NULL,NULL,NULL,'consorciohizamantenimientoperu@gmail.com',NULL,NULL,'0104',NULL,NULL,NULL,NULL,NULL,NULL,NULL,NULL,NULL,NULL,NULL,NULL,_binary '\0',_binary '\0',_binary '\0',_binary '\0','2024-02-19',NULL,NULL,NULL,NULL,NULL,NULL),(59,'20544405536','COMERCIAL FERRETERA ORION S.A.C','COMERCIAL FERRETERA ORION S.A.C','JR. ORTIGAS MZA. B LOTE 3 A.V. MONTERREY ',NULL,NULL,NULL,NULL,NULL,NULL,NULL,'comercialorionsac@hotmail.com',NULL,NULL,'0104',NULL,NULL,NULL,NULL,NULL,NULL,NULL,NULL,NULL,NULL,NULL,NULL,_binary '\0',_binary '\0',_binary '\0',_binary '\0','2024-02-19',NULL,NULL,NULL,NULL,NULL,NULL),(60,'20557675991','SERVICONJH E.I.R.L.','SERVICONJH E.I.R.L.','MZA. . LOTE 52 A.H. HUAYCAN ZONA A UCV 15 ',NULL,NULL,NULL,NULL,NULL,NULL,NULL,'juliohuaquisaca@gmail.com',NULL,NULL,'0104',NULL,NULL,NULL,NULL,NULL,NULL,NULL,NULL,NULL,NULL,NULL,NULL,_binary '\0',_binary '\0',_binary '\0',_binary '\0','2024-02-19',NULL,NULL,NULL,NULL,NULL,NULL),(61,'20546173136','MONTACARGAS Y TRANSPORTES ESPECIALES S.A.C','MONTACARGAS Y TRANSPORTES ESPECIALES S.A.C','AV. JOSE CARLOS MARIATEGUI LOTE 37 ZONA O HUAYCAN ',NULL,NULL,NULL,NULL,NULL,NULL,NULL,'administracion@montres.com.pe',NULL,NULL,'0104',NULL,NULL,NULL,NULL,NULL,NULL,NULL,NULL,NULL,NULL,NULL,NULL,_binary '\0',_binary '\0',_binary '\0',_binary '\0','2024-02-19',NULL,NULL,NULL,NULL,NULL,NULL),(62,'20566588821','RVM CORPORACION S.A.C.','RVM CORPORACION S.A.C.','JR. LOS PETIROJOS NRO 376 DEP. 101 ',NULL,NULL,NULL,NULL,NULL,NULL,NULL,'ventas@rvmcorporacion.com.pe',NULL,NULL,'0104',NULL,NULL,NULL,NULL,NULL,NULL,NULL,NULL,NULL,NULL,NULL,NULL,_binary '\0',_binary '\0',_binary '\0',_binary '\0','2024-02-19',NULL,NULL,NULL,NULL,NULL,NULL),(63,'20604667250','INFASER MJ S.A.C.','INFASER MJ S.A.C.','MZA. B3 LOTE 10 C.P. VIRGEN DEL CARMEN LA ERA ',NULL,NULL,NULL,NULL,NULL,NULL,NULL,'infaser10mj@gmail.com',NULL,NULL,'0104',NULL,NULL,NULL,NULL,NULL,NULL,NULL,NULL,NULL,NULL,NULL,NULL,_binary '\0',_binary '\0',_binary '\0',_binary '\0','2024-02-19',NULL,NULL,NULL,NULL,NULL,NULL),(64,'20604350329','NAZCA INNOVATION S.A.C.','NAZCA INNOVATION S.A.C.','AV. SEPARADORA INDUSTRIAL NRO 3036 URB. MAYORAZGO CHICO ',NULL,NULL,NULL,NULL,NULL,NULL,NULL,'nazcainnovation@gmail.com',NULL,NULL,'0104',NULL,NULL,NULL,NULL,NULL,NULL,NULL,NULL,NULL,NULL,NULL,NULL,_binary '\0',_binary '\0',_binary '\0',_binary '\0','2024-02-19',NULL,NULL,NULL,NULL,NULL,NULL),(65,'20555113731','MEDICINA EMPRESARIAL DE PREVENCION EN SALUD OCUPACIONAL S.A.C.','MEDICINA EMPRESARIAL DE PREVENCION EN SALUD OCUPACIONAL S.A.C.','AV. JOSE FAUSTINO SANCHEZ CAR NRO 154 URB. PERSHING ',NULL,NULL,NULL,NULL,NULL,NULL,NULL,'hlanda@mepso.com.pe',NULL,NULL,'0104',NULL,NULL,NULL,NULL,NULL,NULL,NULL,NULL,NULL,NULL,NULL,NULL,_binary '\0',_binary '\0',_binary '\0',_binary '\0','2024-02-19',NULL,NULL,NULL,NULL,NULL,NULL),(66,'20566588821','RVM CORPORACION S.A.C.','RVM CORPORACION S.A.C.','JR. LOS PETIROJOS NRO 376 DEP. 101 ',NULL,NULL,NULL,NULL,NULL,NULL,NULL,'ventas@rvmcorporacion.com.pe',NULL,NULL,'0104',NULL,NULL,NULL,NULL,NULL,NULL,NULL,NULL,NULL,NULL,NULL,NULL,_binary '\0',_binary '\0',_binary '\0',_binary '\0','2024-02-19',NULL,NULL,NULL,NULL,NULL,NULL),(67,'20544405536','COMERCIAL FERRETERA ORION S.A.C','COMERCIAL FERRETERA ORION S.A.C','JR. ORTIGAS MZA. B LOTE 3 A.V. MONTERREY ',NULL,NULL,NULL,NULL,NULL,NULL,NULL,'comercialorionsac@hotmail.com',NULL,NULL,'0104',NULL,NULL,NULL,NULL,NULL,NULL,NULL,NULL,NULL,NULL,NULL,NULL,_binary '\0',_binary '\0',_binary '\0',_binary '\0','2024-02-19',NULL,NULL,NULL,NULL,NULL,NULL),(68,'20566588821','RVM CORPORACION S.A.C.','RVM CORPORACION S.A.C.','JR. LOS PETIROJOS NRO 376 DEP. 101 ',NULL,NULL,NULL,NULL,NULL,NULL,NULL,'ventas@rvmcorporacion.com.pe',NULL,NULL,'0104',NULL,NULL,NULL,NULL,NULL,NULL,NULL,NULL,NULL,NULL,NULL,NULL,_binary '\0',_binary '\0',_binary '\0',_binary '\0','2024-02-21',NULL,NULL,NULL,NULL,NULL,NULL),(69,'20386659959','DUCASSE COMERCIAL S.A.','DUCASSE COMERCIAL S.A.','AV. ROOSEVELT - ANTES REPUBLI NRO 6426 URB. SAN ANTONIO ',NULL,NULL,NULL,NULL,NULL,NULL,NULL,'carlos.sanchez@ducasse.com.pe',NULL,NULL,'0104',NULL,NULL,NULL,NULL,NULL,NULL,NULL,NULL,NULL,NULL,NULL,NULL,_binary '\0',_binary '\0',_binary '\0',_binary '\0','2024-02-23',NULL,NULL,NULL,NULL,NULL,NULL),(70,'20100064490','DISPERCOL S A','DISPERCOL S A','AV. SEPARADORA INDUSTRIAL NRO 2295 URB. VULCANO ','PE','9589','15','LIMA','ATE',NULL,'150103','luzibanezreyes@gmail.com','','ES','0101',NULL,NULL,NULL,NULL,NULL,NULL,NULL,NULL,'##',NULL,'15','104',_binary '\0',_binary '',_binary '\0',_binary '\0','2024-02-29','R','','','','',_binary '\0'),(71,'20100950180','AEROADUANA S.A.C. AGENTES AFIANZADOS DE ADUANA','AEROADUANA S.A.C. AGENTES AFIANZADOS DE ADUANA','AV. ABEL B DU PETIT THOUARS NRO 4655 INT. 503 URB. BARBONCITO ','PE','9589','15','LIMA','MIRAFLORES',NULL,'150122','nardiles@aeroaduana.com','','ES','0101',NULL,NULL,NULL,NULL,NULL,NULL,NULL,NULL,'##',NULL,'12','104',_binary '\0',_binary '\0',_binary '\0',_binary '','2024-03-05','B','','','','',_binary '\0'),(72,'20100950180','AEROADUANA S.A.C. AGENTES AFIANZADOS DE ADUANA','AEROADUANA S.A.C. AGENTES AFIANZADOS DE ADUANA','AV. ABEL B DU PETIT THOUARS NRO 4655 INT. 503 URB. BARBONCITO ','PE','9589','15','LIMA','MIRAFLORES',NULL,'150122','nardiles@aeroaduana.com','','ES','0101',NULL,NULL,NULL,NULL,NULL,NULL,NULL,NULL,'##',NULL,'114','104',_binary '\0',_binary '\0',_binary '\0',_binary '','2024-03-05','B','','','','',_binary '\0'),(73,'20100950180','AEROADUANA S.A.C. AGENTES AFIANZADOS DE ADUANA','AEROADUANA S.A.C. AGENTES AFIANZADOS DE ADUANA','AV. ABEL B DU PETIT THOUARS NRO 4655 INT. 503 URB. BARBONCITO ','PE','9589','15','LIMA','MIRAFLORES',NULL,'150122','nardiles@aeroaduana.com','','ES','0101',NULL,NULL,NULL,NULL,NULL,NULL,NULL,NULL,'##',NULL,'114','104',_binary '\0',_binary '\0',_binary '\0',_binary '','2024-03-05','B','','','','',_binary '\0'),(77,'20602740537','OVERLAND LOGISTIC SOCIEDAD COMERCIAL DE RESPONSABILIDAD LIMITADA','OVERLAND LOGISTIC SOCIEDAD COMERCIAL DE RESPONSABILIDAD LIMITADA','CAL. LOS ALGARROBOS NRO 264 URB. LOS RECAUDADORES ','PE','9589','15','LIMA','ATE',NULL,'150103','admin.bolivia@flexwaysrl.com','','ES','0101',NULL,NULL,NULL,NULL,NULL,NULL,NULL,NULL,'##',NULL,'6','104',_binary '\0',_binary '\0',_binary '\0',_binary '','2024-03-06','C','','','','',_binary '\0'),(78,'20602740537','OVERLAND LOGISTIC SOCIEDAD COMERCIAL DE RESPONSABILIDAD LIMITADA','OVERLAND LOGISTIC SOCIEDAD COMERCIAL DE RESPONSABILIDAD LIMITADA','CAL. LOS ALGARROBOS NRO 264 URB. LOS RECAUDADORES ','PE','9589','15','LIMA','ATE',NULL,'150103','admin.bolivia@flexwaysrl.com','','ES','0101',NULL,NULL,NULL,NULL,NULL,NULL,NULL,NULL,'##',NULL,'115','104',_binary '\0',_binary '\0',_binary '\0',_binary '','2024-03-06','C','','','','',_binary '\0'),(79,'20602740537','OVERLAND LOGISTIC SOCIEDAD COMERCIAL DE RESPONSABILIDAD LIMITADA','OVERLAND LOGISTIC SOCIEDAD COMERCIAL DE RESPONSABILIDAD LIMITADA','CAL. LOS ALGARROBOS NRO 264 URB. LOS RECAUDADORES ','PE','9589','15','LIMA','ATE',NULL,'150103','admin.bolivia@flexwaysrl.com','','ES','0101',NULL,NULL,NULL,NULL,NULL,NULL,NULL,NULL,'##',NULL,'14','104',_binary '\0',_binary '\0',_binary '\0',_binary '','2024-03-06','C','','','','',_binary '\0'),(81,'20506007268','JAS FORWARDING PERU S.A.C.','JAS FORWARDING PERU S.A.C.','AV. ARMENDARIZ NRO 480 INT. 401 ','PE','9589','15','LIMA','MIRAFLORES',NULL,'150122','pilar.tejeda@jas.com','','ES','0101',NULL,NULL,NULL,NULL,NULL,NULL,NULL,NULL,'##',NULL,'115','104',_binary '\0',_binary '\0',_binary '\0',_binary '','2024-03-07','B','','','','',_binary '\0'),(82,'20506007268','JAS FORWARDING PERU S.A.C.','JAS FORWARDING PERU S.A.C.','AV. ARMENDARIZ NRO 480 INT. 401 ','PE','9589','15','LIMA','MIRAFLORES',NULL,'150122','pilar.tejeda@jas.com','','ES','0101',NULL,NULL,NULL,NULL,NULL,NULL,NULL,NULL,'##',NULL,'14','104',_binary '\0',_binary '\0',_binary '\0',_binary '','2024-03-07','C','','','','',_binary '\0'),(83,'20506007268','JAS FORWARDING PERU S.A.C.','JAS FORWARDING PERU S.A.C.','AV. ARMENDARIZ NRO 480 INT. 401 ','PE','9589','15','LIMA','MIRAFLORES',NULL,'150122','pilar.tejeda@jas.com','','ES','0101',NULL,NULL,NULL,NULL,NULL,NULL,NULL,NULL,'##',NULL,'6','104',_binary '\0',_binary '\0',_binary '\0',_binary '','2024-03-07','C','','','','',_binary '\0'),(85,'20509149179','NOATUM LOGISTICS PERU INC. S.R.L.','NOATUM LOGISTICS PERU INC. S.R.L.','AV. 28 DE JULIO NRO 150 DEP. 05 ','PE','9589','15','LIMA','MIRAFLORES',NULL,'150122','Carolina.Velarde@noatumlogistics.com','','ES','0101',NULL,NULL,NULL,NULL,NULL,NULL,NULL,NULL,'##',NULL,'6','104',_binary '\0',_binary '\0',_binary '\0',_binary '','2024-03-07','B','','','','',_binary '\0'),(86,'20509149179','NOATUM LOGISTICS PERU INC. S.R.L.','NOATUM LOGISTICS PERU INC. S.R.L.','AV. 28 DE JULIO NRO 150 DEP. 05 ','PE','9589','15','LIMA','MIRAFLORES',NULL,'150122','Carolina.Velarde@noatumlogistics.com','','ES','0101',NULL,NULL,NULL,NULL,NULL,NULL,NULL,NULL,'##',NULL,'115','104',_binary '\0',_binary '\0',_binary '\0',_binary '','2024-03-07','B','','','','',_binary '\0'),(87,'20509149179','NOATUM LOGISTICS PERU INC. S.R.L.','NOATUM LOGISTICS PERU INC. S.R.L.','AV. 28 DE JULIO NRO 150 DEP. 05 ','PE','9589','15','LIMA','MIRAFLORES',NULL,'150122','Carolina.Velarde@noatumlogistics.com','','ES','0101',NULL,NULL,NULL,NULL,NULL,NULL,NULL,NULL,'##',NULL,'15','104',_binary '\0',_binary '\0',_binary '\0',_binary '','2024-03-07','B','','','','',_binary '\0'),(88,'20100380065','CHOICE CARGO S.A.C.','CHOICE CARGO S.A.C.','CAL. CORPAC NRO -311 Z.I. FUNDO BOCANEGRA ','PE','9589','07','PROV. CONST. DEL CALLAO','CALLAO',NULL,'070101','factchoice@choice-cargo.com.pe','','ES','0101',NULL,NULL,NULL,NULL,NULL,NULL,NULL,NULL,'##',NULL,'6','104',_binary '\0',_binary '\0',_binary '\0',_binary '','2024-03-07','C','','','','',_binary '\0'),(89,'20100380065','CHOICE CARGO S.A.C.','CHOICE CARGO S.A.C.','CAL. CORPAC NRO -311 Z.I. FUNDO BOCANEGRA ','PE','9589','07','PROV. CONST. DEL CALLAO','CALLAO',NULL,'070101','factchoice@choice-cargo.com.pe','','ES','0101',NULL,NULL,NULL,NULL,NULL,NULL,NULL,NULL,'##',NULL,'115','104',_binary '\0',_binary '\0',_binary '\0',_binary '\0','2024-03-07','C','','','','',_binary '\0'),(90,'20100380065','CHOICE CARGO S.A.C.','CHOICE CARGO S.A.C.','CAL. CORPAC NRO -311 Z.I. FUNDO BOCANEGRA ','PE','9589','07','PROV. CONST. DEL CALLAO','CALLAO',NULL,'070101','factchoice@choice-cargo.com.pe','','ES','0101',NULL,NULL,NULL,NULL,NULL,NULL,NULL,NULL,'##',NULL,'14','104',_binary '\0',_binary '\0',_binary '\0',_binary '\0','2024-03-07','C','','','','',_binary '\0'),(91,'20553790175','MANDO LOGISTICS S.A.C.','MANDO LOGISTICS S.A.C.','CAL. LOS ROSALES NRO 106 INT. 702 URB. JARDINES VIRU ','PE','9589','07','PROV. CONST. DEL CALLAO','BELLAVISTA',NULL,'070102','administracion@mandolog.com','','ES','0101',NULL,NULL,NULL,NULL,NULL,NULL,NULL,NULL,'##',NULL,'6','104',_binary '\0',_binary '\0',_binary '\0',_binary '\0','2024-03-07','C','','','','',_binary '\0'),(92,'20553790175','MANDO LOGISTICS S.A.C.','MANDO LOGISTICS S.A.C.','CAL. LOS ROSALES NRO 106 INT. 702 URB. JARDINES VIRU ','PE','9589','07','PROV. CONST. DEL CALLAO','BELLAVISTA',NULL,'070102','administracion@mandolog.com','','ES','0101',NULL,NULL,NULL,NULL,NULL,NULL,NULL,NULL,'##',NULL,'115','104',_binary '\0',_binary '\0',_binary '\0',_binary '\0','2024-03-07','C','','','','',_binary '\0'),(93,'20553790175','MANDO LOGISTICS S.A.C.','MANDO LOGISTICS S.A.C.','CAL. LOS ROSALES NRO 106 INT. 702 URB. JARDINES VIRU ','PE','9589','07','PROV. CONST. DEL CALLAO','BELLAVISTA',NULL,'070102','administracion@mandolog.com','','ES','0101',NULL,NULL,NULL,NULL,NULL,NULL,NULL,NULL,'##',NULL,'14','104',_binary '\0',_binary '\0',_binary '\0',_binary '\0','2024-03-07','C','','','','',_binary '\0'),(94,'20100408687','RAMSEY S.A. AGENTES DE ADUANA','RAMSEY S.A. AGENTES DE ADUANA','CAL. MARTIN DE MURUA NRO 109 INT. 16 URB. MARANGA 7MA ET. ','PE','9589','15','LIMA','SAN MIGUEL',NULL,'150136','administracion@placargo21.com','','ES','0101',NULL,NULL,NULL,NULL,NULL,NULL,NULL,NULL,'##',NULL,'14','104',_binary '\0',_binary '\0',_binary '\0',_binary '\0','2024-03-07','C','','','','',_binary '\0'),(96,'20100408687','RAMSEY S.A. AGENTES DE ADUANA','RAMSEY S.A. AGENTES DE ADUANA','CAL. MARTIN DE MURUA NRO 109 INT. 16 URB. MARANGA 7MA ET. ','PE','9589','15','LIMA','SAN MIGUEL',NULL,'150136','administracion@placargo21.com','','ES','0101',NULL,NULL,NULL,NULL,NULL,NULL,NULL,NULL,'##',NULL,'115','104',_binary '\0',_binary '\0',_binary '\0',_binary '\0','2024-03-07','C','','','','',_binary '\0'),(97,'20611265329','EXPORT PLACARGO 21 S.A.C.','EXPORT PLACARGO 21 S.A.C.','CAL. DUILIO POGGI MZA. G LOTE 4 URB. ALTA MAR ','PE','9589','07','PROV. CONST. DEL CALLAO','LA PERLA',NULL,'070104','Aldo.Valladares@Placargo21.com','','ES','0101',NULL,NULL,NULL,NULL,NULL,NULL,NULL,NULL,'##',NULL,'6','104',_binary '\0',_binary '\0',_binary '\0',_binary '\0','2024-03-07','C','','','','',_binary '\0'),(98,'20611265329','EXPORT PLACARGO 21 S.A.C.','EXPORT PLACARGO 21 S.A.C.','CAL. DUILIO POGGI MZA. G LOTE 4 URB. ALTA MAR ','PE','9589','07','PROV. CONST. DEL CALLAO','LA PERLA',NULL,'070104','Aldo.Valladares@Placargo21.com','','ES','0101',NULL,NULL,NULL,NULL,NULL,NULL,NULL,NULL,'##',NULL,'115','104',_binary '\0',_binary '\0',_binary '\0',_binary '\0','2024-03-07','C','','','','',_binary '\0'),(99,'20611265329','EXPORT PLACARGO 21 S.A.C.','EXPORT PLACARGO 21 S.A.C.','CAL. DUILIO POGGI MZA. G LOTE 4 URB. ALTA MAR ','PE','9589','07','PROV. CONST. DEL CALLAO','LA PERLA',NULL,'070104','Aldo.Valladares@Placargo21.com','','ES','0101',NULL,NULL,NULL,NULL,NULL,NULL,NULL,NULL,'##',NULL,'14','104',_binary '\0',_binary '\0',_binary '\0',_binary '\0','2024-03-07','C','','','','',_binary '\0');

--
-- Table structure for table `provincia`
--

CREATE TABLE `provincia` (
  `codigodepartamento` char(4) NOT NULL,
  `codigoprovincia` char(4) NOT NULL,
  `codigopais` char(2) NOT NULL,
  `descripcionprovincia` varchar(50) DEFAULT NULL,
  `estadoprovincia` bit(1) NOT NULL
) ENGINE=InnoDB DEFAULT CHARSET=utf8mb4 COLLATE=utf8mb4_0900_ai_ci;

--
-- Dumping data for table `provincia`
--

INSERT INTO `provincia` VALUES ('01','0101','PE','Chachapoyas',_binary ''),('01','0101','PP','PROVINCIA NUEVO',_binary ''),('01','0102','PE','Bagua',_binary ''),('01','0103','PE','Bongara',_binary ''),('01','0104','PE','Condorcanqui',_binary ''),('01','0105','PE','Luya',_binary ''),('01','0106','PE','Rodríguez de Mendoza',_binary ''),('01','0107','PE','Utcubamba',_binary ''),('02','0201','PE','Huaraz',_binary ''),('02','0202','PE','Aija',_binary ''),('02','0203','PE','Antonio Raimondi',_binary ''),('02','0204','PE','Asunción',_binary ''),('02','0205','PE','Bolognesi',_binary ''),('02','0206','PE','Carhuaz',_binary ''),('02','0207','PE','Carlos Fermín Fitzcarrald',_binary ''),('02','0208','PE','Casma',_binary ''),('02','0209','PE','Corongo',_binary ''),('02','0210','PE','Huari',_binary ''),('02','0211','PE','Huarmey',_binary ''),('02','0212','PE','Huaylas',_binary ''),('02','0213','PE','Mariscal Luzuriaga',_binary ''),('02','0214','PE','Ocros',_binary ''),('02','0215','PE','Pallasca',_binary ''),('02','0216','PE','Pomabamba',_binary ''),('02','0217','PE','Recuay',_binary ''),('02','0218','PE','Santa',_binary ''),('02','0219','PE','Sihuas',_binary ''),('02','0220','PE','Yungay',_binary ''),('03','0301','PE','Abancay',_binary ''),('03','0302','PE','Andahuaylas',_binary ''),('03','0303','PE','Antabamba',_binary ''),('03','0304','PE','Aymaraes',_binary ''),('03','0305','PE','Cotabambas',_binary ''),('03','0306','PE','Chincheros',_binary ''),('03','0307','PE','Grau',_binary ''),('04','0401','PE','Arequipa',_binary ''),('04','0402','PE','Camaná',_binary ''),('04','0403','PE','Caravelí',_binary ''),('04','0404','PE','Castilla',_binary ''),('04','0405','PE','Caylloma',_binary ''),('04','0406','PE','Condesuyos',_binary ''),('04','0407','PE','Islay',_binary ''),('04','0408','PE','La Unión',_binary ''),('05','0501','PE','Huamanga',_binary ''),('05','0502','PE','Cangallo',_binary ''),('05','0503','PE','Huanca Sancos',_binary ''),('05','0504','PE','Huanta',_binary ''),('05','0505','PE','La Mar',_binary ''),('05','0506','PE','Lucanas',_binary ''),('05','0507','PE','Parinacochas',_binary ''),('05','0508','PE','Páucar del Sara Sara',_binary ''),('05','0509','PE','Sucre',_binary ''),('05','0510','PE','Víctor Fajardo',_binary ''),('05','0511','PE','Vilcashuamán',_binary ''),('06','0601','PE','Cajamarca',_binary ''),('06','0602','PE','Cajabamba',_binary ''),('06','0603','PE','Celendín',_binary ''),('06','0604','PE','Chota',_binary ''),('06','0605','PE','Contumazá',_binary ''),('06','0606','PE','Cutervo',_binary ''),('06','0607','PE','Hualgayoc',_binary ''),('06','0608','PE','Jaén',_binary ''),('06','0609','PE','San Ignacio',_binary ''),('06','0610','PE','San Marcos',_binary ''),('06','0611','PE','San Miguel',_binary ''),('06','0612','PE','San Pablo',_binary ''),('06','0613','PE','Santa Cruz',_binary ''),('07','0701','PE','Prov. Const. del Callao',_binary ''),('08','0801','PE','Cuzco',_binary ''),('08','0802','PE','Acomayo',_binary ''),('08','0803','PE','Anta',_binary ''),('08','0804','PE','Calca',_binary ''),('08','0805','PE','Canas',_binary ''),('08','0806','PE','Canchis',_binary ''),('08','0807','PE','Chumbivilcas',_binary ''),('08','0808','PE','Espinar',_binary ''),('08','0809','PE','La Convención',_binary ''),('08','0810','PE','Paruro',_binary ''),('08','0811','PE','Paucartambo',_binary ''),('08','0812','PE','Quispicanchi',_binary ''),('08','0813','PE','Urubamba',_binary ''),('09','0901','PE','Huancavelica',_binary ''),('09','0902','PE','Acobamba',_binary ''),('09','0903','PE','Angaraes',_binary ''),('09','0904','PE','Castrovirreyna',_binary ''),('09','0905','PE','Churcampa',_binary ''),('09','0906','PE','Huaytará',_binary ''),('09','0907','PE','Tayacaja',_binary ''),('10','1001','PE','Huánuco',_binary ''),('10','1002','PE','Ambo',_binary ''),('10','1003','PE','Dos de Mayo',_binary ''),('10','1004','PE','Huacaybamba',_binary ''),('10','1005','PE','Huamalíes',_binary ''),('10','1006','PE','Leoncio Prado',_binary ''),('10','1007','PE','Marañón',_binary ''),('10','1008','PE','Pachitea',_binary ''),('10','1009','PE','Puerto Inca',_binary ''),('10','1010','PE','Lauricocha',_binary ''),('10','1011','PE','Yarowilca',_binary ''),('11','1101','PE','Ica',_binary ''),('11','1102','PE','Chincha',_binary ''),('11','1103','PE','Nazca',_binary ''),('11','1104','PE','Palpa',_binary ''),('11','1105','PE','Pisco',_binary ''),('12','1201','PE','Huancayo',_binary ''),('12','1202','PE','Concepción',_binary ''),('12','1203','PE','Chanchamayo',_binary ''),('12','1204','PE','Jauja',_binary ''),('12','1205','PE','Junín',_binary ''),('12','1206','PE','Satipo',_binary ''),('12','1207','PE','Tarma',_binary ''),('12','1208','PE','Yauli',_binary ''),('12','1209','PE','Chupaca',_binary ''),('13','1301','PE','Trujillo',_binary ''),('13','1302','PE','Ascope',_binary ''),('13','1303','PE','Bolívar',_binary ''),('13','1304','PE','Chepén',_binary ''),('13','1305','PE','Julcán',_binary ''),('13','1306','PE','Otuzco',_binary ''),('13','1307','PE','Pacasmayo',_binary ''),('13','1308','PE','Pataz',_binary ''),('13','1309','PE','Sánchez Carrión',_binary ''),('13','1310','PE','Santiago de Chuco',_binary ''),('13','1311','PE','Gran Chimú',_binary ''),('13','1312','PE','Virú',_binary ''),('14','1401','PE','Chiclayo',_binary ''),('14','1402','PE','Ferreñafe',_binary ''),('14','1403','PE','Lambayeque',_binary ''),('15','1501','PE','Lima',_binary ''),('15','1502','PE','Barranca',_binary ''),('15','1503','PE','Cajatambo',_binary ''),('15','1504','PE','Canta',_binary ''),('15','1505','PE','Cañete',_binary ''),('15','1506','PE','Huaral',_binary ''),('15','1507','PE','Huarochirí',_binary ''),('15','1508','PE','Huaura',_binary ''),('15','1509','PE','Oyón',_binary ''),('15','1510','PE','Yauyos',_binary ''),('16','1601','PE','Maynas',_binary ''),('16','1602','PE','Alto Amazonas',_binary ''),('16','1603','PE','Loreto',_binary ''),('16','1604','PE','Mariscal Ramón Castilla',_binary ''),('16','1605','PE','Requena',_binary ''),('16','1606','PE','Ucayali',_binary ''),('16','1607','PE','Datem del Marañón',_binary ''),('16','1608','PE','Putumayo',_binary ''),('17','1701','PE','Tambopata',_binary ''),('17','1702','PE','Manu',_binary ''),('17','1703','PE','Tahuamanu',_binary ''),('18','1801','PE','Mariscal Nieto',_binary ''),('18','1802','PE','General Sánchez Cerro',_binary ''),('18','1803','PE','Ilo',_binary ''),('19','1901','PE','Pasco',_binary ''),('19','1902','PE','Daniel Alcides Carrión',_binary ''),('19','1903','PE','Oxapampa',_binary ''),('20','2001','PE','Piura',_binary ''),('20','2002','PE','Ayabaca',_binary ''),('20','2003','PE','Huancabamba',_binary ''),('20','2004','PE','Morropón',_binary ''),('20','2005','PE','Paita',_binary ''),('20','2006','PE','Sullana',_binary ''),('20','2007','PE','Talara',_binary ''),('20','2008','PE','Sechura',_binary ''),('21','2101','PE','Puno',_binary ''),('21','2102','PE','Azángaro',_binary ''),('21','2103','PE','Carabaya',_binary ''),('21','2104','PE','Chucuito',_binary ''),('21','2105','PE','El Collao',_binary ''),('21','2106','PE','Huancané',_binary ''),('21','2107','PE','Lampa',_binary ''),('21','2108','PE','Melgar',_binary ''),('21','2109','PE','Moho',_binary ''),('21','2110','PE','San Antonio de Putina',_binary ''),('21','2111','PE','San Román',_binary ''),('21','2112','PE','Sandia',_binary ''),('21','2113','PE','Yunguyo',_binary ''),('22','2201','PE','Moyobamba',_binary ''),('22','2202','PE','Bellavista',_binary ''),('22','2203','PE','El Dorado',_binary ''),('22','2204','PE','Huallaga',_binary ''),('22','2205','PE','Lamas',_binary ''),('22','2206','PE','Mariscal Cáceres',_binary ''),('22','2207','PE','Picota',_binary ''),('22','2208','PE','Rioja',_binary ''),('22','2209','PE','San Martín',_binary ''),('22','2210','PE','Tocache',_binary ''),('23','2301','PE','Tacna',_binary ''),('23','2302','PE','Candarave',_binary ''),('23','2303','PE','Jorge Basadre',_binary ''),('23','2304','PE','Tarata',_binary ''),('24','2401','PE','Tumbes',_binary ''),('24','2402','PE','Contralmirante Villar',_binary ''),('24','2403','PE','Zarumilla',_binary ''),('25','2501','PE','Coronel Portillo',_binary ''),('25','2502','PE','Atalaya',_binary ''),('25','2503','PE','Padre Abad',_binary ''),('25','2504','PE','Purús',_binary '');

--
-- Table structure for table `rolusuario`
--

CREATE TABLE `rolusuario` (
  `codigorolusuario` int NOT NULL AUTO_INCREMENT,
  `descripcionrolusuario` varchar(50) DEFAULT NULL,
  `codigoperfilusuario` int DEFAULT NULL,
  PRIMARY KEY (`codigorolusuario`)
) ENGINE=InnoDB AUTO_INCREMENT=9 DEFAULT CHARSET=utf8mb4 COLLATE=utf8mb4_0900_ai_ci;

--
-- Dumping data for table `rolusuario`
--

INSERT INTO `rolusuario` VALUES (1,'Administrador',1),(2,'Proveedor no aprobado',2),(3,'Comprador',3),(4,'Contador',3),(5,'Aprobador de proveedor',3),(6,'Proveedor',2),(7,'Comprador Aprobador',3),(8,'Administrador Contador',3);

--
-- Table structure for table `sociedadproveedor`
--

CREATE TABLE `sociedadproveedor` (
  `codigosociedad` varchar(4) DEFAULT NULL,
  `codigoproveedor` int DEFAULT NULL
) ENGINE=InnoDB DEFAULT CHARSET=utf8mb4 COLLATE=utf8mb4_0900_ai_ci;

--
-- Dumping data for table `sociedadproveedor`
--

INSERT INTO `sociedadproveedor` VALUES ('4',43),('4',44),('4',45),('4',46),('4',47),('0',48),('4',49),('3',50),('2',51),('1',52),('2',53),('2',54),('2',55),('2',56),('2',57),('1',58),('1',59),('1',60),('1',61),('1',62),('1',63),('1',64),('3',65),('3',66),('3',67),('4',68),('0',69),('0',70),('1',71),('4',72),('2',73),('1',77),('2',78),('4',79),('2',81),('4',82),('1',83),('1',85),('2',86),('4',87),('1',88),('2',89),('4',90),('1',91),('2',92),('4',93),('4',94),('2',96),('1',97),('2',98),('4',99);

--
-- Table structure for table `sociedadusuario`
--

CREATE TABLE `sociedadusuario` (
  `codigosociedad` varchar(4) DEFAULT NULL,
  `codigousuario` int DEFAULT NULL
) ENGINE=InnoDB DEFAULT CHARSET=utf8mb4 COLLATE=utf8mb4_0900_ai_ci;

--
-- Dumping data for table `sociedadusuario`
--

INSERT INTO `sociedadusuario` VALUES ('0',7),('1',7),('2',7),('0',8),('1',8),('2',8),('0',9),('1',9),('2',9),('0',10),('1',10),('2',10),('3',10),('4',10),('0',11),('1',11),('2',11),('3',11),('4',11),('0',12),('1',12),('2',12),('3',12),('4',12),('0',13),('0',15),('1',15),('2',15),('0',20),('1',20),('2',20),('3',20),('4',20),('0',21),('1',21),('2',21),('3',21),('4',21),('0',22),('1',22),('2',22),('3',22),('4',22),('0',23),('1',23),('2',23),('3',23),('4',23),('0',37),('1',37),('2',37),('3',37),('4',37),('0',38),('1',38),('2',38),('3',38),('4',38),('0',3),('1',3),('2',3),('3',3),('4',3),('0',4),('1',4),('2',4),('3',4),('4',4),('0',17),('1',17),('2',17),('3',17),('4',17),('0',51),('1',51),('2',51),('0',16),('1',16),('2',16),('3',16),('4',16),('0',5),('1',5),('0',65),('1',65),('2',65),('3',65),('4',65),('0',71),('0',67),('4',69),('4',66),('0',1),('0',82),('1',82),('2',82),('3',82),('4',82),('1',14),('2',14),('4',14),('2',72),('3',72),('1',83),('2',83),('3',83),('4',83);

--
-- Table structure for table `tipoagente`
--

CREATE TABLE `tipoagente` (
  `codigotipoagente` char(1) NOT NULL,
  `descripciontipoagente` varchar(25) DEFAULT NULL,
  `estadotipoagente` bit(1) DEFAULT NULL,
  PRIMARY KEY (`codigotipoagente`)
) ENGINE=InnoDB DEFAULT CHARSET=utf8mb4 COLLATE=utf8mb4_0900_ai_ci;

--
-- Dumping data for table `tipoagente`
--

INSERT INTO `tipoagente` VALUES ('B','Buen Contribuyente',_binary ''),('C','Ninguno',_binary ''),('P','Perceptor',_binary ''),('R','Retenedor',_binary '');

--
-- Table structure for table `tipocuenta`
--

CREATE TABLE `tipocuenta` (
  `codigotipocuenta` int NOT NULL AUTO_INCREMENT,
  `descripciontipocuenta` varchar(50) DEFAULT NULL,
  `estadotipocuenta` bit(1) NOT NULL,
  PRIMARY KEY (`codigotipocuenta`)
) ENGINE=InnoDB AUTO_INCREMENT=3 DEFAULT CHARSET=utf8mb4 COLLATE=utf8mb4_0900_ai_ci;

--
-- Dumping data for table `tipocuenta`
--

INSERT INTO `tipocuenta` VALUES (1,'Ahorros',_binary ''),(2,'Corriente',_binary '');

--
-- Table structure for table `tipodetraccion`
--

CREATE TABLE `tipodetraccion` (
  `codigotipodetraccion` char(2) NOT NULL,
  `descripciontipodetraccion` varchar(100) DEFAULT NULL,
  `estadotipodetraccion` bit(1) NOT NULL,
  PRIMARY KEY (`codigotipodetraccion`)
) ENGINE=InnoDB DEFAULT CHARSET=utf8mb4 COLLATE=utf8mb4_0900_ai_ci;

--
-- Dumping data for table `tipodetraccion`
--

INSERT INTO `tipodetraccion` VALUES ('01','Tipo de detracción',_binary '');

--
-- Table structure for table `tiporetencion`
--

CREATE TABLE `tiporetencion` (
  `codigotiporetencion` char(2) NOT NULL,
  `descripciontiporetencion` varchar(100) DEFAULT NULL,
  `estadotiporetencion` bit(1) NOT NULL,
  PRIMARY KEY (`codigotiporetencion`)
) ENGINE=InnoDB DEFAULT CHARSET=utf8mb4 COLLATE=utf8mb4_0900_ai_ci;

--
-- Dumping data for table `tiporetencion`
--

INSERT INTO `tiporetencion` VALUES ('01','Tipo de retención',_binary '');

--
-- Table structure for table `tratamiento`
--

CREATE TABLE `tratamiento` (
  `codigotratamiento` int NOT NULL AUTO_INCREMENT,
  `descripciontratamiento` varchar(100) DEFAULT NULL,
  `estadotratamiento` bit(1) NOT NULL,
  PRIMARY KEY (`codigotratamiento`)
) ENGINE=InnoDB AUTO_INCREMENT=3 DEFAULT CHARSET=utf8mb4 COLLATE=utf8mb4_0900_ai_ci;

--
-- Dumping data for table `tratamiento`
--

INSERT INTO `tratamiento` VALUES (1,'Señor',_binary ''),(2,'Señora',_binary '');

--
-- Table structure for table `usuarioproveedor`
--

CREATE TABLE `usuarioproveedor` (
  `codigousuario` int DEFAULT NULL,
  `codigoproveedor` int DEFAULT NULL
) ENGINE=InnoDB DEFAULT CHARSET=utf8mb4 COLLATE=utf8mb4_0900_ai_ci;

--
-- Dumping data for table `usuarioproveedor`
--

INSERT INTO `usuarioproveedor` VALUES (66,43),(67,44),(68,45),(69,46),(70,47),(71,48),(71,49),(71,50),(71,51),(71,52),(72,53),(73,54),(74,55),(75,56),(76,57),(77,58),(74,59),(78,60),(79,61),(73,62),(80,63),(81,64),(72,65),(73,66),(74,67),(73,68),(84,70),(85,71),(85,72),(85,73),(87,77),(87,78),(87,79),(89,81),(89,82),(89,83),(91,85),(91,86),(91,87),(92,88),(92,89),(92,90),(93,91),(93,92),(93,93),(95,97),(95,98),(95,99);

--
-- Table structure for table `usuariorol`
--

CREATE TABLE `usuariorol` (
  `codigousuario` int DEFAULT NULL,
  `codigorolusuario` int DEFAULT NULL
) ENGINE=InnoDB DEFAULT CHARSET=utf8mb4 COLLATE=utf8mb4_0900_ai_ci;

--
-- Dumping data for table `usuariorol`
--

INSERT INTO `usuariorol` VALUES (3,5),(4,5),(2,3),(6,4),(8,3),(9,3),(10,7),(11,3),(12,7),(13,3),(15,3),(7,7),(17,5),(19,2),(21,4),(22,4),(23,4),(24,6),(25,6),(18,6),(27,2),(28,2),(29,6),(30,6),(32,6),(33,6),(34,6),(31,6),(35,2),(37,4),(37,3),(38,3),(38,4),(39,2),(26,6),(40,6),(41,6),(42,6),(47,6),(46,6),(43,6),(45,6),(44,6),(48,3),(49,2),(36,6),(50,6),(20,4),(20,8),(51,7),(52,6),(53,6),(54,6),(55,6),(56,6),(57,6),(58,6),(59,6),(60,6),(61,6),(62,6),(63,6),(64,6),(16,7),(5,5),(65,5),(68,6),(70,6),(71,6),(67,6),(69,6),(66,6),(73,6),(74,6),(75,6),(76,6),(77,6),(78,6),(79,6),(80,6),(81,6),(1,1),(82,8),(82,7),(82,4),(14,7),(72,6),(83,3),(84,2),(85,2),(87,2),(89,2),(91,2),(92,2),(93,2),(95,2);

--
-- Table structure for table `viapago`
--

CREATE TABLE `viapago` (
  `codigoviapago` varchar(4) NOT NULL,
  `descripcionviapago` varchar(100) DEFAULT NULL,
  `estadoviapago` bit(1) NOT NULL,
  PRIMARY KEY (`codigoviapago`)
) ENGINE=InnoDB DEFAULT CHARSET=utf8mb4 COLLATE=utf8mb4_0900_ai_ci;

--
-- Dumping data for table `viapago`
--

INSERT INTO `viapago` VALUES ('01','Vía de pago',_binary '');


